000
CDUS41 KCLE 050529
CLITOL


CLIMATE REPORT
NATIONAL WEATHER SERVICE CLEVELAND OH
128 AM EDT SAT MAY 5 2018


...................................

...THE TOLEDO OH CLIMATE SUMMARY FOR MAY 4 2018...

CLIMATE NORMAL PERIOD 1981 TO 2010
CLIMATE RECORD PERIOD 1873 TO 2018


WEATHER ITEM   OBSERVED TIME   RECORD YEAR NORMAL DEPARTURE LAST
                VALUE   (LST)  VALUE       VALUE  FROM      YEAR
                                                  NORMAL
..................................................................
TEMPERATURE (F)
 YESTERDAY
  MAXIMUM         76   1116 AM  89    1895  67      9       50
  MINIMUM         54   1050 PM  25    2005  45      9       44
  AVERAGE         65                        56      9       47

PRECIPITATION (IN)
  YESTERDAY        0.09                      0.11  -0.02     1.74
  MONTH TO DATE    2.39                      0.44   1.95     1.95
  SINCE MAR 1      8.20                      6.11   2.09     9.06
  SINCE JAN 1     13.19                     10.23   2.96    14.83

SNOWFALL (IN)
  YESTERDAY        0.0                       0.0    0.0      0.0
  MONTH TO DATE    0.0                       0.0    0.0      0.0
  SINCE MAR 1      3.5                       7.0   -3.5      5.4
  SINCE JUL 1     34.3                      37.5   -3.2     22.4
  SNOW DEPTH       0

DEGREE DAYS
 HEATING
  YESTERDAY        0                        10    -10       18
  MONTH TO DATE    0                        40    -40       61
  SINCE MAR 1   1569                      1366    203     1271
  SINCE JUL 1   5973                      5942     31     5116

 COOLING
  YESTERDAY        0                         1     -1        0
  MONTH TO DATE   19                         1     18        0
  SINCE MAR 1     19                         9     10        8
  SINCE JAN 1     19                         9     10        8
..................................................................


WIND (MPH)
  HIGHEST WIND SPEED    37   HIGHEST WIND DIRECTION     W (250)
  HIGHEST GUST SPEED    52   HIGHEST GUST DIRECTION     W (270)
  AVERAGE WIND SPEED    14.3


SKY COVER
  POSSIBLE SUNSHINE  MM
  AVERAGE SKY COVER 0.5


WEATHER CONDITIONS
 THE FOLLOWING WEATHER WAS RECORDED YESTERDAY.
  THUNDERSTORM
  HEAVY RAIN
  RAIN
  LIGHT RAIN
  FOG


RELATIVE HUMIDITY (PERCENT)
 HIGHEST    87           200 AM
 LOWEST     53           300 PM
 AVERAGE    70

..........................................................


THE TOLEDO OH CLIMATE NORMALS FOR TODAY
                         NORMAL    RECORD    YEAR
 MAXIMUM TEMPERATURE (F)   68        92      1952
 MINIMUM TEMPERATURE (F)   45        29      1974


SUNRISE AND SUNSET
MAY  5 2018...........SUNRISE   627 AM EDT   SUNSET   837 PM EDT
MAY  6 2018...........SUNRISE   626 AM EDT   SUNSET   839 PM EDT


-  INDICATES NEGATIVE NUMBERS.
R  INDICATES RECORD WAS SET OR TIED.
MM INDICATES DATA IS MISSING.
T  INDICATES TRACE AMOUNT.




$$
