492
CDUS41 KCLE 182245
CLITOL


CLIMATE REPORT
NATIONAL WEATHER SERVICE CLEVELAND OH
645 PM EDT WED APR 18 2018


...................................

...THE TOLEDO OH CLIMATE SUMMARY FOR APRIL 18 2018...
VALID TODAY AS OF 0500 PM LOCAL TIME.

CLIMATE NORMAL PERIOD 1981 TO 2010
CLIMATE RECORD PERIOD 1873 TO 2018


WEATHER ITEM   OBSERVED TIME   RECORD YEAR NORMAL DEPARTURE LAST
                VALUE   (LST)  VALUE       VALUE  FROM      YEAR
                                                  NORMAL
..................................................................
TEMPERATURE (F)
 TODAY
  MAXIMUM         45    244 PM  88    2002  61    -16       66
                                      1977
  MINIMUM         32    556 AM  12    1875  40     -8       44
  AVERAGE         39                        50    -11       55

PRECIPITATION (IN)
  TODAY            T                         0.12  -0.12     0.00
  MONTH TO DATE    2.21                      1.92   0.29     1.05
  SINCE MAR 1      5.38                      4.40   0.98     4.69
  SINCE JAN 1     10.37                      8.52   1.85    10.46

SNOWFALL (IN)
  TODAY           MM                         0.0   MM        0.0
  MONTH TO DATE    1.2                       1.1    0.1      0.7
  SINCE MAR 1      3.1                       6.8   -3.7      5.4
  SINCE JUL 1     33.9                      37.3   -3.4     22.4
  SNOW DEPTH       0

DEGREE DAYS
 HEATING
  TODAY           26                        15     11       10
  MONTH TO DATE  462                       324    138      229
  SINCE MAR 1   1381                      1174    207     1101
  SINCE JUL 1   5785                      5750     35     4946

 COOLING
  TODAY            0                         0      0        0
  MONTH TO DATE    0                         0      0        3
  SINCE MAR 1      0                         0      0        3
  SINCE JAN 1      0                         0      0        3
..................................................................


WIND (MPH)
  HIGHEST WIND SPEED    16   HIGHEST WIND DIRECTION     E (70)
  HIGHEST GUST SPEED    18   HIGHEST GUST DIRECTION     E (70)


SKY COVER
  POSSIBLE SUNSHINE  MM
  AVERAGE SKY COVER 0.9


WEATHER CONDITIONS
 THE FOLLOWING WEATHER WAS RECORDED TODAY.
  LIGHT RAIN


RELATIVE HUMIDITY (PERCENT)
 HIGHEST    72           300 AM
 LOWEST     53           200 PM
 AVERAGE    63

..........................................................


THE TOLEDO OH CLIMATE NORMALS FOR TOMORROW
                         NORMAL    RECORD    YEAR
 MAXIMUM TEMPERATURE (F)   62        85      2002
                                             1985
 MINIMUM TEMPERATURE (F)   40        22      1983


SUNRISE AND SUNSET
APRIL 18 2018.........SUNRISE   651 AM EDT   SUNSET   819 PM EDT
APRIL 19 2018.........SUNRISE   649 AM EDT   SUNSET   820 PM EDT


-  INDICATES NEGATIVE NUMBERS.
R  INDICATES RECORD WAS SET OR TIED.
MM INDICATES DATA IS MISSING.
T  INDICATES TRACE AMOUNT.




$$
