000
CDUS41 KCLE 292113
CLITOL


CLIMATE REPORT
NATIONAL WEATHER SERVICE CLEVELAND OH
512 PM EDT SUN APR 29 2018


...................................

...THE TOLEDO OH CLIMATE SUMMARY FOR APRIL 29 2018...
VALID TODAY AS OF 0500 PM LOCAL TIME.

CLIMATE NORMAL PERIOD 1981 TO 2010
CLIMATE RECORD PERIOD 1873 TO 2018


WEATHER ITEM   OBSERVED TIME   RECORD YEAR NORMAL DEPARTURE LAST
                VALUE   (LST)  VALUE       VALUE  FROM      YEAR
                                                  NORMAL
..................................................................
TEMPERATURE (F)
 TODAY
  MAXIMUM         59    356 PM  87    1899  66     -7       55
  MINIMUM         31    437 AM  25    1874  43    -12       43
  AVERAGE         45                        54     -9       49

PRECIPITATION (IN)
  TODAY            0.00                      0.11  -0.11     0.31
  MONTH TO DATE    2.64                      3.09  -0.45     2.80
  SINCE MAR 1      5.81                      5.57   0.24     6.44
  SINCE JAN 1     10.80                      9.69   1.11    12.21

SNOWFALL (IN)
  TODAY            0.0                       0.0    0.0      0.0
  MONTH TO DATE    1.6                       1.3    0.3      0.7
  SINCE MAR 1      3.5                       7.0   -3.5      5.4
  SINCE JUL 1     34.3                      37.5   -3.2     22.4
  SNOW DEPTH       0

DEGREE DAYS
 HEATING
  TODAY           20                        11      9       16
  MONTH TO DATE  638                       465    173      323
  SINCE MAR 1   1557                      1315    242     1195
  SINCE JUL 1   5961                      5891     70     5040

 COOLING
  TODAY            0                         0      0        0
  MONTH TO DATE    0                         0      0        8
  SINCE MAR 1      0                         0      0        8
  SINCE JAN 1      0                         0      0        8
..................................................................


WIND (MPH)
  HIGHEST WIND SPEED    15   HIGHEST WIND DIRECTION     N (340)
  HIGHEST GUST SPEED    24   HIGHEST GUST DIRECTION    NW (310)


SKY COVER
  POSSIBLE SUNSHINE  MM
  AVERAGE SKY COVER 0.0


WEATHER CONDITIONS
 THE FOLLOWING WEATHER WAS RECORDED TODAY.
  NO SIGNIFICANT WEATHER WAS OBSERVED.


RELATIVE HUMIDITY (PERCENT)
 HIGHEST    92           500 AM
 LOWEST     24           300 PM
 AVERAGE    58

..........................................................


THE TOLEDO OH CLIMATE NORMALS FOR TOMORROW
                         NORMAL    RECORD    YEAR
 MAXIMUM TEMPERATURE (F)   66        89      1942
 MINIMUM TEMPERATURE (F)   44        30      1961
                                             1958
                                             1876


SUNRISE AND SUNSET
APRIL 29 2018.........SUNRISE   635 AM EDT   SUNSET   831 PM EDT
APRIL 30 2018.........SUNRISE   633 AM EDT   SUNSET   832 PM EDT


-  INDICATES NEGATIVE NUMBERS.
R  INDICATES RECORD WAS SET OR TIED.
MM INDICATES DATA IS MISSING.
T  INDICATES TRACE AMOUNT.




$$
