000
CDUS41 KCLE 012113
CLITOL


CLIMATE REPORT
NATIONAL WEATHER SERVICE CLEVELAND OH
511 PM EDT SUN APR 1 2018


...................................

...THE TOLEDO OH CLIMATE SUMMARY FOR APRIL 1 2018...
VALID TODAY AS OF 0500 PM LOCAL TIME.

CLIMATE NORMAL PERIOD 1981 TO 2010
CLIMATE RECORD PERIOD 1873 TO 2018


WEATHER ITEM   OBSERVED TIME   RECORD YEAR NORMAL DEPARTURE LAST
                VALUE   (LST)  VALUE       VALUE  FROM      YEAR
                                                  NORMAL
..................................................................
TEMPERATURE (F)
 TODAY
  MAXIMUM         43    222 PM  80    2010  54    -11       56
  MINIMUM         29    557 AM  11    1964  34     -5       36
  AVERAGE         36                        44     -8       46

PRECIPITATION (IN)
  TODAY            0.00                      0.10  -0.10     0.00
  MONTH TO DATE    0.00                      0.10  -0.10     0.00
  SINCE MAR 1      3.17                      2.58   0.59     3.64
  SINCE JAN 1      8.16                      6.70   1.46     9.41

SNOWFALL (IN)
  TODAY            0.0                       0.1   -0.1      0.0
  MONTH TO DATE    0.0                       0.1   -0.1      0.0
  SINCE MAR 1      1.9                       5.8   -3.9      4.7
  SINCE JUL 1     32.7                      36.3   -3.6     21.7
  SNOW DEPTH       0

DEGREE DAYS
 HEATING
  TODAY           29                        21      8       19
  MONTH TO DATE   29                        21      8       19
  SINCE MAR 1    948                       871     77      891
  SINCE JUL 1   5352                      5447    -95     4736

 COOLING
  TODAY            0                         0      0        0
  MONTH TO DATE    0                         0      0        0
  SINCE MAR 1      0                         0      0        0
  SINCE JAN 1      0                         0      0        0
..................................................................


WIND (MPH)
  HIGHEST WIND SPEED    20   HIGHEST WIND DIRECTION     W (260)
  HIGHEST GUST SPEED    26   HIGHEST GUST DIRECTION     W (260)


SKY COVER
  POSSIBLE SUNSHINE  MM
  AVERAGE SKY COVER 0.5


WEATHER CONDITIONS
 THE FOLLOWING WEATHER WAS RECORDED TODAY.
  NO SIGNIFICANT WEATHER WAS OBSERVED.


RELATIVE HUMIDITY (PERCENT)
 HIGHEST    85           600 AM
 LOWEST     38           400 PM
 AVERAGE    62

..........................................................


THE TOLEDO OH CLIMATE NORMALS FOR TOMORROW
                         NORMAL    RECORD    YEAR
 MAXIMUM TEMPERATURE (F)   54        82      1963
 MINIMUM TEMPERATURE (F)   34        19      1881


SUNRISE AND SUNSET
APRIL  1 2018.........SUNRISE   718 AM EDT   SUNSET   801 PM EDT
APRIL  2 2018.........SUNRISE   716 AM EDT   SUNSET   802 PM EDT


-  INDICATES NEGATIVE NUMBERS.
R  INDICATES RECORD WAS SET OR TIED.
MM INDICATES DATA IS MISSING.
T  INDICATES TRACE AMOUNT.




$$
