000
CDUS41 KCLE 220545
CLITOL


CLIMATE REPORT
NATIONAL WEATHER SERVICE CLEVELAND OH
145 AM EDT TUE MAY 22 2018


...................................

...THE TOLEDO OH CLIMATE SUMMARY FOR MAY 21 2018...

CLIMATE NORMAL PERIOD 1981 TO 2010
CLIMATE RECORD PERIOD 1873 TO 2018


WEATHER ITEM   OBSERVED TIME   RECORD YEAR NORMAL DEPARTURE LAST
                VALUE   (LST)  VALUE       VALUE  FROM      YEAR
                                                  NORMAL
..................................................................
TEMPERATURE (F)
 YESTERDAY
  MAXIMUM         66    155 PM  93    1941  73     -7       76
  MINIMUM         53    405 AM  32    1967  50      3       55
                                      1964
                                      1883
  AVERAGE         60                        61     -1       66

PRECIPITATION (IN)
  YESTERDAY        0.19                      0.12   0.07     0.13
  MONTH TO DATE    5.13                      2.36   2.77     3.92
  SINCE MAR 1     10.94                      8.03   2.91    11.03
  SINCE JAN 1     15.93                     12.15   3.78    16.80

SNOWFALL (IN)
  YESTERDAY        0.0                       0.0    0.0      0.0
  MONTH TO DATE    0.0                       0.1   -0.1      0.0
  SINCE MAR 1      3.5                       7.1   -3.6      5.4
  SINCE JUL 1     34.3                      37.6   -3.3     22.4
  SNOW DEPTH       0

DEGREE DAYS
 HEATING
  YESTERDAY        5                         5      0        0
  MONTH TO DATE   64                       165   -101      217
  SINCE MAR 1   1633                      1491    142     1427
  SINCE JUL 1   6037                      6067    -30     5272

 COOLING
  YESTERDAY        0                         2     -2        1
  MONTH TO DATE   30                        21      9       31
  SINCE MAR 1     30                        29      1       39
  SINCE JAN 1     30                        29      1       39
..................................................................


WIND (MPH)
  HIGHEST WIND SPEED    17   HIGHEST WIND DIRECTION     E (90)
  HIGHEST GUST SPEED    22   HIGHEST GUST DIRECTION     E (80)
  AVERAGE WIND SPEED     8.5


SKY COVER
  POSSIBLE SUNSHINE  MM
  AVERAGE SKY COVER 0.7


WEATHER CONDITIONS
 THE FOLLOWING WEATHER WAS RECORDED YESTERDAY.
  HEAVY RAIN
  RAIN
  LIGHT RAIN
  FOG


RELATIVE HUMIDITY (PERCENT)
 HIGHEST   100          1200 AM
 LOWEST     64          1000 AM
 AVERAGE    82

..........................................................


THE TOLEDO OH CLIMATE NORMALS FOR TODAY
                         NORMAL    RECORD    YEAR
 MAXIMUM TEMPERATURE (F)   73        91      1964
 MINIMUM TEMPERATURE (F)   50        33      2002
                                             1883


SUNRISE AND SUNSET
MAY 22 2018...........SUNRISE   610 AM EDT   SUNSET   855 PM EDT
MAY 23 2018...........SUNRISE   609 AM EDT   SUNSET   856 PM EDT


-  INDICATES NEGATIVE NUMBERS.
R  INDICATES RECORD WAS SET OR TIED.
MM INDICATES DATA IS MISSING.
T  INDICATES TRACE AMOUNT.




$$
