000
CXUS51 KCLE 080424
CLMTOL


CLIMATE REPORT
NATIONAL WEATHER SERVICE CLEVELAND OH
1223 AM EDT SUN APR 8 2018

...................................

...THE TOLEDO OH CLIMATE SUMMARY FOR THE MONTH OF MARCH 2018...

CLIMATE NORMAL PERIOD 1981 TO 2010
CLIMATE RECORD PERIOD 1873 TO 2018

WEATHER         OBSERVED          NORMAL  DEPART  LAST YEAR`S
                 VALUE   DATE(S)  VALUE   FROM    VALUE
                                          NORMAL
.............................................................
TEMPERATURE (F)
RECORD
 HIGH              85   03/21/2012
 LOW              -10   03/12/1948
HIGHEST            59   03/18
LOWEST             18   03/10
AVG. MAXIMUM     43.5              46.9    -3.4     45.4
AVG. MINIMUM     26.8              28.3    -1.5     27.7
MEAN             35.1              37.6    -2.5     36.6
DAYS MAX >= 90      0               0.0     0.0        0
DAYS MAX <= 32      1               3.4    -2.4        6
DAYS MIN <= 32     27              20.2     6.8       20
DAYS MIN <= 0       0               0.0     0.0        0

PRECIPITATION (INCHES)
RECORD
 MAXIMUM         7.99   1913
 MINIMUM         0.05   1910
TOTALS           3.17              2.48    0.69     3.64
DAYS >= .01         9              11.8    -2.8       12
DAYS >= .10         3               6.6    -3.6        9
DAYS >= .50         3               1.3     1.7        1
DAYS >= 1.00        1               0.3     0.7        1
GREATEST
 24 HR. TOTAL    1.62   03/01 TO 03/01              1.81

SNOWFALL (INCHES)
RECORDS
 TOTAL           17.7   1993
TOTALS            1.9               5.7    -3.8      4.7
SINCE 7/1        32.7              36.2    -3.5     21.7
DAYS >= 1.0         1               1.8    -0.8        2
GREATEST
 24 HR TOTAL      1.0   03/01 TO 03/01

DEGREE_DAYS
HEATING TOTAL     919               850      69      872
 SINCE 7/1       5323              5426    -103     4717
COOLING TOTAL       0                 0       0        0
 SINCE 1/1          0                 0       0        0
..............................................................

WIND (MPH)
AVERAGE WIND SPEED              9.9
HIGHEST WIND SPEED/DIRECTION    30/070    DATE  03/20
HIGHEST GUST SPEED/DIRECTION    37/200    DATE  03/31

SKY COVER
AVERAGE SKY COVER           0.40

AVERAGE RH (PERCENT)     66

WEATHER CONDITIONS. NUMBER OF DAYS WITH
THUNDERSTORM              0     MIXED PRECIP               0
HEAVY RAIN                0     RAIN                       4
LIGHT RAIN                7     FREEZING RAIN              0
LT FREEZING RAIN          0     HAIL                       0
HEAVY SNOW                0     SNOW                       1
LIGHT SNOW                8     SLEET                      0
FOG                      11     FOG W/VIS <= 1/4 MILE      1
HAZE                      4

-  INDICATES NEGATIVE NUMBERS.
R  INDICATES RECORD WAS SET OR TIED.
MM INDICATES DATA IS MISSING.
T  INDICATES TRACE AMOUNT.

$$
