000
CDUS41 KCLE 170545
CLIYNG


CLIMATE REPORT
NATIONAL WEATHER SERVICE CLEVELAND OH
145 AM EDT THU MAY 17 2018


...................................

...THE YOUNGSTOWN OH CLIMATE SUMMARY FOR MAY 16 2018...

CLIMATE NORMAL PERIOD 1981 TO 2010
CLIMATE RECORD PERIOD 1897 TO 2018


WEATHER ITEM   OBSERVED TIME   RECORD YEAR NORMAL DEPARTURE LAST
                VALUE   (LST)  VALUE       VALUE  FROM      YEAR
                                                  NORMAL
..................................................................
TEMPERATURE (F)
 YESTERDAY
  MAXIMUM         75    241 PM  89    1962  69      6       83
  MINIMUM         56    339 AM  30    1956  47      9       40
  AVERAGE         66                        58      8       62

PRECIPITATION (IN)
  YESTERDAY        0.00                      0.12  -0.12     0.00
  MONTH TO DATE    2.31                      1.87   0.44     2.06
  SINCE MAR 1     11.20                      8.17   3.03    10.94
  SINCE JAN 1     19.41                     12.87   6.54    18.82

SNOWFALL (IN)
  YESTERDAY        0.0                       0.0    0.0      0.0
  MONTH TO DATE    0.0                       0.0    0.0      0.0
  SINCE MAR 1     23.2                      13.9    9.3     22.1
  SINCE JUL 1     81.3                      62.7   18.6     69.5
  SNOW DEPTH       0

DEGREE DAYS
 HEATING
  YESTERDAY        0                         8     -8        3
  MONTH TO DATE   46                       157   -111      212
  SINCE MAR 1   1658                      1536    122     1393
  SINCE JUL 1   5973                      6184   -211     5177

 COOLING
  YESTERDAY        1                         1      0        0
  MONTH TO DATE   15                         9      6        0
  SINCE MAR 1     17                        18     -1       16
  SINCE JAN 1     19                        18      1       16
..................................................................


WIND (MPH)
  HIGHEST WIND SPEED     8   HIGHEST WIND DIRECTION    NE (40)
  HIGHEST GUST SPEED    12   HIGHEST GUST DIRECTION     N (20)
  AVERAGE WIND SPEED     5.3


SKY COVER
  POSSIBLE SUNSHINE  MM
  AVERAGE SKY COVER 1.0


WEATHER CONDITIONS
 THE FOLLOWING WEATHER WAS RECORDED YESTERDAY.
  NO SIGNIFICANT WEATHER WAS OBSERVED.


RELATIVE HUMIDITY (PERCENT)
 HIGHEST    93          1200 AM
 LOWEST     64          1200 PM
 AVERAGE    79

..........................................................


THE YOUNGSTOWN OH CLIMATE NORMALS FOR TODAY
                         NORMAL    RECORD    YEAR
 MAXIMUM TEMPERATURE (F)   69        90      1962
 MINIMUM TEMPERATURE (F)   47        31      1956


SUNRISE AND SUNSET
MAY 17 2018...........SUNRISE   602 AM EDT   SUNSET   836 PM EDT
MAY 18 2018...........SUNRISE   601 AM EDT   SUNSET   837 PM EDT


-  INDICATES NEGATIVE NUMBERS.
R  INDICATES RECORD WAS SET OR TIED.
MM INDICATES DATA IS MISSING.
T  INDICATES TRACE AMOUNT.




$$
