000
CDUS41 KCLE 070533
CLIYNG


CLIMATE REPORT
NATIONAL WEATHER SERVICE CLEVELAND OH
132 AM EDT SAT APR 7 2018


...................................

...THE YOUNGSTOWN OH CLIMATE SUMMARY FOR APRIL 6 2018...

CLIMATE NORMAL PERIOD 1981 TO 2010
CLIMATE RECORD PERIOD 1897 TO 2018


WEATHER ITEM   OBSERVED TIME   RECORD YEAR NORMAL DEPARTURE LAST
                VALUE   (LST)  VALUE       VALUE  FROM      YEAR
                                                  NORMAL
..................................................................
TEMPERATURE (F)
 YESTERDAY
  MAXIMUM         49   1234 PM  87    2010  55     -6       58
  MINIMUM         27   1159 PM  18    1982  35     -8       34
  AVERAGE         38                        45     -7       46

PRECIPITATION (IN)
  YESTERDAY        0.31                      0.11   0.20     0.44
  MONTH TO DATE    1.86                      0.69   1.17     0.88
  SINCE MAR 1      6.31                      3.63   2.68     5.92
  SINCE JAN 1     14.52                      8.33   6.19    13.80

SNOWFALL (IN)
  YESTERDAY        2.5                       0.1    2.4      0.3
  MONTH TO DATE    5.6                       1.1    4.5      0.3
  SINCE MAR 1     21.2                      12.0    9.2     20.4
  SINCE JUL 1     79.3                      60.8   18.5     67.8
  SNOW DEPTH       0

DEGREE DAYS
 HEATING
  YESTERDAY       27                        20      7       19
  MONTH TO DATE  149                       127     22       98
  SINCE MAR 1   1125                      1003    122      968
  SINCE JUL 1   5440                      5651   -211     4752

 COOLING
  YESTERDAY        0                         0      0        0
  MONTH TO DATE    0                         0      0        0
  SINCE MAR 1      0                         1     -1        0
  SINCE JAN 1      2                         1      1        0
..................................................................


WIND (MPH)
  HIGHEST WIND SPEED    37   HIGHEST WIND DIRECTION    SW (240)
  HIGHEST GUST SPEED    45   HIGHEST GUST DIRECTION    SW (240)
  AVERAGE WIND SPEED    13.6


SKY COVER
  POSSIBLE SUNSHINE  MM
  AVERAGE SKY COVER 1.0


WEATHER CONDITIONS
 THE FOLLOWING WEATHER WAS RECORDED YESTERDAY.
  LIGHT RAIN
  SNOW
  LIGHT SNOW
  FOG


RELATIVE HUMIDITY (PERCENT)
 HIGHEST    96           300 AM
 LOWEST     46           100 PM
 AVERAGE    71

..........................................................


THE YOUNGSTOWN OH CLIMATE NORMALS FOR TODAY
                         NORMAL    RECORD    YEAR
 MAXIMUM TEMPERATURE (F)   56        81      2010
                                             2001
                                             1991
 MINIMUM TEMPERATURE (F)   35        18      1972


SUNRISE AND SUNSET
APRIL  7 2018.........SUNRISE   656 AM EDT   SUNSET   754 PM EDT
APRIL  8 2018.........SUNRISE   654 AM EDT   SUNSET   755 PM EDT


-  INDICATES NEGATIVE NUMBERS.
R  INDICATES RECORD WAS SET OR TIED.
MM INDICATES DATA IS MISSING.
T  INDICATES TRACE AMOUNT.




$$
