000
CDUS41 KCLE 052110
CLIYNG


CLIMATE REPORT
NATIONAL WEATHER SERVICE CLEVELAND OH
510 PM EDT SAT MAY 5 2018


...................................

...THE YOUNGSTOWN OH CLIMATE SUMMARY FOR MAY 5 2018...
VALID TODAY AS OF 0500 PM LOCAL TIME.

CLIMATE NORMAL PERIOD 1981 TO 2010
CLIMATE RECORD PERIOD 1897 TO 2018


WEATHER ITEM   OBSERVED TIME   RECORD YEAR NORMAL DEPARTURE LAST
                VALUE   (LST)  VALUE       VALUE  FROM      YEAR
                                                  NORMAL
..................................................................
TEMPERATURE (F)
 TODAY
  MAXIMUM         75    115 PM  90    1949  66      9       55
  MINIMUM         45    208 AM  30    2005  44      1       44
  AVERAGE         60                        55      5       50

PRECIPITATION (IN)
  TODAY            0.00                      0.11  -0.11     0.51
  MONTH TO DATE    1.00                      0.55   0.45     1.61
  SINCE MAR 1      9.89                      6.85   3.04    10.49
  SINCE JAN 1     18.10                     11.55   6.55    18.37

SNOWFALL (IN)
  TODAY            0.0                       0.0    0.0      0.0
  MONTH TO DATE    0.0                       0.0    0.0      0.0
  SINCE MAR 1     23.2                      13.9    9.3     22.1
  SINCE JUL 1     81.3                      62.7   18.6     69.5
  SNOW DEPTH       0

DEGREE DAYS
 HEATING
  TODAY            5                        11     -6       15
  MONTH TO DATE    6                        56    -50       61
  SINCE MAR 1   1618                      1435    183     1242
  SINCE JUL 1   5933                      6083   -150     5026

 COOLING
  TODAY            0                         0      0        0
  MONTH TO DATE   10                         0     10        0
  SINCE MAR 1     12                         9      3       16
  SINCE JAN 1     14                         9      5       16
..................................................................


WIND (MPH)
  HIGHEST WIND SPEED    14   HIGHEST WIND DIRECTION    SW (210)
  HIGHEST GUST SPEED    18   HIGHEST GUST DIRECTION    SW (220)


SKY COVER
  POSSIBLE SUNSHINE  MM
  AVERAGE SKY COVER 0.6


WEATHER CONDITIONS
 THE FOLLOWING WEATHER WAS RECORDED TODAY.
  NO SIGNIFICANT WEATHER WAS OBSERVED.


RELATIVE HUMIDITY (PERCENT)
 HIGHEST    93           200 AM
 LOWEST     27           100 PM
 AVERAGE    60

..........................................................


THE YOUNGSTOWN OH CLIMATE NORMALS FOR TOMORROW
                         NORMAL    RECORD    YEAR
 MAXIMUM TEMPERATURE (F)   66        90      1949
 MINIMUM TEMPERATURE (F)   44        28      1970
                                             1968


SUNRISE AND SUNSET
MAY  5 2018...........SUNRISE   615 AM EDT   SUNSET   824 PM EDT
MAY  6 2018...........SUNRISE   614 AM EDT   SUNSET   825 PM EDT


-  INDICATES NEGATIVE NUMBERS.
R  INDICATES RECORD WAS SET OR TIED.
MM INDICATES DATA IS MISSING.
T  INDICATES TRACE AMOUNT.




$$
