658
CDUS41 KCLE 170527
CLIYNG


CLIMATE REPORT
NATIONAL WEATHER SERVICE CLEVELAND OH
126 AM EDT TUE APR 17 2018


...................................

...THE YOUNGSTOWN OH CLIMATE SUMMARY FOR APRIL 16 2018...

CLIMATE NORMAL PERIOD 1981 TO 2010
CLIMATE RECORD PERIOD 1897 TO 2018


WEATHER ITEM   OBSERVED TIME   RECORD YEAR NORMAL DEPARTURE LAST
                VALUE   (LST)  VALUE       VALUE  FROM      YEAR
                                                  NORMAL
..................................................................
TEMPERATURE (F)
 YESTERDAY
  MAXIMUM         47   1222 AM  85    2002  59    -12       77
  MINIMUM         32    955 PM  18    2014  38     -6       61
  AVERAGE         40                        49     -9       69

PRECIPITATION (IN)
  YESTERDAY        0.55                      0.12   0.43     0.12
  MONTH TO DATE    3.79                      1.85   1.94     1.47
  SINCE MAR 1      8.24                      4.79   3.45     6.51
  SINCE JAN 1     16.45                      9.49   6.96    14.39

SNOWFALL (IN)
  YESTERDAY        T                         0.1   -0.1      0.0
  MONTH TO DATE    6.0                       2.5    3.5      2.0
  SINCE MAR 1     21.6                      13.4    8.2     22.1
  SINCE JUL 1     79.7                      62.2   17.5     69.5
  SNOW DEPTH       0

DEGREE DAYS
 HEATING
  YESTERDAY       25                        16      9        0
  MONTH TO DATE  362                       307     55      212
  SINCE MAR 1   1338                      1183    155     1082
  SINCE JUL 1   5653                      5831   -178     4866

 COOLING
  YESTERDAY        0                         0      0        4
  MONTH TO DATE    2                         0      2        8
  SINCE MAR 1      2                         1      1        8
  SINCE JAN 1      4                         1      3        8
..................................................................


WIND (MPH)
  HIGHEST WIND SPEED    25   HIGHEST WIND DIRECTION     W (270)
  HIGHEST GUST SPEED    35   HIGHEST GUST DIRECTION     W (270)
  AVERAGE WIND SPEED    13.1


SKY COVER
  POSSIBLE SUNSHINE  MM
  AVERAGE SKY COVER 1.0


WEATHER CONDITIONS
 THE FOLLOWING WEATHER WAS RECORDED YESTERDAY.
  RAIN
  LIGHT RAIN
  SNOW
  LIGHT SNOW
  FOG


RELATIVE HUMIDITY (PERCENT)
 HIGHEST   100           300 AM
 LOWEST     70           100 PM
 AVERAGE    85

..........................................................


THE YOUNGSTOWN OH CLIMATE NORMALS FOR TODAY
                         NORMAL    RECORD    YEAR
 MAXIMUM TEMPERATURE (F)   60        84      2002
                                             1976
 MINIMUM TEMPERATURE (F)   39        18      1980


SUNRISE AND SUNSET
APRIL 17 2018.........SUNRISE   640 AM EDT   SUNSET   805 PM EDT
APRIL 18 2018.........SUNRISE   639 AM EDT   SUNSET   806 PM EDT


-  INDICATES NEGATIVE NUMBERS.
R  INDICATES RECORD WAS SET OR TIED.
MM INDICATES DATA IS MISSING.
T  INDICATES TRACE AMOUNT.




$$
