000
CDUS41 KCLE 312113
CLIYNG


CLIMATE REPORT
NATIONAL WEATHER SERVICE CLEVELAND OH
512 PM EDT SAT MAR 31 2018


...................................

...THE YOUNGSTOWN OH CLIMATE SUMMARY FOR MARCH 31 2018...
VALID TODAY AS OF 0500 PM LOCAL TIME.

CLIMATE NORMAL PERIOD 1981 TO 2010
CLIMATE RECORD PERIOD 1897 TO 2018


WEATHER ITEM   OBSERVED TIME   RECORD YEAR NORMAL DEPARTURE LAST
                VALUE   (LST)  VALUE       VALUE  FROM      YEAR
                                                  NORMAL
..................................................................
TEMPERATURE (F)
 TODAY
  MAXIMUM         52    213 PM  81    1998  52      0       51
  MINIMUM         24    131 AM  14    1969  33     -9       39
                                      1964
  AVERAGE         38                        43     -5       45

PRECIPITATION (IN)
  TODAY            0.00                      0.11  -0.11     1.12
  MONTH TO DATE    4.45                      2.94   1.51     5.04
  SINCE MAR 1      4.45                      2.94   1.51     5.04
  SINCE JAN 1     12.66                      7.64   5.02    12.92

SNOWFALL (IN)
  TODAY            0.0                       0.2   -0.2      0.0
  MONTH TO DATE   15.6                      10.9    4.7     20.1
  SINCE MAR 1     15.6                      10.9    4.7     20.1
  SINCE JUL 1     73.7                      59.7   14.0     67.5
  SNOW DEPTH       0

DEGREE DAYS
 HEATING
  TODAY           27                        23      4       20
  MONTH TO DATE  977                       878     99      870
  SINCE MAR 1    977                       876    101      870
  SINCE JUL 1   5292                      5524   -232     4654

 COOLING
  TODAY            0                         0      0        0
  MONTH TO DATE    0                         1     -1        0
  SINCE MAR 1      0                         1     -1        0
  SINCE JAN 1      2                         1      1        0
..................................................................


WIND (MPH)
  HIGHEST WIND SPEED    23   HIGHEST WIND DIRECTION     S (200)
  HIGHEST GUST SPEED    33   HIGHEST GUST DIRECTION    SW (210)


SKY COVER
  POSSIBLE SUNSHINE  MM
  AVERAGE SKY COVER 0.5


WEATHER CONDITIONS
 THE FOLLOWING WEATHER WAS RECORDED TODAY.
  NO SIGNIFICANT WEATHER WAS OBSERVED.


RELATIVE HUMIDITY (PERCENT)
 HIGHEST    92           500 AM
 LOWEST     41           300 PM
 AVERAGE    67

..........................................................


THE YOUNGSTOWN OH CLIMATE NORMALS FOR TOMORROW
                         NORMAL    RECORD    YEAR
 MAXIMUM TEMPERATURE (F)   53        83      2010
 MINIMUM TEMPERATURE (F)   33        14      1964


SUNRISE AND SUNSET
MARCH 31 2018.........SUNRISE   708 AM EDT   SUNSET   747 PM EDT
APRIL  1 2018.........SUNRISE   706 AM EDT   SUNSET   748 PM EDT


-  INDICATES NEGATIVE NUMBERS.
R  INDICATES RECORD WAS SET OR TIED.
MM INDICATES DATA IS MISSING.
T  INDICATES TRACE AMOUNT.




$$
