000
CDUS41 KCLE 052132
CLIYNG


CLIMATE REPORT
NATIONAL WEATHER SERVICE CLEVELAND OH
531 PM EDT THU APR 5 2018


...................................

...THE YOUNGSTOWN OH CLIMATE SUMMARY FOR APRIL 5 2018...
VALID TODAY AS OF 0500 PM LOCAL TIME.

CLIMATE NORMAL PERIOD 1981 TO 2010
CLIMATE RECORD PERIOD 1897 TO 2018


WEATHER ITEM   OBSERVED TIME   RECORD YEAR NORMAL DEPARTURE LAST
                VALUE   (LST)  VALUE       VALUE  FROM      YEAR
                                                  NORMAL
..................................................................
TEMPERATURE (F)
 TODAY
  MAXIMUM         42    356 PM  79    2010  55    -13       65
  MINIMUM         26    701 AM  16    1995  35     -9       39
  AVERAGE         34                        45    -11       52

PRECIPITATION (IN)
  TODAY            0.10                      0.12  -0.02     0.01
  MONTH TO DATE    1.55                      0.58   0.97     0.44
  SINCE MAR 1      6.00                      3.52   2.48     5.48
  SINCE JAN 1     14.21                      8.22   5.99    13.36

SNOWFALL (IN)
  TODAY            1.2                       0.2    1.0      0.0
  MONTH TO DATE    3.1                       1.0    2.1      0.0
  SINCE MAR 1     18.7                      11.9    6.8     20.1
  SINCE JUL 1     76.8                      60.7   16.1     67.5
  SNOW DEPTH       1

DEGREE DAYS
 HEATING
  TODAY           31                        21     10       13
  MONTH TO DATE  123                       107     16       79
  SINCE MAR 1   1099                       983    116      949
  SINCE JUL 1   5414                      5631   -217     4733

 COOLING
  TODAY            0                         0      0        0
  MONTH TO DATE    0                         0      0        0
  SINCE MAR 1      0                         1     -1        0
  SINCE JAN 1      2                         1      1        0
..................................................................


WIND (MPH)
  HIGHEST WIND SPEED    22   HIGHEST WIND DIRECTION     W (260)
  HIGHEST GUST SPEED    28   HIGHEST GUST DIRECTION    NW (320)


SKY COVER
  POSSIBLE SUNSHINE  MM
  AVERAGE SKY COVER 0.9


WEATHER CONDITIONS
 THE FOLLOWING WEATHER WAS RECORDED TODAY.
  SNOW
  LIGHT SNOW
  FOG


RELATIVE HUMIDITY (PERCENT)
 HIGHEST    92          1200 AM
 LOWEST     39           400 PM
 AVERAGE    66

..........................................................


THE YOUNGSTOWN OH CLIMATE NORMALS FOR TOMORROW
                         NORMAL    RECORD    YEAR
 MAXIMUM TEMPERATURE (F)   55        87      2010
 MINIMUM TEMPERATURE (F)   35        18      1982


SUNRISE AND SUNSET
APRIL  5 2018.........SUNRISE   659 AM EDT   SUNSET   752 PM EDT
APRIL  6 2018.........SUNRISE   658 AM EDT   SUNSET   753 PM EDT


-  INDICATES NEGATIVE NUMBERS.
R  INDICATES RECORD WAS SET OR TIED.
MM INDICATES DATA IS MISSING.
T  INDICATES TRACE AMOUNT.




$$
