000
CDUS41 KCLE 040548
CLIYNG


CLIMATE REPORT
NATIONAL WEATHER SERVICE CLEVELAND OH
138 AM EDT WED APR 4 2018


...................................

...THE YOUNGSTOWN OH CLIMATE SUMMARY FOR APRIL 3 2018...

CLIMATE NORMAL PERIOD 1981 TO 2010
CLIMATE RECORD PERIOD 1897 TO 2018


WEATHER ITEM   OBSERVED TIME   RECORD YEAR NORMAL DEPARTURE LAST
                VALUE   (LST)  VALUE       VALUE  FROM      YEAR
                                                  NORMAL
..................................................................
TEMPERATURE (F)
 YESTERDAY
  MAXIMUM         59   1146 PM  84    2010  54      5       69
  MINIMUM         34   1227 AM  17    1965  34      0       46
                                      1954
  AVERAGE         47                        44      3       58

PRECIPITATION (IN)
  YESTERDAY        1.02                      0.12   0.90     0.36
  MONTH TO DATE    1.19                      0.35   0.84     0.38
  SINCE MAR 1      5.64                      3.29   2.35     5.42
  SINCE JAN 1     13.85                      7.99   5.86    13.30

SNOWFALL (IN)
  YESTERDAY        0.0                       0.2   -0.2      0.0
  MONTH TO DATE    0.9                       0.6    0.3      0.0
  SINCE MAR 1     16.5                      11.5    5.0     20.1
  SINCE JUL 1     74.6                      60.3   14.3     67.5
  SNOW DEPTH       0

DEGREE DAYS
 HEATING
  YESTERDAY       18                        21     -3        7
  MONTH TO DATE   71                        65      6       54
  SINCE MAR 1   1047                       941    106      924
  SINCE JUL 1   5362                      5589   -227     4708

 COOLING
  YESTERDAY        0                         0      0        0
  MONTH TO DATE    0                         0      0        0
  SINCE MAR 1      0                         1     -1        0
  SINCE JAN 1      2                         1      1        0
..................................................................


WIND (MPH)
  HIGHEST WIND SPEED    29   HIGHEST WIND DIRECTION    SE (150)
  HIGHEST GUST SPEED    36   HIGHEST GUST DIRECTION    SE (140)
  AVERAGE WIND SPEED    10.2


SKY COVER
  POSSIBLE SUNSHINE  MM
  AVERAGE SKY COVER 1.0


WEATHER CONDITIONS
 THE FOLLOWING WEATHER WAS RECORDED YESTERDAY.
  THUNDERSTORM
  HEAVY RAIN
  RAIN
  LIGHT RAIN
  FOG


RELATIVE HUMIDITY (PERCENT)
 HIGHEST   100           900 AM
 LOWEST     75          1200 AM
 AVERAGE    88

..........................................................


THE YOUNGSTOWN OH CLIMATE NORMALS FOR TODAY
                         NORMAL    RECORD    YEAR
 MAXIMUM TEMPERATURE (F)   54        76      1981
 MINIMUM TEMPERATURE (F)   34        16      1954


SUNRISE AND SUNSET
APRIL  4 2018.........SUNRISE   701 AM EDT   SUNSET   751 PM EDT
APRIL  5 2018.........SUNRISE   659 AM EDT   SUNSET   752 PM EDT


-  INDICATES NEGATIVE NUMBERS.
R  INDICATES RECORD WAS SET OR TIED.
MM INDICATES DATA IS MISSING.
T  INDICATES TRACE AMOUNT.




$$
