000
CDUS41 KCLE 132111
CLIYNG


CLIMATE REPORT
NATIONAL WEATHER SERVICE CLEVELAND OH
510 PM EDT FRI APR 13 2018


...................................

...THE YOUNGSTOWN OH CLIMATE SUMMARY FOR APRIL 13 2018...
VALID TODAY AS OF 0500 PM LOCAL TIME.

CLIMATE NORMAL PERIOD 1981 TO 2010
CLIMATE RECORD PERIOD 1897 TO 2018


WEATHER ITEM   OBSERVED TIME   RECORD YEAR NORMAL DEPARTURE LAST
                VALUE   (LST)  VALUE       VALUE  FROM      YEAR
                                                  NORMAL
..................................................................
TEMPERATURE (F)
 TODAY
  MAXIMUM         80    359 PM  81    1977  58     22       57
                                      1941
  MINIMUM         53    308 AM  16    1950  37     16       37
  AVERAGE         67                        48     19       47

PRECIPITATION (IN)
  TODAY            T                         0.12  -0.12     0.00
  MONTH TO DATE    2.03                      1.51   0.52     1.35
  SINCE MAR 1      6.48                      4.45   2.03     6.39
  SINCE JAN 1     14.69                      9.15   5.54    14.27

SNOWFALL (IN)
  TODAY            0.0                       0.2   -0.2      0.0
  MONTH TO DATE    6.0                       2.2    3.8      2.0
  SINCE MAR 1     21.6                      13.1    8.5     22.1
  SINCE JUL 1     79.7                      61.9   17.8     69.5
  SNOW DEPTH       0

DEGREE DAYS
 HEATING
  TODAY            0                        17    -17       18
  MONTH TO DATE  320                       257     63      203
  SINCE MAR 1   1296                      1133    163     1073
  SINCE JUL 1   5611                      5781   -170     4857

 COOLING
  TODAY            2                         0      2        0
  MONTH TO DATE    2                         0      2        4
  SINCE MAR 1      2                         1      1        4
  SINCE JAN 1      4                         1      3        4
..................................................................


WIND (MPH)
  HIGHEST WIND SPEED    23   HIGHEST WIND DIRECTION    SW (230)
  HIGHEST GUST SPEED    33   HIGHEST GUST DIRECTION    SW (230)


SKY COVER
  POSSIBLE SUNSHINE  MM
  AVERAGE SKY COVER 0.9


WEATHER CONDITIONS
 THE FOLLOWING WEATHER WAS RECORDED TODAY.
  LIGHT RAIN


RELATIVE HUMIDITY (PERCENT)
 HIGHEST    71           300 AM
 LOWEST     26           400 PM
 AVERAGE    49

..........................................................


THE YOUNGSTOWN OH CLIMATE NORMALS FOR TOMORROW
                         NORMAL    RECORD    YEAR
 MAXIMUM TEMPERATURE (F)   59        85      1941
 MINIMUM TEMPERATURE (F)   38        11      1950


SUNRISE AND SUNSET
APRIL 13 2018.........SUNRISE   646 AM EDT   SUNSET   801 PM EDT
APRIL 14 2018.........SUNRISE   645 AM EDT   SUNSET   802 PM EDT


-  INDICATES NEGATIVE NUMBERS.
R  INDICATES RECORD WAS SET OR TIED.
MM INDICATES DATA IS MISSING.
T  INDICATES TRACE AMOUNT.




$$
