000
CDUS41 KCLE 092123
CLIYNG


CLIMATE REPORT
NATIONAL WEATHER SERVICE CLEVELAND OH
519 PM EDT WED MAY 9 2018


...................................

...THE YOUNGSTOWN OH CLIMATE SUMMARY FOR MAY 9 2018...
VALID TODAY AS OF 0500 PM LOCAL TIME.

CLIMATE NORMAL PERIOD 1981 TO 2010
CLIMATE RECORD PERIOD 1897 TO 2018


WEATHER ITEM   OBSERVED TIME   RECORD YEAR NORMAL DEPARTURE LAST
                VALUE   (LST)  VALUE       VALUE  FROM      YEAR
                                                  NORMAL
..................................................................
TEMPERATURE (F)
 TODAY
  MAXIMUM         82    215 PM  89    1936  67     15       64
  MINIMUM         49    434 AM  28    1983  45      4       29
  AVERAGE         66                        56     10       47

PRECIPITATION (IN)
  TODAY            0.00                      0.12  -0.12     0.00
  MONTH TO DATE    1.01                      1.02  -0.01     1.86
  SINCE MAR 1      9.90                      7.32   2.58    10.74
  SINCE JAN 1     18.11                     12.02   6.09    18.62

SNOWFALL (IN)
  TODAY            0.0                       0.0    0.0      0.0
  MONTH TO DATE    0.0                       0.0    0.0      0.0
  SINCE MAR 1     23.2                      13.9    9.3     22.1
  SINCE JUL 1     81.3                      62.7   18.6     69.5
  SNOW DEPTH       0

DEGREE DAYS
 HEATING
  TODAY            0                        10    -10       18
  MONTH TO DATE   15                        96    -81      144
  SINCE MAR 1   1627                      1475    152     1325
  SINCE JUL 1   5942                      6123   -181     5109

 COOLING
  TODAY            1                         1      0        0
  MONTH TO DATE   11                         2      9        0
  SINCE MAR 1     13                        11      2       16
  SINCE JAN 1     15                        11      4       16
..................................................................


WIND (MPH)
  HIGHEST WIND SPEED    18   HIGHEST WIND DIRECTION    SW (220)
  HIGHEST GUST SPEED    24   HIGHEST GUST DIRECTION    SW (230)


SKY COVER
  POSSIBLE SUNSHINE  MM
  AVERAGE SKY COVER 0.4


WEATHER CONDITIONS
 THE FOLLOWING WEATHER WAS RECORDED TODAY.
  NO SIGNIFICANT WEATHER WAS OBSERVED.


RELATIVE HUMIDITY (PERCENT)
 HIGHEST    86           400 AM
 LOWEST     30           100 PM
 AVERAGE    58

..........................................................


THE YOUNGSTOWN OH CLIMATE NORMALS FOR TOMORROW
                         NORMAL    RECORD    YEAR
 MAXIMUM TEMPERATURE (F)   67        87      1936
 MINIMUM TEMPERATURE (F)   45        24      1966


SUNRISE AND SUNSET
MAY  9 2018...........SUNRISE   610 AM EDT   SUNSET   828 PM EDT
MAY 10 2018...........SUNRISE   609 AM EDT   SUNSET   829 PM EDT


-  INDICATES NEGATIVE NUMBERS.
R  INDICATES RECORD WAS SET OR TIED.
MM INDICATES DATA IS MISSING.
T  INDICATES TRACE AMOUNT.




$$
