882
CDUS41 KCLE 160545
CLIYNG


CLIMATE REPORT
NATIONAL WEATHER SERVICE CLEVELAND OH
145 AM EDT MON APR 16 2018


...................................

...THE YOUNGSTOWN OH CLIMATE SUMMARY FOR APRIL 15 2018...

CLIMATE NORMAL PERIOD 1981 TO 2010
CLIMATE RECORD PERIOD 1897 TO 2018


WEATHER ITEM   OBSERVED TIME   RECORD YEAR NORMAL DEPARTURE LAST
                VALUE   (LST)  VALUE       VALUE  FROM      YEAR
                                                  NORMAL
..................................................................
TEMPERATURE (F)
 YESTERDAY
  MAXIMUM         68    207 PM  84    1941  59      9       77
  MINIMUM         39    313 AM  21    1943  38      1       50
  AVERAGE         54                        48      6       64

PRECIPITATION (IN)
  YESTERDAY        1.21                      0.11   1.10      T
  MONTH TO DATE    3.24                      1.73   1.51     1.35
  SINCE MAR 1      7.69                      4.67   3.02     6.39
  SINCE JAN 1     15.90                      9.37   6.53    14.27

SNOWFALL (IN)
  YESTERDAY        0.0                       0.1   -0.1      0.0
  MONTH TO DATE    6.0                       2.4    3.6      2.0
  SINCE MAR 1     21.6                      13.3    8.3     22.1
  SINCE JUL 1     79.7                      62.1   17.6     69.5
  SNOW DEPTH       0

DEGREE DAYS
 HEATING
  YESTERDAY       11                        17     -6        1
  MONTH TO DATE  337                       291     46      212
  SINCE MAR 1   1313                      1167    146     1082
  SINCE JUL 1   5628                      5815   -187     4866

 COOLING
  YESTERDAY        0                         0      0        0
  MONTH TO DATE    2                         0      2        4
  SINCE MAR 1      2                         1      1        4
  SINCE JAN 1      4                         1      3        4
..................................................................


WIND (MPH)
  HIGHEST WIND SPEED    23   HIGHEST WIND DIRECTION    SE (120)
  HIGHEST GUST SPEED    32   HIGHEST GUST DIRECTION     E (110)
  AVERAGE WIND SPEED    11.6


SKY COVER
  POSSIBLE SUNSHINE  MM
  AVERAGE SKY COVER 1.0


WEATHER CONDITIONS
 THE FOLLOWING WEATHER WAS RECORDED YESTERDAY.
  HEAVY RAIN
  RAIN
  LIGHT RAIN
  FOG


RELATIVE HUMIDITY (PERCENT)
 HIGHEST   100           800 PM
 LOWEST     59           200 PM
 AVERAGE    80

..........................................................


THE YOUNGSTOWN OH CLIMATE NORMALS FOR TODAY
                         NORMAL    RECORD    YEAR
 MAXIMUM TEMPERATURE (F)   59        85      2002
 MINIMUM TEMPERATURE (F)   38        18      2014


SUNRISE AND SUNSET
APRIL 16 2018.........SUNRISE   642 AM EDT   SUNSET   804 PM EDT
APRIL 17 2018.........SUNRISE   640 AM EDT   SUNSET   805 PM EDT


-  INDICATES NEGATIVE NUMBERS.
R  INDICATES RECORD WAS SET OR TIED.
MM INDICATES DATA IS MISSING.
T  INDICATES TRACE AMOUNT.




$$
