552
CDUS41 KCLE 192120
CLIYNG


CLIMATE REPORT
NATIONAL WEATHER SERVICE CLEVELAND OH
520 PM EDT SAT MAY 19 2018


...................................

...THE YOUNGSTOWN OH CLIMATE SUMMARY FOR MAY 19 2018...
VALID TODAY AS OF 0500 PM LOCAL TIME.

CLIMATE NORMAL PERIOD 1981 TO 2010
CLIMATE RECORD PERIOD 1897 TO 2018


WEATHER ITEM   OBSERVED TIME   RECORD YEAR NORMAL DEPARTURE LAST
                VALUE   (LST)  VALUE       VALUE  FROM      YEAR
                                                  NORMAL
..................................................................
TEMPERATURE (F)
 TODAY
  MAXIMUM         78    305 PM  89    1934  70      8       72
  MINIMUM         58    614 AM  31    2002  48     10       51
  AVERAGE         68                        59      9       62

PRECIPITATION (IN)
  TODAY            0.07                      0.12  -0.05     0.13
  MONTH TO DATE    2.38                      2.23   0.15     2.19
  SINCE MAR 1     11.27                      8.53   2.74    11.07
  SINCE JAN 1     19.48                     13.23   6.25    18.95

SNOWFALL (IN)
  TODAY            0.0                       0.0    0.0      0.0
  MONTH TO DATE    0.0                       0.0    0.0      0.0
  SINCE MAR 1     23.2                      13.9    9.3     22.1
  SINCE JUL 1     81.3                      62.7   18.6     69.5
  SNOW DEPTH       0

DEGREE DAYS
 HEATING
  TODAY            0                         7     -7        3
  MONTH TO DATE   46                       180   -134      215
  SINCE MAR 1   1658                      1559     99     1396
  SINCE JUL 1   5973                      6207   -234     5180

 COOLING
  TODAY            3                         1      2        0
  MONTH TO DATE   30                        12     18       24
  SINCE MAR 1     32                        21     11       40
  SINCE JAN 1     34                        21     13       40
..................................................................


WIND (MPH)
  HIGHEST WIND SPEED    21   HIGHEST WIND DIRECTION    SE (120)
  HIGHEST GUST SPEED    27   HIGHEST GUST DIRECTION    SE (120)


SKY COVER
  POSSIBLE SUNSHINE  MM
  AVERAGE SKY COVER 0.9


WEATHER CONDITIONS
 THE FOLLOWING WEATHER WAS RECORDED TODAY.
  LIGHT RAIN


RELATIVE HUMIDITY (PERCENT)
 HIGHEST    93           500 AM
 LOWEST     64           300 PM
 AVERAGE    79

..........................................................


THE YOUNGSTOWN OH CLIMATE NORMALS FOR TOMORROW
                         NORMAL    RECORD    YEAR
 MAXIMUM TEMPERATURE (F)   70        91      1934
 MINIMUM TEMPERATURE (F)   48        29      2002


SUNRISE AND SUNSET
MAY 19 2018...........SUNRISE   601 AM EDT   SUNSET   838 PM EDT
MAY 20 2018...........SUNRISE   600 AM EDT   SUNSET   839 PM EDT


-  INDICATES NEGATIVE NUMBERS.
R  INDICATES RECORD WAS SET OR TIED.
MM INDICATES DATA IS MISSING.
T  INDICATES TRACE AMOUNT.




$$
