000
CDUS41 KCLE 072119
CLIYNG


CLIMATE REPORT
NATIONAL WEATHER SERVICE CLEVELAND OH
519 PM EDT SAT APR 7 2018


...................................

...THE YOUNGSTOWN OH CLIMATE SUMMARY FOR APRIL 7 2018...
VALID TODAY AS OF 0500 PM LOCAL TIME.

CLIMATE NORMAL PERIOD 1981 TO 2010
CLIMATE RECORD PERIOD 1897 TO 2018


WEATHER ITEM   OBSERVED TIME   RECORD YEAR NORMAL DEPARTURE LAST
                VALUE   (LST)  VALUE       VALUE  FROM      YEAR
                                                  NORMAL
..................................................................
TEMPERATURE (F)
 TODAY
  MAXIMUM         37    323 PM  81    2010  56    -19       39
                                      2001
                                      1991
  MINIMUM         20    448 AM  18    1972  35    -15       29
  AVERAGE         29                        45    -16       34

PRECIPITATION (IN)
  TODAY            T                         0.12  -0.12     0.17
  MONTH TO DATE    1.86                      0.81   1.05     1.05
  SINCE MAR 1      6.31                      3.75   2.56     6.09
  SINCE JAN 1     14.52                      8.45   6.07    13.97

SNOWFALL (IN)
  TODAY            T                         0.2   -0.2      1.7
  MONTH TO DATE    5.6                       1.3    4.3      2.0
  SINCE MAR 1     21.2                      12.2    9.0     22.1
  SINCE JUL 1     79.3                      61.0   18.3     69.5
  SNOW DEPTH       2

DEGREE DAYS
 HEATING
  TODAY           36                        20     16       31
  MONTH TO DATE  185                       147     38      129
  SINCE MAR 1   1161                      1023    138      999
  SINCE JUL 1   5476                      5671   -195     4783

 COOLING
  TODAY            0                         0      0        0
  MONTH TO DATE    0                         0      0        0
  SINCE MAR 1      0                         1     -1        0
  SINCE JAN 1      2                         1      1        0
..................................................................


WIND (MPH)
  HIGHEST WIND SPEED    18   HIGHEST WIND DIRECTION    NW (330)
  HIGHEST GUST SPEED    23   HIGHEST GUST DIRECTION    NW (330)


SKY COVER
  POSSIBLE SUNSHINE  MM
  AVERAGE SKY COVER 0.7


WEATHER CONDITIONS
 THE FOLLOWING WEATHER WAS RECORDED TODAY.
  LIGHT SNOW
  FOG


RELATIVE HUMIDITY (PERCENT)
 HIGHEST    85          1200 AM
 LOWEST     43          1200 PM
 AVERAGE    64

..........................................................


THE YOUNGSTOWN OH CLIMATE NORMALS FOR TOMORROW
                         NORMAL    RECORD    YEAR
 MAXIMUM TEMPERATURE (F)   56        81      2001
 MINIMUM TEMPERATURE (F)   36        14      1982


SUNRISE AND SUNSET
APRIL  7 2018.........SUNRISE   656 AM EDT   SUNSET   754 PM EDT
APRIL  8 2018.........SUNRISE   654 AM EDT   SUNSET   755 PM EDT


-  INDICATES NEGATIVE NUMBERS.
R  INDICATES RECORD WAS SET OR TIED.
MM INDICATES DATA IS MISSING.
T  INDICATES TRACE AMOUNT.




$$
