630
CDUS41 KCLE 130543
CLIYNG


CLIMATE REPORT
NATIONAL WEATHER SERVICE CLEVELAND OH
142 AM EDT FRI APR 13 2018


...................................

...THE YOUNGSTOWN OH CLIMATE SUMMARY FOR APRIL 12 2018...

CLIMATE NORMAL PERIOD 1981 TO 2010
CLIMATE RECORD PERIOD 1897 TO 2018


WEATHER ITEM   OBSERVED TIME   RECORD YEAR NORMAL DEPARTURE LAST
                VALUE   (LST)  VALUE       VALUE  FROM      YEAR
                                                  NORMAL
..................................................................
TEMPERATURE (F)
 YESTERDAY
  MAXIMUM         74    432 PM  83    2001  58     16       60
  MINIMUM         39   1227 AM  19    1975  37      2       41
                                      1967
  AVERAGE         57                        47     10       51

PRECIPITATION (IN)
  YESTERDAY        0.09                      0.12  -0.03     0.00
  MONTH TO DATE    2.03                      1.39   0.64     1.35
  SINCE MAR 1      6.48                      4.33   2.15     6.39
  SINCE JAN 1     14.69                      9.03   5.66    14.27

SNOWFALL (IN)
  YESTERDAY        0.0                       0.1   -0.1      0.0
  MONTH TO DATE    6.0                       2.0    4.0      2.0
  SINCE MAR 1     21.6                      12.9    8.7     22.1
  SINCE JUL 1     79.7                      61.7   18.0     69.5
  SNOW DEPTH       0

DEGREE DAYS
 HEATING
  YESTERDAY        8                        18    -10       14
  MONTH TO DATE  320                       240     80      185
  SINCE MAR 1   1296                      1116    180     1055
  SINCE JUL 1   5611                      5764   -153     4839

 COOLING
  YESTERDAY        0                         0      0        0
  MONTH TO DATE    0                         0      0        4
  SINCE MAR 1      0                         1     -1        4
  SINCE JAN 1      2                         1      1        4
..................................................................


WIND (MPH)
  HIGHEST WIND SPEED    32   HIGHEST WIND DIRECTION    SW (230)
  HIGHEST GUST SPEED    50   HIGHEST GUST DIRECTION    SW (230)
  AVERAGE WIND SPEED    13.6


SKY COVER
  POSSIBLE SUNSHINE  MM
  AVERAGE SKY COVER 0.9


WEATHER CONDITIONS
 THE FOLLOWING WEATHER WAS RECORDED YESTERDAY.
  LIGHT RAIN
  FOG


RELATIVE HUMIDITY (PERCENT)
 HIGHEST    92          1200 AM
 LOWEST     38           200 PM
 AVERAGE    65

..........................................................


THE YOUNGSTOWN OH CLIMATE NORMALS FOR TODAY
                         NORMAL    RECORD    YEAR
 MAXIMUM TEMPERATURE (F)   58        81      1977
                                             1941
 MINIMUM TEMPERATURE (F)   37        16      1950


SUNRISE AND SUNSET
APRIL 13 2018.........SUNRISE   646 AM EDT   SUNSET   801 PM EDT
APRIL 14 2018.........SUNRISE   645 AM EDT   SUNSET   802 PM EDT


-  INDICATES NEGATIVE NUMBERS.
R  INDICATES RECORD WAS SET OR TIED.
MM INDICATES DATA IS MISSING.
T  INDICATES TRACE AMOUNT.




$$
