000
CDUS41 KCLE 042112
CLIYNG


CLIMATE REPORT
NATIONAL WEATHER SERVICE CLEVELAND OH
512 PM EDT WED APR 4 2018


...................................

...THE YOUNGSTOWN OH CLIMATE SUMMARY FOR APRIL 4 2018...
VALID TODAY AS OF 0500 PM LOCAL TIME.

CLIMATE NORMAL PERIOD 1981 TO 2010
CLIMATE RECORD PERIOD 1897 TO 2018


WEATHER ITEM   OBSERVED TIME   RECORD YEAR NORMAL DEPARTURE LAST
                VALUE   (LST)  VALUE       VALUE  FROM      YEAR
                                                  NORMAL
..................................................................
TEMPERATURE (F)
 TODAY
  MAXIMUM         60    246 AM  76    1981  54      6       60
  MINIMUM         33    359 PM  16    1954  34     -1       45
  AVERAGE         47                        44      3       53

PRECIPITATION (IN)
  TODAY            0.17                      0.11   0.06     0.05
  MONTH TO DATE    1.36                      0.46   0.90     0.43
  SINCE MAR 1      5.81                      3.40   2.41     5.47
  SINCE JAN 1     14.02                      8.10   5.92    13.35

SNOWFALL (IN)
  TODAY            0.2                       0.2    0.0      0.0
  MONTH TO DATE    1.1                       0.8    0.3      0.0
  SINCE MAR 1     16.7                      11.7    5.0     20.1
  SINCE JUL 1     74.8                      60.5   14.3     67.5
  SNOW DEPTH       0

DEGREE DAYS
 HEATING
  TODAY           18                        21     -3       12
  MONTH TO DATE   89                        86      3       66
  SINCE MAR 1   1065                       962    103      936
  SINCE JUL 1   5380                      5610   -230     4720

 COOLING
  TODAY            0                         0      0        0
  MONTH TO DATE    0                         0      0        0
  SINCE MAR 1      0                         1     -1        0
  SINCE JAN 1      2                         1      1        0
..................................................................


WIND (MPH)
  HIGHEST WIND SPEED    36   HIGHEST WIND DIRECTION     W (260)
  HIGHEST GUST SPEED    52   HIGHEST GUST DIRECTION     W (260)


SKY COVER
  POSSIBLE SUNSHINE  MM
  AVERAGE SKY COVER 0.9


WEATHER CONDITIONS
 THE FOLLOWING WEATHER WAS RECORDED TODAY.
  THUNDERSTORM
  RAIN
  LIGHT RAIN
  LIGHT SNOW
  SLEET
  FOG


RELATIVE HUMIDITY (PERCENT)
 HIGHEST    87           200 AM
 LOWEST     59           300 PM
 AVERAGE    73

..........................................................


THE YOUNGSTOWN OH CLIMATE NORMALS FOR TOMORROW
                         NORMAL    RECORD    YEAR
 MAXIMUM TEMPERATURE (F)   55        79      2010
 MINIMUM TEMPERATURE (F)   35        16      1995


SUNRISE AND SUNSET
APRIL  4 2018.........SUNRISE   701 AM EDT   SUNSET   751 PM EDT
APRIL  5 2018.........SUNRISE   659 AM EDT   SUNSET   752 PM EDT


-  INDICATES NEGATIVE NUMBERS.
R  INDICATES RECORD WAS SET OR TIED.
MM INDICATES DATA IS MISSING.
T  INDICATES TRACE AMOUNT.




$$
