000
CDUS41 KCLE 280620
CLIYNG


CLIMATE REPORT
NATIONAL WEATHER SERVICE CLEVELAND OH
207 AM EDT SAT APR 28 2018


...................................

...THE YOUNGSTOWN OH CLIMATE SUMMARY FOR APRIL 27 2018...

CLIMATE NORMAL PERIOD 1981 TO 2010
CLIMATE RECORD PERIOD 1897 TO 2018


WEATHER ITEM   OBSERVED TIME   RECORD YEAR NORMAL DEPARTURE LAST
                VALUE   (LST)  VALUE       VALUE  FROM      YEAR
                                                  NORMAL
..................................................................
TEMPERATURE (F)
 YESTERDAY
  MAXIMUM         68    343 PM  90    1942  64      4       80
  MINIMUM         39    604 AM  24    1993  42     -3       50
  AVERAGE         54                        52      2       65

PRECIPITATION (IN)
  YESTERDAY        T                         0.11  -0.11     0.71
  MONTH TO DATE    4.27                      3.04   1.23     2.91
  SINCE MAR 1      8.72                      5.98   2.74     7.95
  SINCE JAN 1     16.93                     10.68   6.25    15.83

SNOWFALL (IN)
  YESTERDAY        0.0                       0.1   -0.1      0.0
  MONTH TO DATE    7.6                       3.0    4.6      2.0
  SINCE MAR 1     23.2                      13.9    9.3     22.1
  SINCE JUL 1     81.3                      62.7   18.6     69.5
  SNOW DEPTH       0

DEGREE DAYS
 HEATING
  YESTERDAY       11                        13     -2        0
  MONTH TO DATE  572                       465    107      290
  SINCE MAR 1   1548                      1341    207     1160
  SINCE JUL 1   5863                      5989   -126     4944

 COOLING
  YESTERDAY        0                         0      0        0
  MONTH TO DATE    2                         0      2       14
  SINCE MAR 1      2                         1      1       14
  SINCE JAN 1      4                         1      3       14
..................................................................


WIND (MPH)
  HIGHEST WIND SPEED    36   HIGHEST WIND DIRECTION     W (280)
  HIGHEST GUST SPEED    51   HIGHEST GUST DIRECTION     W (280)
  AVERAGE WIND SPEED     7.5


SKY COVER
  POSSIBLE SUNSHINE  MM
  AVERAGE SKY COVER 0.9


WEATHER CONDITIONS
 THE FOLLOWING WEATHER WAS RECORDED YESTERDAY.
  THUNDERSTORM
  RAIN
  LIGHT RAIN
  HAIL


RELATIVE HUMIDITY (PERCENT)
 HIGHEST    86           900 PM
 LOWEST     37           200 PM
 AVERAGE    62

..........................................................


THE YOUNGSTOWN OH CLIMATE NORMALS FOR TODAY
                         NORMAL    RECORD    YEAR
 MAXIMUM TEMPERATURE (F)   64        87      1990
                                             1986
 MINIMUM TEMPERATURE (F)   42        24      1946


SUNRISE AND SUNSET
APRIL 28 2018.........SUNRISE   624 AM EDT   SUNSET   817 PM EDT
APRIL 29 2018.........SUNRISE   623 AM EDT   SUNSET   818 PM EDT


-  INDICATES NEGATIVE NUMBERS.
R  INDICATES RECORD WAS SET OR TIED.
MM INDICATES DATA IS MISSING.
T  INDICATES TRACE AMOUNT.




$$
