000
CDUS41 KCLE 202113
CLIYNG


CLIMATE REPORT
NATIONAL WEATHER SERVICE CLEVELAND OH
512 PM EDT FRI APR 20 2018


...................................

...THE YOUNGSTOWN OH CLIMATE SUMMARY FOR APRIL 20 2018...
VALID TODAY AS OF 0500 PM LOCAL TIME.

CLIMATE NORMAL PERIOD 1981 TO 2010
CLIMATE RECORD PERIOD 1897 TO 2018


WEATHER ITEM   OBSERVED TIME   RECORD YEAR NORMAL DEPARTURE LAST
                VALUE   (LST)  VALUE       VALUE  FROM      YEAR
                                                  NORMAL
..................................................................
TEMPERATURE (F)
 TODAY
  MAXIMUM         50    153 PM  85    1941  61    -11       80
  MINIMUM         27    545 AM  24    1953  40    -13       57
  AVERAGE         39                        50    -11       69

PRECIPITATION (IN)
  TODAY            0.00                      0.11  -0.11     0.31
  MONTH TO DATE    4.00                      2.29   1.71     2.14
  SINCE MAR 1      8.45                      5.23   3.22     7.18
  SINCE JAN 1     16.66                      9.93   6.73    15.06

SNOWFALL (IN)
  TODAY            0.0                       0.1   -0.1      0.0
  MONTH TO DATE    7.6                       2.8    4.8      2.0
  SINCE MAR 1     23.2                      13.7    9.5     22.1
  SINCE JUL 1     81.3                      62.5   18.8     69.5
  SNOW DEPTH       0

DEGREE DAYS
 HEATING
  TODAY           26                        15     11        0
  MONTH TO DATE  475                       369    106      232
  SINCE MAR 1   1451                      1245    206     1102
  SINCE JUL 1   5766                      5893   -127     4886

 COOLING
  TODAY            0                         0      0        4
  MONTH TO DATE    2                         0      2       14
  SINCE MAR 1      2                         1      1       14
  SINCE JAN 1      4                         1      3       14
..................................................................


WIND (MPH)
  HIGHEST WIND SPEED    20   HIGHEST WIND DIRECTION     N (360)
  HIGHEST GUST SPEED    25   HIGHEST GUST DIRECTION    NW (320)


SKY COVER
  POSSIBLE SUNSHINE  MM
  AVERAGE SKY COVER 0.0


WEATHER CONDITIONS
 THE FOLLOWING WEATHER WAS RECORDED TODAY.
  NO SIGNIFICANT WEATHER WAS OBSERVED.


RELATIVE HUMIDITY (PERCENT)
 HIGHEST    81           100 AM
 LOWEST     33           200 PM
 AVERAGE    57

..........................................................


THE YOUNGSTOWN OH CLIMATE NORMALS FOR TOMORROW
                         NORMAL    RECORD    YEAR
 MAXIMUM TEMPERATURE (F)   61        85      1985
 MINIMUM TEMPERATURE (F)   40        23      2013


SUNRISE AND SUNSET
APRIL 20 2018.........SUNRISE   636 AM EDT   SUNSET   808 PM EDT
APRIL 21 2018.........SUNRISE   634 AM EDT   SUNSET   809 PM EDT


-  INDICATES NEGATIVE NUMBERS.
R  INDICATES RECORD WAS SET OR TIED.
MM INDICATES DATA IS MISSING.
T  INDICATES TRACE AMOUNT.




$$
