000
CDUS41 KCLE 270528
CLIYNG


CLIMATE REPORT
NATIONAL WEATHER SERVICE CLEVELAND OH
127 AM EDT SUN MAY 27 2018


...................................

...THE YOUNGSTOWN OH CLIMATE SUMMARY FOR MAY 26 2018...

CLIMATE NORMAL PERIOD 1981 TO 2010
CLIMATE RECORD PERIOD 1897 TO 2018


WEATHER ITEM   OBSERVED TIME   RECORD YEAR NORMAL DEPARTURE LAST
                VALUE   (LST)  VALUE       VALUE  FROM      YEAR
                                                  NORMAL
..................................................................
TEMPERATURE (F)
 YESTERDAY
  MAXIMUM         80    444 PM  87    1939  72      8       65
  MINIMUM         61    441 AM  30    1988  50     11       49
  AVERAGE         71                        60     11       57

PRECIPITATION (IN)
  YESTERDAY        0.07                      0.12  -0.05     0.03
  MONTH TO DATE    3.26                      3.14   0.12     3.67
  SINCE MAR 1     12.15                      9.44   2.71    12.55
  SINCE JAN 1     20.36                     14.14   6.22    20.43

SNOWFALL (IN)
  YESTERDAY        0.0                       0.0    0.0      0.0
  MONTH TO DATE    0.0                       0.0    0.0      0.0
  SINCE MAR 1     23.2                      13.9    9.3     22.1
  SINCE JUL 1     81.3                      62.7   18.6     69.5
  SNOW DEPTH       0

DEGREE DAYS
 HEATING
  YESTERDAY        0                         6     -6        8
  MONTH TO DATE   48                       226   -178      246
  SINCE MAR 1   1660                      1605     55     1427
  SINCE JUL 1   5975                      6253   -278     5211

 COOLING
  YESTERDAY        6                         2      4        0
  MONTH TO DATE   43                        20     23       25
  SINCE MAR 1     45                        29     16       41
  SINCE JAN 1     47                        29     18       41
..................................................................


WIND (MPH)
  HIGHEST WIND SPEED    15   HIGHEST WIND DIRECTION    SW (220)
  HIGHEST GUST SPEED    18   HIGHEST GUST DIRECTION    SW (230)
  AVERAGE WIND SPEED     5.4


SKY COVER
  POSSIBLE SUNSHINE  MM
  AVERAGE SKY COVER 0.8


WEATHER CONDITIONS
 THE FOLLOWING WEATHER WAS RECORDED YESTERDAY.
  LIGHT RAIN
  FOG


RELATIVE HUMIDITY (PERCENT)
 HIGHEST    97           900 PM
 LOWEST     58          1000 AM
 AVERAGE    78

..........................................................


THE YOUNGSTOWN OH CLIMATE NORMALS FOR TODAY
                         NORMAL    RECORD    YEAR
 MAXIMUM TEMPERATURE (F)   72        92      1939
 MINIMUM TEMPERATURE (F)   50        30      1969


SUNRISE AND SUNSET
MAY 27 2018...........SUNRISE   555 AM EDT   SUNSET   845 PM EDT
MAY 28 2018...........SUNRISE   554 AM EDT   SUNSET   846 PM EDT


-  INDICATES NEGATIVE NUMBERS.
R  INDICATES RECORD WAS SET OR TIED.
MM INDICATES DATA IS MISSING.
T  INDICATES TRACE AMOUNT.




$$
