000
CDUS41 KCLE 190614
CLIYNG


CLIMATE REPORT
NATIONAL WEATHER SERVICE CLEVELAND OH
213 AM EDT THU APR 19 2018


...................................

...THE YOUNGSTOWN OH CLIMATE SUMMARY FOR APRIL 18 2018...

CLIMATE NORMAL PERIOD 1981 TO 2010
CLIMATE RECORD PERIOD 1897 TO 2018


WEATHER ITEM   OBSERVED TIME   RECORD YEAR NORMAL DEPARTURE LAST
                VALUE   (LST)  VALUE       VALUE  FROM      YEAR
                                                  NORMAL
..................................................................
TEMPERATURE (F)
 YESTERDAY
  MAXIMUM         50    448 PM  87    1976  60    -10       70
  MINIMUM         32    743 AM  23    1983  39     -7       38
  AVERAGE         41                        50     -9       54

PRECIPITATION (IN)
  YESTERDAY        0.01                      0.11  -0.10     0.00
  MONTH TO DATE    3.92                      2.07   1.85     1.47
  SINCE MAR 1      8.37                      5.01   3.36     6.51
  SINCE JAN 1     16.58                      9.71   6.87    14.39

SNOWFALL (IN)
  YESTERDAY        T                         0.1   -0.1      0.0
  MONTH TO DATE    7.2                       2.7    4.5      2.0
  SINCE MAR 1     22.8                      13.6    9.2     22.1
  SINCE JUL 1     80.9                      62.4   18.5     69.5
  SNOW DEPTH       0

DEGREE DAYS
 HEATING
  YESTERDAY       24                        16      8       11
  MONTH TO DATE  419                       339     80      232
  SINCE MAR 1   1395                      1215    180     1102
  SINCE JUL 1   5710                      5863   -153     4886

 COOLING
  YESTERDAY        0                         0      0        0
  MONTH TO DATE    2                         0      2        8
  SINCE MAR 1      2                         1      1        8
  SINCE JAN 1      4                         1      3        8
..................................................................


WIND (MPH)
  HIGHEST WIND SPEED    17   HIGHEST WIND DIRECTION    NE (30)
  HIGHEST GUST SPEED    21   HIGHEST GUST DIRECTION    NE (30)
  AVERAGE WIND SPEED     7.4


SKY COVER
  POSSIBLE SUNSHINE  MM
  AVERAGE SKY COVER 0.9


WEATHER CONDITIONS
 THE FOLLOWING WEATHER WAS RECORDED YESTERDAY.
  LIGHT RAIN
  SNOW
  SLEET


RELATIVE HUMIDITY (PERCENT)
 HIGHEST    76           900 PM
 LOWEST     49           300 PM
 AVERAGE    63

..........................................................


THE YOUNGSTOWN OH CLIMATE NORMALS FOR TODAY
                         NORMAL    RECORD    YEAR
 MAXIMUM TEMPERATURE (F)   61        84      2002
 MINIMUM TEMPERATURE (F)   39        24      2001
                                             1983


SUNRISE AND SUNSET
APRIL 19 2018.........SUNRISE   637 AM EDT   SUNSET   807 PM EDT
APRIL 20 2018.........SUNRISE   636 AM EDT   SUNSET   808 PM EDT


-  INDICATES NEGATIVE NUMBERS.
R  INDICATES RECORD WAS SET OR TIED.
MM INDICATES DATA IS MISSING.
T  INDICATES TRACE AMOUNT.




$$
