517
CDUS41 KCLE 150545
CLIYNG


CLIMATE REPORT
NATIONAL WEATHER SERVICE CLEVELAND OH
145 AM EDT TUE MAY 15 2018


...................................

...THE YOUNGSTOWN OH CLIMATE SUMMARY FOR MAY 14 2018...

CLIMATE NORMAL PERIOD 1981 TO 2010
CLIMATE RECORD PERIOD 1897 TO 2018


WEATHER ITEM   OBSERVED TIME   RECORD YEAR NORMAL DEPARTURE LAST
                VALUE   (LST)  VALUE       VALUE  FROM      YEAR
                                                  NORMAL
..................................................................
TEMPERATURE (F)
 YESTERDAY
  MAXIMUM         71    624 PM  89    1962  68      3       64
  MINIMUM         51    459 AM  28    2013  46      5       43
  AVERAGE         61                        57      4       54

PRECIPITATION (IN)
  YESTERDAY        0.12                      0.12   0.00      T
  MONTH TO DATE    2.14                      1.62   0.52     2.06
  SINCE MAR 1     11.03                      7.92   3.11    10.94
  SINCE JAN 1     19.24                     12.62   6.62    18.82

SNOWFALL (IN)
  YESTERDAY        0.0                       0.0    0.0      0.0
  MONTH TO DATE    0.0                       0.0    0.0      0.0
  SINCE MAR 1     23.2                      13.9    9.3     22.1
  SINCE JUL 1     81.3                      62.7   18.6     69.5
  SNOW DEPTH       0

DEGREE DAYS
 HEATING
  YESTERDAY        4                         9     -5       11
  MONTH TO DATE   46                       141    -95      197
  SINCE MAR 1   1658                      1520    138     1378
  SINCE JUL 1   5973                      6168   -195     5162

 COOLING
  YESTERDAY        0                         1     -1        0
  MONTH TO DATE   12                         7      5        0
  SINCE MAR 1     14                        16     -2       16
  SINCE JAN 1     16                        16      0       16
..................................................................


WIND (MPH)
  HIGHEST WIND SPEED    20   HIGHEST WIND DIRECTION    NW (300)
  HIGHEST GUST SPEED    27   HIGHEST GUST DIRECTION     W (280)
  AVERAGE WIND SPEED     5.1


SKY COVER
  POSSIBLE SUNSHINE  MM
  AVERAGE SKY COVER 0.8


WEATHER CONDITIONS
 THE FOLLOWING WEATHER WAS RECORDED YESTERDAY.
  THUNDERSTORM
  RAIN
  LIGHT RAIN
  FOG
  FOG W/VISIBILITY <= 1/4 MILE


RELATIVE HUMIDITY (PERCENT)
 HIGHEST   100          1200 AM
 LOWEST     73          1000 AM
 AVERAGE    87

..........................................................


THE YOUNGSTOWN OH CLIMATE NORMALS FOR TODAY
                         NORMAL    RECORD    YEAR
 MAXIMUM TEMPERATURE (F)   69        87      1991
                                             1962
 MINIMUM TEMPERATURE (F)   46        33      1969


SUNRISE AND SUNSET
MAY 15 2018...........SUNRISE   604 AM EDT   SUNSET   834 PM EDT
MAY 16 2018...........SUNRISE   603 AM EDT   SUNSET   835 PM EDT


-  INDICATES NEGATIVE NUMBERS.
R  INDICATES RECORD WAS SET OR TIED.
MM INDICATES DATA IS MISSING.
T  INDICATES TRACE AMOUNT.




$$
