000
CDUS41 KCLE 140545
CLIYNG


CLIMATE REPORT
NATIONAL WEATHER SERVICE CLEVELAND OH
145 AM EDT MON MAY 14 2018


...................................

...THE YOUNGSTOWN OH CLIMATE SUMMARY FOR MAY 13 2018...

CLIMATE NORMAL PERIOD 1981 TO 2010
CLIMATE RECORD PERIOD 1897 TO 2018


WEATHER ITEM   OBSERVED TIME   RECORD YEAR NORMAL DEPARTURE LAST
                VALUE   (LST)  VALUE       VALUE  FROM      YEAR
                                                  NORMAL
..................................................................
TEMPERATURE (F)
 YESTERDAY
  MAXIMUM         65    633 PM  88    1936  68     -3       68
  MINIMUM         49    231 AM  29    2013  46      3       40
  AVERAGE         57                        57      0       54

PRECIPITATION (IN)
  YESTERDAY        0.56                      0.12   0.44     0.06
  MONTH TO DATE    2.02                      1.50   0.52     2.06
  SINCE MAR 1     10.91                      7.80   3.11    10.94
  SINCE JAN 1     19.12                     12.50   6.62    18.82

SNOWFALL (IN)
  YESTERDAY        0.0                       0.0    0.0      0.0
  MONTH TO DATE    0.0                       0.0    0.0      0.0
  SINCE MAR 1     23.2                      13.9    9.3     22.1
  SINCE JUL 1     81.3                      62.7   18.6     69.5
  SNOW DEPTH       0

DEGREE DAYS
 HEATING
  YESTERDAY        8                         9     -1       11
  MONTH TO DATE   42                       132    -90      186
  SINCE MAR 1   1654                      1511    143     1367
  SINCE JUL 1   5969                      6159   -190     5151

 COOLING
  YESTERDAY        0                         1     -1        0
  MONTH TO DATE   12                         6      6        0
  SINCE MAR 1     14                        15     -1       16
  SINCE JAN 1     16                        15      1       16
..................................................................


WIND (MPH)
  HIGHEST WIND SPEED    12   HIGHEST WIND DIRECTION     S (170)
  HIGHEST GUST SPEED    16   HIGHEST GUST DIRECTION    SE (150)
  AVERAGE WIND SPEED     3.8


SKY COVER
  POSSIBLE SUNSHINE  MM
  AVERAGE SKY COVER 0.9


WEATHER CONDITIONS
 THE FOLLOWING WEATHER WAS RECORDED YESTERDAY.
  THUNDERSTORM
  RAIN
  LIGHT RAIN
  FOG
  FOG W/VISIBILITY <= 1/4 MILE


RELATIVE HUMIDITY (PERCENT)
 HIGHEST   100           200 AM
 LOWEST     87           200 PM
 AVERAGE    94

..........................................................


THE YOUNGSTOWN OH CLIMATE NORMALS FOR TODAY
                         NORMAL    RECORD    YEAR
 MAXIMUM TEMPERATURE (F)   68        89      1962
 MINIMUM TEMPERATURE (F)   46        28      2013


SUNRISE AND SUNSET
MAY 14 2018...........SUNRISE   605 AM EDT   SUNSET   833 PM EDT
MAY 15 2018...........SUNRISE   604 AM EDT   SUNSET   834 PM EDT


-  INDICATES NEGATIVE NUMBERS.
R  INDICATES RECORD WAS SET OR TIED.
MM INDICATES DATA IS MISSING.
T  INDICATES TRACE AMOUNT.




$$
