000
CDUS41 KCLE 090530
CLIYNG


CLIMATE REPORT
NATIONAL WEATHER SERVICE CLEVELAND OH
128 AM EDT MON APR 9 2018


...................................

...THE YOUNGSTOWN OH CLIMATE SUMMARY FOR APRIL 8 2018...

CLIMATE NORMAL PERIOD 1981 TO 2010
CLIMATE RECORD PERIOD 1897 TO 2018


WEATHER ITEM   OBSERVED TIME   RECORD YEAR NORMAL DEPARTURE LAST
                VALUE   (LST)  VALUE       VALUE  FROM      YEAR
                                                  NORMAL
..................................................................
TEMPERATURE (F)
 YESTERDAY
  MAXIMUM         37    324 PM  81    2001  56    -19       56
  MINIMUM         25    945 PM  14    1982  36    -11       29
  AVERAGE         31                        46    -15       43

PRECIPITATION (IN)
  YESTERDAY        0.01                      0.11  -0.10     0.00
  MONTH TO DATE    1.87                      0.92   0.95     1.05
  SINCE MAR 1      6.32                      3.86   2.46     6.09
  SINCE JAN 1     14.53                      8.56   5.97    13.97

SNOWFALL (IN)
  YESTERDAY        0.1                       0.2   -0.1      0.0
  MONTH TO DATE    5.7                       1.5    4.2      2.0
  SINCE MAR 1     21.3                      12.4    8.9     22.1
  SINCE JUL 1     79.4                      61.2   18.2     69.5
  SNOW DEPTH       0

DEGREE DAYS
 HEATING
  YESTERDAY       34                        19     15       22
  MONTH TO DATE  219                       166     53      151
  SINCE MAR 1   1195                      1042    153     1021
  SINCE JUL 1   5510                      5690   -180     4805

 COOLING
  YESTERDAY        0                         0      0        0
  MONTH TO DATE    0                         0      0        0
  SINCE MAR 1      0                         1     -1        0
  SINCE JAN 1      2                         1      1        0
..................................................................


WIND (MPH)
  HIGHEST WIND SPEED    18   HIGHEST WIND DIRECTION    NW (330)
  HIGHEST GUST SPEED    23   HIGHEST GUST DIRECTION    NW (320)
  AVERAGE WIND SPEED     7.9


SKY COVER
  POSSIBLE SUNSHINE  MM
  AVERAGE SKY COVER 0.7


WEATHER CONDITIONS
 THE FOLLOWING WEATHER WAS RECORDED YESTERDAY.
  LIGHT SNOW
  FOG


RELATIVE HUMIDITY (PERCENT)
 HIGHEST    85          1000 AM
 LOWEST     43           600 PM
 AVERAGE    64

..........................................................


THE YOUNGSTOWN OH CLIMATE NORMALS FOR TODAY
                         NORMAL    RECORD    YEAR
 MAXIMUM TEMPERATURE (F)   56        79      1931
 MINIMUM TEMPERATURE (F)   36        17      1977
                                             1972


SUNRISE AND SUNSET
APRIL  9 2018.........SUNRISE   653 AM EDT   SUNSET   756 PM EDT
APRIL 10 2018.........SUNRISE   651 AM EDT   SUNSET   757 PM EDT


-  INDICATES NEGATIVE NUMBERS.
R  INDICATES RECORD WAS SET OR TIED.
MM INDICATES DATA IS MISSING.
T  INDICATES TRACE AMOUNT.




$$
