000
CDUS41 KCLE 240545
CLIYNG


CLIMATE REPORT
NATIONAL WEATHER SERVICE CLEVELAND OH
145 AM EDT THU MAY 24 2018


...................................

...THE YOUNGSTOWN OH CLIMATE SUMMARY FOR MAY 23 2018...

CLIMATE NORMAL PERIOD 1981 TO 2010
CLIMATE RECORD PERIOD 1897 TO 2018


WEATHER ITEM   OBSERVED TIME   RECORD YEAR NORMAL DEPARTURE LAST
                VALUE   (LST)  VALUE       VALUE  FROM      YEAR
                                                  NORMAL
..................................................................
TEMPERATURE (F)
 YESTERDAY
  MAXIMUM         76    423 PM  95    1941  71      5       73
  MINIMUM         53   1129 PM  30    2006  49      4       45
                                      1967
  AVERAGE         65                        60      5       59

PRECIPITATION (IN)
  YESTERDAY        T                         0.13  -0.13     0.00
  MONTH TO DATE    3.19                      2.75   0.44     2.54
  SINCE MAR 1     12.08                      9.05   3.03    11.42
  SINCE JAN 1     20.29                     13.75   6.54    19.30

SNOWFALL (IN)
  YESTERDAY        0.0                       0.0    0.0      0.0
  MONTH TO DATE    0.0                       0.0    0.0      0.0
  SINCE MAR 1     23.2                      13.9    9.3     22.1
  SINCE JUL 1     81.3                      62.7   18.6     69.5
  SNOW DEPTH       0

DEGREE DAYS
 HEATING
  YESTERDAY        0                         7     -7        6
  MONTH TO DATE   48                       208   -160      231
  SINCE MAR 1   1660                      1587     73     1412
  SINCE JUL 1   5975                      6235   -260     5196

 COOLING
  YESTERDAY        0                         1     -1        0
  MONTH TO DATE   34                        16     18       25
  SINCE MAR 1     36                        25     11       41
  SINCE JAN 1     38                        25     13       41
..................................................................


WIND (MPH)
  HIGHEST WIND SPEED    15   HIGHEST WIND DIRECTION     N (340)
  HIGHEST GUST SPEED    20   HIGHEST GUST DIRECTION     N (360)
  AVERAGE WIND SPEED     7.1


SKY COVER
  POSSIBLE SUNSHINE  MM
  AVERAGE SKY COVER 0.7


WEATHER CONDITIONS
 THE FOLLOWING WEATHER WAS RECORDED YESTERDAY.
  LIGHT RAIN
  FOG


RELATIVE HUMIDITY (PERCENT)
 HIGHEST   100           600 AM
 LOWEST     38           500 PM
 AVERAGE    69

..........................................................


THE YOUNGSTOWN OH CLIMATE NORMALS FOR TODAY
                         NORMAL    RECORD    YEAR
 MAXIMUM TEMPERATURE (F)   71        88      1933
 MINIMUM TEMPERATURE (F)   49        25      1963


SUNRISE AND SUNSET
MAY 24 2018...........SUNRISE   557 AM EDT   SUNSET   843 PM EDT
MAY 25 2018...........SUNRISE   556 AM EDT   SUNSET   844 PM EDT


-  INDICATES NEGATIVE NUMBERS.
R  INDICATES RECORD WAS SET OR TIED.
MM INDICATES DATA IS MISSING.
T  INDICATES TRACE AMOUNT.




$$
