000
CXUS51 KCLE 051029
CLMYNG


CLIMATE REPORT
NATIONAL WEATHER SERVICE CLEVELAND OH
528 AM EST MON MAR 5 2018

...................................

...THE YOUNGSTOWN OH CLIMATE SUMMARY FOR THE MONTH OF FEBRUARY 2018...

CLIMATE NORMAL PERIOD 1981 TO 2010
CLIMATE RECORD PERIOD 1897 TO 2018

WEATHER         OBSERVED          NORMAL  DEPART  LAST YEAR`S
                 VALUE   DATE(S)  VALUE   FROM    VALUE
                                          NORMAL
.............................................................
TEMPERATURE (F)
RECORD
 HIGH              75   02/24/2017
 LOW              -16   02/09/1934
HIGHEST            73   02/20
LOWEST              2   02/09
AVG. MAXIMUM     44.9              36.1     8.8     47.8
AVG. MINIMUM     26.4              20.7     5.7     29.4
MEAN             35.6              28.4     7.2     38.6
DAYS MAX >= 90      0               0.0     0.0        0
DAYS MAX <= 32      8              10.7    -2.7        6
DAYS MIN <= 32     18              23.6    -5.6       20
DAYS MIN <= 0       0               0.9    -0.9        0

PRECIPITATION (INCHES)
RECORD
 MAXIMUM         5.83   2008
 MINIMUM         0.55
TOTALS           5.07              2.15    2.92     2.53
DAYS >= .01        21              14.3     6.7       14
DAYS >= .10        13               6.5     6.5        4
DAYS >= .50         4               0.8     3.2        2
DAYS >= 1.00        0               0.1    -0.1        0
GREATEST
 24 HR. TOTAL    0.76   02/19 TO 02/19              0.90

SNOWFALL (INCHES)
RECORDS
 TOTAL           36.3   2010
TOTALS           15.0              12.8     2.2      6.1
SINCE 7/1        58.1              48.8     9.3     47.4
DAYS >= 1.0         4               4.3    -0.3        3
GREATEST
 24 HR TOTAL      6.4   02/07 TO 02/07

DEGREE_DAYS
HEATING TOTAL     817              1025    -208      731
 SINCE 7/1       4315              4648    -333     3784
COOLING TOTAL       2                 0       2        0
 SINCE 1/1          2                 0       2        0
..............................................................

WIND (MPH)
AVERAGE WIND SPEED              9.1
HIGHEST WIND SPEED/DIRECTION    32/250    DATE  02/25
HIGHEST GUST SPEED/DIRECTION    44/260    DATE  02/25

SKY COVER
AVERAGE SKY COVER           0.90

AVERAGE RH (PERCENT)     74

WEATHER CONDITIONS. NUMBER OF DAYS WITH
THUNDERSTORM              0     MIXED PRECIP               0
HEAVY RAIN                1     RAIN                       7
LIGHT RAIN               15     FREEZING RAIN              0
LT FREEZING RAIN          4     HAIL                       0
HEAVY SNOW                0     SNOW                       3
LIGHT SNOW               11     SLEET                      1
FOG                      22     FOG W/VIS <= 1/4 MILE      5
HAZE                      0

-  INDICATES NEGATIVE NUMBERS.
R  INDICATES RECORD WAS SET OR TIED.
MM INDICATES DATA IS MISSING.
T  INDICATES TRACE AMOUNT.

$$
