000
CXUS51 KCLE 041429
CLMYNG
CLIMATE REPORT
NATIONAL WEATHER SERVICE CLEVELAND, OH
929 AM EST MON MAR 04 2024
...................................
...THE YOUNGSTOWN OH CLIMATE SUMMARY FOR THE MONTH OF FEBRUARY 2024...
CLIMATE NORMAL PERIOD 1991 TO 2020
CLIMATE RECORD PERIOD 1897 TO 2024
WEATHER OBSERVED NORMAL DEPART LAST YEAR`S
VALUE DATE(S) VALUE FROM VALUE
NORMAL
..............................................................
TEMPERATURE (F)
RECORD
HIGH 75 02/24/2017
LOW -16 02/09/1934
HIGHEST 64 02/09
02/27
LOWEST 14 02/18
AVG. MAXIMUM 46.8 37.3 9.5 48.8
AVG. MINIMUM 26.6 20.7 5.9 25.7
MEAN 36.7 29.0 7.7 37.2
DAYS MAX >= 90 0 0.0 0.0 0
DAYS MAX <= 32 3 10.8 -7.8 3
DAYS MIN <= 32 23 23.9 -0.9 22
DAYS MIN <= 0 0 1.3 -1.3 0
PRECIPITATION (INCHES)
RECORD
MAXIMUM 5.83 2008
MINIMUM 0.55
TOTALS 1.67 2.52 -0.85 2.06
DAYS >= .01 10 15.6 -5.6 10
DAYS >= .10 4 7.2 -3.2 4
DAYS >= .50 1 1.2 -0.2 2
DAYS >= 1.00 0 0.2 -0.2 0
GREATEST
24 HR. TOTAL 0.57 02/22 TO 02/22 0.91
SNOWFALL (INCHES)
RECORDS
TOTAL 36.3 2010
TOTALS 2.7 15.1 -12.4 0.4
SINCE 7/1 24.4 54.7 -30.3 18.2
DAYS >= 1.0 2 5.0 -3.0 0
GREATEST
24 HR TOTAL 1.7 02/16 TO 02/16
DEGREE DAYS
HEATING TOTAL 812 1008 -196 770
SINCE 7/1 3727 4470 -743 3830
COOLING TOTAL 0 0 0 0
SINCE 1/1 0 0 0 0
..............................................................
WIND (MPH)
AVERAGE WIND SPEED 8.7
HIGHEST WIND SPEED/DIRECTION 33/230 DATE 02/15
HIGHEST GUST SPEED/DIRECTION 49/230 DATE 02/15
SKY COVER
AVERAGE SKY COVER 0.66
AVERAGE RH (PERCENT) 65
WEATHER CONDITIONS. NUMBER OF DAYS WITH
THUNDERSTORM 2 MIXED PRECIP 0
HEAVY RAIN 1 RAIN 1
LIGHT RAIN 8 FREEZING RAIN 0
LT FREEZING RAIN 0 HAIL 1
HEAVY SNOW 1 SNOW 1
LIGHT SNOW 6 SLEET 0
FOG 13 FOG W/VIS <= 1/4 MILE 3
HAZE 3
- INDICATES NEGATIVE NUMBERS.
R INDICATES RECORD WAS SET OR TIED.
MM INDICATES DATA IS MISSING.
T INDICATES TRACE AMOUNT.
$$