000
CXUS54 KFWD 010830
CF60F2
PRELIMINARY LOCAL CLIMATOLOGICAL DATA (WS FORM: F-6)
STATION: BOWIE
MONTH: FEBRUARY
YEAR: 2021
LATITUDE: 33 36 N
LONGITUDE: 97 47 W
TEMPERATURE IN F: :PCPN: SNOW: WIND :SUNSHINE: SKY :PK WND
================================================================================
1 2 3 4 5 6A 6B 7 8 9 10 11 12 13 14 15 16 17 18
12Z AVG MX 2MIN
DY MAX MIN AVG DEP HDD CDD WTR SNW DPTH SPD SPD DIR MIN PSBL S-S WX SPD DR
================================================================================
1 57 28 43 0 22 0 0.00 M M 3.1 7 330 M M 0 M M
2 64 34 49 6 16 0 0.00 M M 4.4 10 160 M M 0 18 160
3 72 39 56 13 9 0 0.00 M M 11.2 18 160 M M 0 24 160
4 60 36 48 5 17 0 0.00 M M 13.3 26 340 M M 0 32 330
5 57 36 47 4 18 0 0.00 M M 3.6 10 160 M M 4 M M
6 51 37 44 1 21 0 0.00 M M 7.8 15 330 M M 7 21 330
7 55 34 45 1 20 0 0.00 M M 6.5 14 170 M M 5 20 140
8 60 29 45 1 20 0 0.00 M M 10.1 16 300 M M 8 1 22 150
9 29 24 27 -17 38 0 M M M 8.9 14 340 M M 10 1 20 340
10 28 23 26 -18 39 0 0.00 M M 9.8 14 360 M M 10 1 20 360
11 25 20 23 -21 42 0 M M M 11.6 15 360 M M 10 1 22 350
12 24 18 21 -23 44 0 0.00 0.0 0 10.5 16 360 M M 10 23 360
13 29 15 22 -23 43 0 0.00 M M 10.0 13 10 M M 10 20 10
14 20 10 15 -30 50 0 M M M 11.3 15 360 M M 10 23 360
15 M M M M M M M M M M M M M M M M M
16 M M M M M M M M M M M M M M M M M
17 M M M M M M M M M M M M M M M M M
18 M M M M M M M M M M M M M M M M M
19 M M M M M M M M M M M M M M M M M
20 58 44 51 5 14 0 0.00 M M 12.7 17 150 M M 0 24 160
21 63 39 51 5 14 0 0.00 M M 11.9 18 300 M M 3 26 170
22 71 28 50 3 15 0 0.00 M M 5.3 16 200 M M 0 22 230
23 81 36 59 12 6 0 0.00 0.0 M 8.4 23 200 M M 0 29 200
24 65 44 55 8 10 0 0.00 M M 11.7 20 340 M M 0 26 340
25 50 40 45 -3 20 0 0.20 M M 6.1 8 30 M M 6 1 16 20
26 56 43 50 2 15 0 0.01 M M 2.6 7 210 M M 8 12 M M
27 64 46 55 7 10 0 M M M 6.4 12 160 M M 7 12 18 170
28 64 47 56 8 9 0 0.05 M M 8.7 17 340 M M 3 12 21 340
================================================================================
SM 1203 750 512 0 0.26 0.0 195.7 M 111
================================================================================
AV 52.3 32.6 8.5 FASTST M M 5 MAX(MPH)
MISC ----> 26 340 32 330
================================================================================
NOTES:
# LAST OF SEVERAL OCCURRENCES
COLUMN 17 PEAK WIND IN M.P.H.
PRELIMINARY LOCAL CLIMATOLOGICAL DATA (WS FORM: F-6) , PAGE 2
STATION: BOWIE
MONTH: FEBRUARY
YEAR: 2021
LATITUDE: 33 36 N
LONGITUDE: 97 47 W
[TEMPERATURE DATA] [PRECIPITATION DATA] SYMBOLS USED IN COLUMN 16
AVERAGE MONTHLY: 42.5 TOTAL FOR MONTH: 0.26 1 = FOG OR MIST
DPTR FM NORMAL: -2.6 DPTR FM NORMAL: -2.18 2 = FOG REDUCING VISIBILITY
HIGHEST: 81 ON 23 GRTST 24HR 0.20 ON 25-25 TO 1/4 MILE OR LESS
LOWEST: 10 ON 14 3 = THUNDER
SNOW, ICE PELLETS, HAIL 4 = ICE PELLETS
TOTAL MONTH: 0.0 INCH 5 = HAIL
GRTST 24HR 0.0 6 = FREEZING RAIN OR DRIZZLE
GRTST DEPTH: 0 7 = DUSTSTORM OR SANDSTORM:
VSBY 1/2 MILE OR LESS
8 = SMOKE OR HAZE
[NO. OF DAYS WITH] [WEATHER - DAYS WITH] 9 = BLOWING SNOW
X = TORNADO
MAX 32 OR BELOW: 6 0.01 INCH OR MORE: 3
MAX 90 OR ABOVE: 0 0.10 INCH OR MORE: 1
MIN 32 OR BELOW: 9 0.50 INCH OR MORE: 0
MIN 0 OR BELOW: 0 1.00 INCH OR MORE: 0
[HDD (BASE 65) ]
TOTAL THIS MO. 512 CLEAR (SCALE 0-3) 9
DPTR FM NORMAL -45 PTCLDY (SCALE 4-7) 8
TOTAL FM JUL 1 2207 CLOUDY (SCALE 8-10) 11
DPTR FM NORMAL -302
[CDD (BASE 65) ]
TOTAL THIS MO. 0
DPTR FM NORMAL -2 [PRESSURE DATA]
TOTAL FM JAN 1 0 HIGHEST SLP M ON M
DPTR FM NORMAL 0 LOWEST SLP M ON M
[REMARKS]
#FINAL-02-21#