000
CXUS54 KFWD 010730
CF60F2
PRELIMINARY LOCAL CLIMATOLOGICAL DATA (WS FORM: F-6)
STATION: BOWIE
MONTH: OCTOBER
YEAR: 2023
LATITUDE: 33 36 N
LONGITUDE: 97 47 W
TEMPERATURE IN F: :PCPN: SNOW: WIND :SUNSHINE: SKY :PK WND
================================================================================
1 2 3 4 5 6A 6B 7 8 9 10 11 12 13 14 15 16 17 18
12Z AVG MX 2MIN
DY MAX MIN AVG DEP HDD CDD WTR SNW DPTH SPD SPD DIR MIN PSBL S-S WX SPD DR
================================================================================
1 90 60 75 7 0 10 0.00 M M 2.9 8 120 M M 1 M M
2 92 62 77 9 0 12 0.00 M M 4.4 13 120 M M 1 17 140
3 90 68 79 11 0 14 0.00 M M 7.2 14 150 M M 1 22 170
4 90 67 79 12 0 14 3.64 M M 9.1 20 10 M M 6 30 10
5 81 63 72 5 0 7 0.00 M M 5.2 12 360 M M 5 17 360
6 83 56 70 3 0 5 0.00 M M 6.6 13 10 M M 0 18 20
7 69 49 59 -7 6 0 0.00 M M 4.0 12 20 M M 3 20 20
8 80 46 63 -3 2 0 0.00 M M 4.0 10 180 M M 0 M M
9 87 51 69 3 0 4 0.00 M M 4.0 8 270 M M 0 M M
10 85 57 71 6 0 6 0.00 M M 5.8 12 170 M M 0 22 180
11 77 62 70 5 0 5 0.00 M M 9.8 17 170 M M 6 29 170
12 84 64 74 9 0 9 0.00 M M 12.4 16 170 M M 5 26 160
13 74 56 65 1 0 0 0.00 M M 12.1 26 340 M M 0 33 340
14 67 48 58 -6 7 0 0.00 M M 11.1 17 350 M M 0 24 330
15 65 44 55 -9 10 0 0.00 M M 9.2 17 350 M M 2 25 360
16 64 40 52 -12 13 0 0.00 M M 5.0 14 340 M M 0 23 340
17 74 37 56 -7 9 0 0.00 M M 3.4 8 170 M M 0 1 M M
18 81 49 65 2 0 0 0.00 M M 6.2 15 200 M M 0 22 160
19 84 49 67 4 0 2 0.00 M M 3.7 8 320 M M 0 17 320
20 90 53 72 10 0 7 0.00 M M 2.6 10 330 M M 0 M M
21 91 54 73 11 0 8 0.00 M M 2.4 12 180 M M 0 M M
22 84 56 70 8 0 5 0.00 M M 3.4 9 160 M M 0 M M
23 77 65 71 9 0 6 0.75 M M 6.6 12 170 M M 5 22 150
24 72 65 69 8 0 4 0.93 M M 10.2 16 170 M M 10 26 150
25 74 65 70 9 0 5 1.05 M M 8.3 14 170 M M 10 1 22 160
26 82 66 74 14 0 9 0.00 M M 7.2 13 160 M M 5 20 160
27 76 56 66 6 0 1 0.00 M M 8.3 15 350 M M 10 20 190
28 56 46 51 -9 14 0 0.76 M M 6.3 13 360 M M 10 1 18 10
29 46 36 41 -19 24 0 0.62 M M 14.7 20 350 M M 10 1 26 350
30 48 32 40 -19 25 0 0.00 M M 10.0 16 360 M M 1 22 360
31 57 29 43 -16 22 0 0.00 M M 7.0 14 330 M M 0 20 330
================================================================================
SM 2370 1651 132 133 7.75 M 213.1 M 91
================================================================================
AV 76.5 53.3 6.9 FASTST M M 3 MAX(MPH)
MISC ----> 26 340 33 340
================================================================================
NOTES:
# LAST OF SEVERAL OCCURRENCES
COLUMN 17 PEAK WIND IN M.P.H.
PRELIMINARY LOCAL CLIMATOLOGICAL DATA (WS FORM: F-6) , PAGE 2
STATION: BOWIE
MONTH: OCTOBER
YEAR: 2023
LATITUDE: 33 36 N
LONGITUDE: 97 47 W
[TEMPERATURE DATA] [PRECIPITATION DATA] SYMBOLS USED IN COLUMN 16
AVERAGE MONTHLY: 64.9 TOTAL FOR MONTH: 7.75 1 = FOG OR MIST
DPTR FM NORMAL: 1.3 DPTR FM NORMAL: 3.73 2 = FOG REDUCING VISIBILITY
HIGHEST: 92 ON 2 GRTST 24HR 3.64 ON 4- 4 TO 1/4 MILE OR LESS
LOWEST: 29 ON 31 3 = THUNDER
SNOW, ICE PELLETS, HAIL 4 = ICE PELLETS
TOTAL MONTH: M 5 = HAIL
GRTST 24HR M ON M 6 = FREEZING RAIN OR DRIZZLE
GRTST DEPTH: M ON M 7 = DUSTSTORM OR SANDSTORM:
VSBY 1/2 MILE OR LESS
8 = SMOKE OR HAZE
[NO. OF DAYS WITH] [WEATHER - DAYS WITH] 9 = BLOWING SNOW
X = TORNADO
MAX 32 OR BELOW: 0 0.01 INCH OR MORE: 6
MAX 90 OR ABOVE: 6 0.10 INCH OR MORE: 6
MIN 32 OR BELOW: 2 0.50 INCH OR MORE: 6
MIN 0 OR BELOW: 0 1.00 INCH OR MORE: 2
[HDD (BASE 65) ]
TOTAL THIS MO. 132 CLEAR (SCALE 0-3) 20
DPTR FM NORMAL 8 PTCLDY (SCALE 4-7) 6
TOTAL FM JUL 1 132 CLOUDY (SCALE 8-10) 5
DPTR FM NORMAL -7
[CDD (BASE 65) ]
TOTAL THIS MO. 133
DPTR FM NORMAL 54 [PRESSURE DATA]
TOTAL FM JAN 1 2750 HIGHEST SLP M ON M
DPTR FM NORMAL 688 LOWEST SLP M ON M
[REMARKS]
#FINAL-10-23#