000
CXUS54 KHGX 152048
CF611R
PRELIMINARY LOCAL CLIMATOLOGICAL DATA (WS FORM: F-6)
STATION: BRENHAM
MONTH: SEPTEMBER
YEAR: 2023
LATITUDE: 30 13 N
LONGITUDE: 96 22 W
TEMPERATURE IN F: :PCPN: SNOW: WIND :SUNSHINE: SKY :PK WND
================================================================================
1 2 3 4 5 6A 6B 7 8 9 10 11 12 13 14 15 16 17 18
12Z AVG MX 2MIN
DY MAX MIN AVG DEP HDD CDD WTR SNW DPTH SPD SPD DIR MIN PSBL S-S WX SPD DR
================================================================================
1 100 73 87 M 0 22 0.00 0.0 0 2.0 7 90 M M 1 M M
2 101 73 87 M 0 22 0.00 0.0 0 2.4 10 190 M M 1 M M
3 101 78 90 M 0 25 M 0.0 0 5.1 13 170 M M 1 18 170
4 101 79 90 M 0 25 M 0.0 0 8.1 15 160 M M 1 21 160
5 103 81 92 M 0 27 M 0.0 0 8.5 14 200 M M 3 22 210
6 103 79 91 M 0 26 M 0.0 0 3.3 10 190 M M 3 1 18 180
7 105 81 93 M 0 28 M 0.0 0 5.5 9 180 M M 1 16 180
8 106 81 94 M 0 29 M 0.0 0 6.6 15 110 M M 0 21 110
9 101 78 90 M 0 25 M 0.0 0 5.9 12 90 M M 3 23 90
10 99 76 88 M 0 23 M 0.0 0 4.0 8 110 M M 2 M M
11 97 68 83 M 0 18 M 0.0 0 1.6 5 70 M M 0 M M
12 98 74 86 M 0 21 0.00 0.0 0 2.5 8 350 M M 3 16 0
13 91 76 84 M 0 19 0.20 0.0 0 5.0 12 10 M M 5 17 10
14 91 76 84 M 0 19 0.18 0.0 0 3.3 10 100 M M 6 13 17 100
15 89 74 82 M 0 17 1.15 0.0 0 3.3 10 20 M M 6 13 29 120
16 91 73 82 M 0 17 0.19 0.0 0 2.1 14 310 M M 5 123 39 0
17 93 73 83 M 0 18 0.00 0.0 0 3.6 8 340 M M 2 1 M M
18 95 69 82 M 0 17 0.00 0.0 0 1.2 6 150 M M 2 M M
19 95 69 82 M 0 17 0.00 0.0 0 3.6 12 180 M M 1 M M
20 97 71 84 M 0 19 0.00 0.0 0 5.2 14 210 M M 1 17 210
21 99 73 86 M 0 21 0.00 0.0 0 4.3 9 120 M M 1 9 100
22 100 74 87 M 0 22 0.00 0.0 0 4.8 13 170 M M 2 22 170
23 100 78 89 M 0 24 0.00 0.0 0 5.8 12 160 M M 4 1 18 160
24 99 78 89 M 0 24 0.01 0.0 0 7.9 17 190 M M 4 3 22 190
25 98 75 87 M 0 22 0.22 0.0 0 3.8 13 200 M M 5 3 28 10
26 94 72 83 M 0 18 M 0.0 M 2.2 7 140 M M 1 1 M M
27 95 73 84 M 0 19 M 0.0 M 2.5 7 160 M M 1 1 M M
28 96 71 84 M 0 19 0.00 0.0 0 2.2 8 160 M M 1 1 M M
29 95 71 83 M 0 18 M 0.0 0 2.9 9 110 M M 2 1 18 90
30 97 72 85 M 0 20 M 0.0 0 3.7 10 90 M M 1 16 90
================================================================================
SM 2930 2239 0 641 1.95 0.0 122.9 M 69
================================================================================
AV 97.7 74.6 4.1 FASTST M M 2 MAX(MPH)
MISC ----> 17 190 39 0
================================================================================
NOTES:
# LAST OF SEVERAL OCCURRENCES
COLUMN 17 PEAK WIND IN M.P.H.
PRELIMINARY LOCAL CLIMATOLOGICAL DATA (WS FORM: F-6) , PAGE 2
STATION: BRENHAM
MONTH: SEPTEMBER
YEAR: 2023
LATITUDE: 30 13 N
LONGITUDE: 96 22 W
[TEMPERATURE DATA] [PRECIPITATION DATA] SYMBOLS USED IN COLUMN 16
AVERAGE MONTHLY: 86.1 TOTAL FOR MONTH: 1.95 1 = FOG OR MIST
DPTR FM NORMAL: 33.7 DPTR FM NORMAL: -1.80 2 = FOG REDUCING VISIBILITY
HIGHEST: 106 ON 8 GRTST 24HR 1.15 ON 15-15 TO 1/4 MILE OR LESS
LOWEST: 68 ON 11 3 = THUNDER
SNOW, ICE PELLETS, HAIL 4 = ICE PELLETS
TOTAL MONTH: 0.0 INCH 5 = HAIL
GRTST 24HR 0.0 6 = FREEZING RAIN OR DRIZZLE
GRTST DEPTH: 0 7 = DUSTSTORM OR SANDSTORM:
VSBY 1/2 MILE OR LESS
8 = SMOKE OR HAZE
[NO. OF DAYS WITH] [WEATHER - DAYS WITH] 9 = BLOWING SNOW
X = TORNADO
MAX 32 OR BELOW: 0 0.01 INCH OR MORE: 6
MAX 90 OR ABOVE: 29 0.10 INCH OR MORE: 5
MIN 32 OR BELOW: 0 0.50 INCH OR MORE: 1
MIN 0 OR BELOW: 0 1.00 INCH OR MORE: 1
[HDD (BASE 65) ]
TOTAL THIS MO. 0 CLEAR (SCALE 0-3) 22
DPTR FM NORMAL M PTCLDY (SCALE 4-7) 8
TOTAL FM JUL 1 0 CLOUDY (SCALE 8-10) 0
DPTR FM NORMAL M
[CDD (BASE 65) ]
TOTAL THIS MO. 641
DPTR FM NORMAL M [PRESSURE DATA]
TOTAL FM JAN 1 3135 HIGHEST SLP M ON M
DPTR FM NORMAL M LOWEST SLP M ON M
[REMARKS]
#FINAL-09-23#