000
CXUS53 KUNR 011030
CF62WX
PRELIMINARY LOCAL CLIMATOLOGICAL DATA (WS FORM: F-6)
STATION: BUFFALO SD
MONTH: JANUARY
YEAR: 2022
LATITUDE: 45 35 N
LONGITUDE: 103 33 W
TEMPERATURE IN F: :PCPN: SNOW: WIND :SUNSHINE: SKY :PK WND
================================================================================
1 2 3 4 5 6A 6B 7 8 9 10 11 12 13 14 15 16 17 18
12Z AVG MX 2MIN
DY MAX MIN AVG DEP HDD CDD WTR SNW DPTH SPD SPD DIR MIN PSBL S-S WX SPD DR
================================================================================
1 3 -16 -6 -28 71 0 0.00 M M 6.4 14 310 M M M 15 310
2 36 -1 18 -4 47 0 0.00 M M 14.5 24 260 M M M 31 270
3 30 13 22 0 43 0 0.00 M M 6.6 16 160 M M M 19 170
4 35 -10 13 -8 52 0 0.00 M M 28.8 54 320 M M M 66 320
5 -9 -16 -12 -33 77 0 0.00 M M 19.9 32 330 M M M 39 320
6 -1 -18 -9 -30 74 0 0.01 M M 10.1 22 300 M M M 26 300
7 30 -4 13 -8 52 0 0.00 M M 10.5 24 160 M M M 29 160
8 39 -3 18 -3 47 0 0.00 M M 19.9 36 320 M M M 46 320
9 33 -4 15 -6 50 0 0.00 M M 9.2 22 270 M M M 27 270
10 45 20 33 12 32 0 0.00 M M 7.5 15 280 M M M 19 290
11 47 32 40 19 25 0 0.00 M M 18.0 36 290 M M M 45 290
12 52 33 43 22 22 0 0.00 M M 14.1 24 280 M M M 29 280
13 53 33 43 22 22 0 0.00 M M 8.3 16 160 M M M 20 280
14 41 21 31 10 34 0 0.00 M M 23.7 48 310 M M M 60 310
15 47 20 34 13 31 0 0.00 M M 14.0 24 310 M M M 30 310
16 43 27 35 14 30 0 0.00 M M 16.6 36 320 M M M 45 310
17 51 30 41 20 24 0 0.00 M M 12.2 23 280 M M M 28 280
18 44 3 24 3 41 0 0.00 M M 26.8 38 310 M M M 49 310
19 10 -6 2 -19 63 0 0.00 M M 11.7 26 320 M M M 36 320
20 29 -5 12 -9 53 0 0.00 M M 12.6 22 170 M M M 27 170
21 41 22 32 11 33 0 0.08 M M 22.6 45 310 M M M 56 300
22 46 19 33 12 32 0 0.00 M M 22.5 48 300 M M M 57 290
23 51 34 43 22 22 0 0.00 M M 20.7 38 290 M M M 48 290
24 39 15 27 6 38 0 0.07 M M 13.9 35 320 M M M 44 310
25 17 6 12 -9 53 0 0.04 M M 7.7 16 50 M M M 20 50
26 39 16 28 7 37 0 0.00 M M 22.0 41 310 M M M 50 310
27 31 16 24 3 41 0 0.03 M M 12.8 31 330 M M M 37 320
28 44 18 31 10 34 0 0.00 M M 13.4 24 280 M M M 29 280
29 44 24 34 13 31 0 0.00 M M 13.8 25 300 M M M 33 270
30 48 23 36 15 29 0 0.00 M M 9.0 25 310 M M M 30 300
31 46 15 31 10 34 0 0.00 M M 21.6 54 300 M M M 67 310
================================================================================
SM 1104 357 1274 0 0.23 M 471.4 M M
================================================================================
AV 35.6 11.5 15.2 FASTST M M M MAX(MPH)
MISC ----> # 54 320 67 310
================================================================================
NOTES:
# LAST OF SEVERAL OCCURRENCES
COLUMN 17 PEAK WIND IN M.P.H.
PRELIMINARY LOCAL CLIMATOLOGICAL DATA (WS FORM: F-6) , PAGE 2
STATION: BUFFALO SD
MONTH: JANUARY
YEAR: 2022
LATITUDE: 45 35 N
LONGITUDE: 103 33 W
[TEMPERATURE DATA] [PRECIPITATION DATA] SYMBOLS USED IN COLUMN 16
AVERAGE MONTHLY: 23.6 TOTAL FOR MONTH: 0.23 1 = FOG OR MIST
DPTR FM NORMAL: 2.4 DPTR FM NORMAL: -0.08 2 = FOG REDUCING VISIBILITY
HIGHEST: 53 ON 13 GRTST 24HR 0.08 ON 21-21 TO 1/4 MILE OR LESS
LOWEST: -18 ON 6 3 = THUNDER
SNOW, ICE PELLETS, HAIL 4 = ICE PELLETS
TOTAL MONTH: M 5 = HAIL
GRTST 24HR M ON M 6 = FREEZING RAIN OR DRIZZLE
GRTST DEPTH: M ON M 7 = DUSTSTORM OR SANDSTORM:
VSBY 1/2 MILE OR LESS
8 = SMOKE OR HAZE
[NO. OF DAYS WITH] [WEATHER - DAYS WITH] 9 = BLOWING SNOW
X = TORNADO
MAX 32 OR BELOW: 9 0.01 INCH OR MORE: 5
MAX 90 OR ABOVE: 0 0.10 INCH OR MORE: 0
MIN 32 OR BELOW: 28 0.50 INCH OR MORE: 0
MIN 0 OR BELOW: 10 1.00 INCH OR MORE: 0
[HDD (BASE 65) ]
TOTAL THIS MO. 1274 CLEAR (SCALE 0-3) 0
DPTR FM NORMAL -85 PTCLDY (SCALE 4-7) 0
TOTAL FM JUL 1 3821 CLOUDY (SCALE 8-10) 31
DPTR FM NORMAL -616
[CDD (BASE 65) ]
TOTAL THIS MO. 0
DPTR FM NORMAL 0 [PRESSURE DATA]
TOTAL FM JAN 1 0 HIGHEST SLP 30.72 ON 19
DPTR FM NORMAL 0 LOWEST SLP 29.41 ON 8
[REMARKS]
#FINAL-01-22#