000
CXUS54 KMAF 011110
CF66R6
PRELIMINARY LOCAL CLIMATOLOGICAL DATA (WS FORM: F-6)
STATION: TERRELL COUNTY AIRPORT
MONTH: MARCH
YEAR: 2022
LATITUDE: 30 2 N
LONGITUDE: 102 13 W
TEMPERATURE IN F: :PCPN: SNOW: WIND :SUNSHINE: SKY :PK WND
================================================================================
1 2 3 4 5 6A 6B 7 8 9 10 11 12 13 14 15 16 17 18
12Z AVG MX 2MIN
DY MAX MIN AVG DEP HDD CDD WTR SNW DPTH SPD SPD DIR MIN PSBL S-S WX SPD DR
================================================================================
1 73 42 58 0 7 0 0.00 M M 9.0 17 100 M M 0 21 90
2 74 43 59 1 6 0 0.00 M M 9.2 18 100 M M 0 24 100
3 78 49 64 6 1 0 0.00 M M 9.6 18 120 M M 0 25 90
4 85 52 69 10 0 4 0.00 M M 9.5 23 120 M M 0 30 110
5 84 53 69 10 0 4 0.00 M M 7.8 15 130 M M 0 19 110
6 89 59 74 15 0 9 0.00 M M 10.6 30 350 M M 0 38 350
7 64 39 52 -8 13 0 0.00 M M 11.2 21 20 M M 0 29 350
8 66 35 51 -9 14 0 0.00 M M 6.9 13 360 M M 0 17 360
9 68 37 53 -7 12 0 0.00 M M 9.4 20 110 M M 0 28 140
10 76 39 58 -2 7 0 0.00 M M 6.8 13 100 M M 0 20 150
11 58 30 44 -17 21 0 0.00 M M 19.2 33 360 M M 0 43 350
12 59 21 40 -21 25 0 0.00 M M 5.5 14 130 M M 0 18 130
13 68 32 50 -11 15 0 0.00 M M 8.8 20 120 M M 0 25 110
14 82 36 59 -2 6 0 0.00 M M 11.4 31 340 M M 0 40 330
15 79 40 60 -2 5 0 0.00 M M 4.8 14 340 M M 0 17 350
16 86 46 66 4 0 1 0.00 M M 7.1 15 120 M M 0 21 170
17 84 49 67 5 0 2 0.00 M M 14.1 33 340 M M 0 44 240
18 70 40 55 -7 10 0 0.00 M M 9.7 36 340 M M 0 46 340
19 78 46 62 -1 3 0 0.00 M M 9.4 17 120 M M 0 21 150
20 81 46 64 1 1 0 0.00 M M 16.8 32 130 M M 0 43 130
21 78 54 66 3 0 1 0.00 M M 15.8 33 240 M M 0 45 260
22 63 47 55 -9 10 0 0.00 M M 18.1 35 340 M M 0 43 340
23 67 41 54 -10 11 0 0.00 M M 10.6 22 320 M M 0 29 330
24 82 42 62 -2 3 0 0.00 M M 9.5 25 250 M M 0 31 240
25 87 44 66 2 0 1 0.00 M M 7.2 15 130 M M 0 22 210
26 91 48 70 5 0 5 0.00 M M 7.1 14 120 M M 0 18 120
27 92 55 74 9 0 9 0.00 M M 7.8 17 120 M M 0 22 120
28 89 53 71 6 0 6 0.00 M M 9.0 23 120 M M 0 29 120
29 85 58 72 7 0 7 0.00 M M 11.8 35 340 M M 0 45 330
30 77 52 65 -1 0 0 0.00 M M 13.4 29 310 M M 0 38 320
31 77 50 64 -2 1 0 0.00 M M 8.0 23 340 M M 0 28 350
================================================================================
SM 2390 1378 171 49 0.00 M 315.1 M 0
================================================================================
AV 77.1 44.5 10.2 FASTST M M 0 MAX(MPH)
MISC ----> 36 340 46 340
================================================================================
NOTES:
# LAST OF SEVERAL OCCURRENCES
COLUMN 17 PEAK WIND IN M.P.H.
PRELIMINARY LOCAL CLIMATOLOGICAL DATA (WS FORM: F-6) , PAGE 2
STATION: TERRELL COUNTY AIRPORT
MONTH: MARCH
YEAR: 2022
LATITUDE: 30 2 N
LONGITUDE: 102 13 W
[TEMPERATURE DATA] [PRECIPITATION DATA] SYMBOLS USED IN COLUMN 16
AVERAGE MONTHLY: 60.8 TOTAL FOR MONTH: 0.00 1 = FOG OR MIST
DPTR FM NORMAL: -1.1 DPTR FM NORMAL: -0.55 2 = FOG REDUCING VISIBILITY
HIGHEST: 92 ON 27 GRTST 24HR 0.00 ON 6- 6 TO 1/4 MILE OR LESS
LOWEST: 21 ON 12 3 = THUNDER
SNOW, ICE PELLETS, HAIL 4 = ICE PELLETS
TOTAL MONTH: M 5 = HAIL
GRTST 24HR M ON M 6 = FREEZING RAIN OR DRIZZLE
GRTST DEPTH: M ON M 7 = DUSTSTORM OR SANDSTORM:
VSBY 1/2 MILE OR LESS
8 = SMOKE OR HAZE
[NO. OF DAYS WITH] [WEATHER - DAYS WITH] 9 = BLOWING SNOW
X = TORNADO
MAX 32 OR BELOW: 0 0.01 INCH OR MORE: 0
MAX 90 OR ABOVE: 2 0.10 INCH OR MORE: 0
MIN 32 OR BELOW: 3 0.50 INCH OR MORE: 0
MIN 0 OR BELOW: 0 1.00 INCH OR MORE: 0
[HDD (BASE 65) ]
TOTAL THIS MO. 171 CLEAR (SCALE 0-3) 31
DPTR FM NORMAL 20 PTCLDY (SCALE 4-7) 0
TOTAL FM JUL 1 1473 CLOUDY (SCALE 8-10) 0
DPTR FM NORMAL -216
[CDD (BASE 65) ]
TOTAL THIS MO. 49
DPTR FM NORMAL -6 [PRESSURE DATA]
TOTAL FM JAN 1 54 HIGHEST SLP 30.52 ON 12
DPTR FM NORMAL -11 LOWEST SLP 29.36 ON 29
[REMARKS]
#FINAL-03-22#