000
CXUS53 KABR 011200
CF68D3
PRELIMINARY LOCAL CLIMATOLOGICAL DATA (WS FORM: F-6)
STATION: SISSETON SD
MONTH: JANUARY
YEAR: 2023
LATITUDE: 45 40 N
LONGITUDE: 96 59 W
TEMPERATURE IN F: :PCPN: SNOW: WIND :SUNSHINE: SKY :PK WND
================================================================================
1 2 3 4 5 6A 6B 7 8 9 10 11 12 13 14 15 16 17 18
12Z AVG MX 2MIN
DY MAX MIN AVG DEP HDD CDD WTR SNW DPTH SPD SPD DIR MIN PSBL S-S WX SPD DR
================================================================================
1 25 7 16 1 49 0 0.00 0.0 15 4.6 16 250 M M 0 20 260
2 19 9 14 0 51 0 0.00 0.0 15 3.8 10 320 M M 0 14 310
3 18 6 12 -2 53 0 0.01 T 15 14.3 24 320 M M 0 28 320
4 20 15 18 4 47 0 0.05 1.5 15 18.9 25 320 M M 0 31 320
5 22 2 12 -2 53 0 0.00 0.0 16 7.5 20 310 M M 0 23 320
6 18 -2 8 -6 57 0 T T 15 4.5 12 330 M M 0 15 320
7 29 -7 11 -3 54 0 0.00 0.0 15 3.7 15 210 M M 0 23 220
8 31 9 20 6 45 0 0.00 0.0 15 6.4 25 240 M M 0 34 250
9 17 3 10 -3 55 0 0.00 0.0 14 3.4 8 350 M M 0 10 350
10 24 12 18 5 47 0 0.00 0.0 14 8.1 15 170 M M 0 17 160
11 24 12 18 5 47 0 0.00 0.0 14 13.7 25 340 M M 0 31 340
12 22 14 18 5 47 0 T T 14 16.3 24 330 M M 0 30 340
13 15 3 9 -4 56 0 0.00 0.0 13 10.9 21 140 M M 0 23 140
14 39 13 26 13 39 0 0.00 0.0 13 14.6 32 230 M M 0 40 220
15 40 26 33 20 32 0 0.00 0.0 11 7.4 29 230 M M 0 38 220
16 31 25 28 15 37 0 0.01 0.3 9 13.4 24 320 M M 0 29 320
17 25 18 22 9 43 0 0.06 0.9 9 17.8 24 320 M M 0 30 330
18 22 17 20 7 45 0 T 0.0 10 10.1 15 320 M M 0 18 320
19 26 22 24 11 41 0 0.01 0.0 10 15.5 24 330 M M 0 30 330
20 26 19 23 10 42 0 0.00 0.0 10 8.0 15 270 M M 0 19 270
21 30 7 19 6 46 0 0.00 0.0 10 4.4 14 290 M M 0 18 310
22 29 0 15 2 50 0 0.00 0.0 9 4.3 20 220 M M 0 25 220
23 37 20 29 16 36 0 0.00 0.0 9 15.5 25 310 M M 0 32 230
24 35 8 22 9 43 0 T T 7 10.3 25 330 M M 0 32 330
25 28 7 18 5 47 0 T T 6 19.8 33 330 M M 0 41 320
26 39 6 23 10 42 0 0.03 0.4 6 13.3 31 200 M M 0 41 210
27 39 6 23 10 42 0 0.01 T 6 20.7 45 320 M M 0 56 340
28 6 -5 1 -12 64 0 0.00 0.0 6 11.1 17 340 M M 0 20 360
29 5 -7 -1 -14 66 0 0.00 0.0 6 11.5 18 270 M M 0 22 270
30 4 -14 -5 -19 70 0 0.00 0.0 6 7.5 17 210 M M 0 25 210
31 15 -3 6 -8 59 0 0.00 0.0 M 7.3 25 250 M M 0 35 250
================================================================================
SM 760 248 1505 0 0.18 3.1 328.6 M 0
================================================================================
AV 24.5 8.0 10.6 FASTST M M 0 MAX(MPH)
MISC ----> 45 320 56 340
================================================================================
NOTES:
# LAST OF SEVERAL OCCURRENCES
COLUMN 17 PEAK WIND IN M.P.H.
PRELIMINARY LOCAL CLIMATOLOGICAL DATA (WS FORM: F-6) , PAGE 2
STATION: SISSETON SD
MONTH: JANUARY
YEAR: 2023
LATITUDE: 45 40 N
LONGITUDE: 96 59 W
[TEMPERATURE DATA] [PRECIPITATION DATA] SYMBOLS USED IN COLUMN 16
AVERAGE MONTHLY: 16.3 TOTAL FOR MONTH: 0.18 1 = FOG OR MIST
DPTR FM NORMAL: 3.0 DPTR FM NORMAL: -0.45 2 = FOG REDUCING VISIBILITY
HIGHEST: 40 ON 15 GRTST 24HR 0.25 ON 16-17 TO 1/4 MILE OR LESS
LOWEST: -14 ON 30 3 = THUNDER
SNOW, ICE PELLETS, HAIL 4 = ICE PELLETS
TOTAL MONTH: 3.1 INCHES 5 = HAIL
GRTST 24HR 1.5 ON 4- 4 6 = FREEZING RAIN OR DRIZZLE
GRTST DEPTH: 16 ON 5 7 = DUSTSTORM OR SANDSTORM:
VSBY 1/2 MILE OR LESS
8 = SMOKE OR HAZE
[NO. OF DAYS WITH] [WEATHER - DAYS WITH] 9 = BLOWING SNOW
X = TORNADO
MAX 32 OR BELOW: 25 0.01 INCH OR MORE: 7
MAX 90 OR ABOVE: 0 0.10 INCH OR MORE: 0
MIN 32 OR BELOW: 31 0.50 INCH OR MORE: 0
MIN 0 OR BELOW: 7 1.00 INCH OR MORE: 0
[HDD (BASE 65) ]
TOTAL THIS MO. 1505 CLEAR (SCALE 0-3) 31
DPTR FM NORMAL -96 PTCLDY (SCALE 4-7) 0
TOTAL FM JUL 1 4617 CLOUDY (SCALE 8-10) 0
DPTR FM NORMAL -190
[CDD (BASE 65) ]
TOTAL THIS MO. 0
DPTR FM NORMAL 0 [PRESSURE DATA]
TOTAL FM JAN 1 0 HIGHEST SLP 30.62 ON 30
DPTR FM NORMAL 0 LOWEST SLP 29.41 ON 27
[REMARKS]
#FINAL-01-23#