000
CXUS52 KTAE 010800
CF6AAF
PRELIMINARY LOCAL CLIMATOLOGICAL DATA (WS FORM: F-6)
STATION: APALACHICOLA
MONTH: SEPTEMBER
YEAR: 2023
LATITUDE: 29 43 N
LONGITUDE: 85 2 W
TEMPERATURE IN F: :PCPN: SNOW: WIND :SUNSHINE: SKY :PK WND
================================================================================
1 2 3 4 5 6A 6B 7 8 9 10 11 12 13 14 15 16 17 18
12Z AVG MX 2MIN
DY MAX MIN AVG DEP HDD CDD WTR SNW DPTH SPD SPD DIR MIN PSBL S-S WX SPD DR
================================================================================
1 87 78 83 2 0 18 0.73 0.0 M 6.4 14 200 M M 1 138 21 110
2 85 76 81 0 0 16 4.06 0.0 0 7.4 18 80 M M 3 13 29 60
3 87 74 81 0 0 16 0.00 0.0 0 6.0 13 140 M M 0 22 100
4 88 72 80 -1 0 15 0.00 0.0 0 5.5 15 110 M M 0 22 160
5 89 71 80 -1 0 15 0.00 0.0 0 6.2 15 150 M M 0 21 130
6 88 70 79 -2 0 14 0.00 0.0 0 5.4 13 180 M M 0 19 40
7 89 71 80 0 0 15 0.05 0.0 0 4.6 17 80 M M 0 138 26 110
8 89 73 81 1 0 16 0.45 0.0 0 5.7 16 150 M M 0 13 23 150
9 88 73 81 1 0 16 0.00 0.0 0 3.5 14 40 M M 0 3 20 40
10 90 71 81 1 0 16 0.00 0.0 0 3.8 12 190 M M 0 17 160
11 89 73 81 1 0 16 0.00 0.0 0 4.5 13 170 M M 0 1 17 150
12 90 72 81 1 0 16 0.54 0.0 0 5.1 28 20 M M 0 1238 35 30
13 88 73 81 1 0 16 0.06 M M 3.5 13 210 M M 0 17 210
14 89 73 81 1 0 16 0.04 0.0 M 5.0 14 250 M M 0 18 270
15 90 74 82 3 0 17 0.67 0.0 0 4.9 16 190 M M 0 1238 31 210
16 87 76 82 3 0 17 0.61 0.0 0 4.7 17 190 M M 1 138 25 190
17 88 75 82 3 0 17 0.00 0.0 M 5.1 15 260 M M 0 19 310
18 88 66 77 -2 0 12 0.00 0.0 M 6.6 15 330 M M 0 25 10
19 86 62 74 -5 0 9 0.00 M M 6.6 15 150 M M 0 22 140
20 84 69 77 -2 0 12 0.00 M M 7.8 17 110 M M 0 27 90
21 87 72 80 2 0 15 0.00 0.0 M 8.1 15 130 M M 0 22 50
22 86 69 78 0 0 13 0.00 0.0 0 6.1 14 130 M M 0 19 120
23 86 64 75 -3 0 10 0.00 0.0 0 5.1 13 170 M M 0 17 180
24 87 64 76 -2 0 11 0.00 0.0 0 2.9 12 180 M M 0 16 170
25 87 65 76 -2 0 11 0.00 0.0 0 5.8 14 100 M M 0 20 100
26 83 73 78 1 0 13 2.41 0.0 M 8.6 21 270 M M 2 138 29 130
27 81 73 77 0 0 12 1.31 0.0 0 8.8 18 10 M M 3 13 24 20
28 81 71 76 -1 0 11 0.00 0.0 0 9.5 15 80 M M 1 22 60
29 85 67 76 -1 0 11 0.00 M M 7.2 13 60 M M 0 17 50
30 85 71 78 2 0 13 0.00 0.0 0 7.5 15 110 M M 0 21 90
================================================================================
SM 2607 2131 0 425 10.93 0.0 177.9 M 11
================================================================================
AV 86.9 71.0 5.9 FASTST M M 0 MAX(MPH)
MISC ----> 28 20 35 30
================================================================================
NOTES:
# LAST OF SEVERAL OCCURRENCES
COLUMN 17 PEAK WIND IN M.P.H.
PRELIMINARY LOCAL CLIMATOLOGICAL DATA (WS FORM: F-6) , PAGE 2
STATION: APALACHICOLA
MONTH: SEPTEMBER
YEAR: 2023
LATITUDE: 29 43 N
LONGITUDE: 85 2 W
[TEMPERATURE DATA] [PRECIPITATION DATA] SYMBOLS USED IN COLUMN 16
AVERAGE MONTHLY: 79.0 TOTAL FOR MONTH: 10.93 1 = FOG OR MIST
DPTR FM NORMAL: -0.2 DPTR FM NORMAL: 5.55 2 = FOG REDUCING VISIBILITY
HIGHEST: 90 ON 15,12 GRTST 24HR 4.16 ON 1- 2 TO 1/4 MILE OR LESS
LOWEST: 62 ON 19 3 = THUNDER
SNOW, ICE PELLETS, HAIL 4 = ICE PELLETS
TOTAL MONTH: 0.0 INCH 5 = HAIL
GRTST 24HR 0.0 6 = FREEZING RAIN OR DRIZZLE
GRTST DEPTH: 0 7 = DUSTSTORM OR SANDSTORM:
VSBY 1/2 MILE OR LESS
8 = SMOKE OR HAZE
[NO. OF DAYS WITH] [WEATHER - DAYS WITH] 9 = BLOWING SNOW
X = TORNADO
MAX 32 OR BELOW: 0 0.01 INCH OR MORE: 11
MAX 90 OR ABOVE: 3 0.10 INCH OR MORE: 8
MIN 32 OR BELOW: 0 0.50 INCH OR MORE: 7
MIN 0 OR BELOW: 0 1.00 INCH OR MORE: 3
[HDD (BASE 65) ]
TOTAL THIS MO. 0 CLEAR (SCALE 0-3) 29
DPTR FM NORMAL 0 PTCLDY (SCALE 4-7) 1
TOTAL FM JUL 1 0 CLOUDY (SCALE 8-10) 0
DPTR FM NORMAL 0
[CDD (BASE 65) ]
TOTAL THIS MO. 425
DPTR FM NORMAL 1 [PRESSURE DATA]
TOTAL FM JAN 1 2781 HIGHEST SLP 30.11 ON 2
DPTR FM NORMAL 343 LOWEST SLP 29.84 ON 7
[REMARKS]
#FINAL-09-23#