000
CXUS53 KABR 011100
CF6ABR
PRELIMINARY LOCAL CLIMATOLOGICAL DATA (WS FORM: F-6)
STATION: ABERDEEN SD
MONTH: APRIL
YEAR: 2022
LATITUDE: 45 27 N
LONGITUDE: 98 26 W
TEMPERATURE IN F: :PCPN: SNOW: WIND :SUNSHINE: SKY :PK WND
================================================================================
1 2 3 4 5 6A 6B 7 8 9 10 11 12 13 14 15 16 17 18
12Z AVG MX 2MIN
DY MAX MIN AVG DEP HDD CDD WTR SNW DPTH SPD SPD DIR MIN PSBL S-S WX SPD DR
================================================================================
1 42 19 31 -7 34 0 0.05 0.0 2 8.6 16 220 M M 7 22 230
2 55 27 41 2 24 0 0.00 0.0 0 8.2 17 340 M M 1 1 24 320
3 36 25 31 -8 34 0 0.08 T 0 9.9 21 20 M M 8 1 29 20
4 54 24 39 -1 26 0 0.00 0.0 0 13.9 40 140 M M 6 12 58 140
5 53 37 45 5 20 0 0.13 0.0 0 19.4 37 310 M M 7 1 49 320
6 51 35 43 3 22 0 T T 0 30.4 44 330 M M 10 1 60 360
7 46 32 39 -2 26 0 T T T 29.8 43 350 M M 7 1 58 340
8 53 28 41 0 24 0 0.00 0.0 0 13.8 25 350 M M 0 33 340
9 63 23 43 1 22 0 0.00 0.0 0 12.9 26 160 M M 0 35 150
10 51 33 42 0 23 0 0.51 0.0 0 9.9 24 70 M M 9 1 31 70
11 54 31 43 0 22 0 0.00 0.0 0 8.4 20 290 M M 5 24 290
12 43 37 40 -3 25 0 0.49 0.0 0 18.7 33 70 M M 10 1 44 80
13 38 27 33 -11 32 0 T T 0 25.7 37 250 M M 10 1 49 250
14 34 25 30 -14 35 0 T T 0 29.6 43 290 M M 8 59 290
15 34 16 25 -19 40 0 T T 0 16.5 26 300 M M 4 40 310
16 40 17 29 -16 36 0 0.00 0.0 0 10.5 20 350 M M 0 28 320
17 50 24 37 -8 28 0 T T 0 19.4 32 310 M M 7 43 300
18 44 20 32 -14 33 0 0.00 0.0 0 13.8 26 340 M M 1 38 320
19 45 21 33 -13 32 0 0.00 0.0 0 16.3 33 140 M M 3 46 140
20 62 37 50 4 15 0 0.12 0.0 0 8.5 25 150 M M 5 18 37 150
21 54 28 41 -6 24 0 0.00 0.0 0 12.0 22 100 M M 3 29 90
22 60 46 53 6 12 0 0.94 0.0 0 14.6 35 70 M M 10 138 44 80
23 74 36 55 7 10 0 0.37 T 0 20.8 45 190 M M 9 13 63 180
24 42 32 37 -11 28 0 T T 0 22.1 35 330 M M 10 16 48 310
25 47 28 38 -10 27 0 T T 0 16.2 30 350 M M 7 38 350
26 47 22 35 -14 30 0 0.00 0.0 0 11.5 23 80 M M 3 31 60
27 52 30 41 -8 24 0 0.00 0.0 0 14.8 23 80 M M 0 33 110
28 62 32 47 -3 18 0 0.00 0.0 0 8.2 17 80 M M 1 27 60
29 52 44 48 -2 17 0 0.28 0.0 0 11.6 18 10 M M 10 1 24 360
30 48 39 44 -7 21 0 0.85 0.0 0 24.0 32 330 M M 10 1 43 350
================================================================================
SM 1486 875 764 0 3.82 T 480.0 M 171
================================================================================
AV 49.5 29.2 16.0 FASTST M M 6 MAX(MPH)
MISC ----> 45 190 63 180
================================================================================
NOTES:
# LAST OF SEVERAL OCCURRENCES
COLUMN 17 PEAK WIND IN M.P.H.
PRELIMINARY LOCAL CLIMATOLOGICAL DATA (WS FORM: F-6) , PAGE 2
STATION: ABERDEEN SD
MONTH: APRIL
YEAR: 2022
LATITUDE: 45 27 N
LONGITUDE: 98 26 W
[TEMPERATURE DATA] [PRECIPITATION DATA] SYMBOLS USED IN COLUMN 16
AVERAGE MONTHLY: 39.4 TOTAL FOR MONTH: 3.82 1 = FOG OR MIST
DPTR FM NORMAL: -5.2 DPTR FM NORMAL: 1.91 2 = FOG REDUCING VISIBILITY
HIGHEST: 74 ON 23 GRTST 24HR 1.30 ON 22-23 TO 1/4 MILE OR LESS
LOWEST: 16 ON 15 3 = THUNDER
SNOW, ICE PELLETS, HAIL 4 = ICE PELLETS
TOTAL MONTH: T 5 = HAIL
GRTST 24HR T ON 3- 3 6 = FREEZING RAIN OR DRIZZLE
GRTST DEPTH: 4 ON M 7 = DUSTSTORM OR SANDSTORM:
VSBY 1/2 MILE OR LESS
8 = SMOKE OR HAZE
[NO. OF DAYS WITH] [WEATHER - DAYS WITH] 9 = BLOWING SNOW
X = TORNADO
MAX 32 OR BELOW: 0 0.01 INCH OR MORE: 10
MAX 90 OR ABOVE: 0 0.10 INCH OR MORE: 8
MIN 32 OR BELOW: 21 0.50 INCH OR MORE: 3
MIN 0 OR BELOW: 0 1.00 INCH OR MORE: 0
[HDD (BASE 65) ]
TOTAL THIS MO. 764 CLEAR (SCALE 0-3) 10
DPTR FM NORMAL 148 PTCLDY (SCALE 4-7) 10
TOTAL FM JUL 1 7596 CLOUDY (SCALE 8-10) 10
DPTR FM NORMAL -305
[CDD (BASE 65) ]
TOTAL THIS MO. 0
DPTR FM NORMAL -1 [PRESSURE DATA]
TOTAL FM JAN 1 0 HIGHEST SLP 30.46 ON 18
DPTR FM NORMAL -1 LOWEST SLP 29.03 ON 23
[REMARKS]
#FINAL-04-22#