000
CXUS52 KTAE 010800
CF6ABY
PRELIMINARY LOCAL CLIMATOLOGICAL DATA (WS FORM: F-6)
STATION: ALBANY
MONTH: APRIL
YEAR: 2020
LATITUDE: 31 31 N
LONGITUDE: 84 11 W
TEMPERATURE IN F: :PCPN: SNOW: WIND :SUNSHINE: SKY :PK WND
================================================================================
1 2 3 4 5 6A 6B 7 8 9 10 11 12 13 14 15 16 17 18
12Z AVG MX 2MIN
DY MAX MIN AVG DEP HDD CDD WTR SNW DPTH SPD SPD DIR MIN PSBL S-S WX SPD DR
================================================================================
1 72 48 60 -3 5 0 0.00 0.0 0 9.3 22 330 M M 0 28 360
2 73 43 58 -5 7 0 0.00 0.0 0 3.5 9 330 M M 0 1 15 340
3 79 46 63 0 2 0 0.00 0.0 0 2.4 9 250 M M 0 18 14 270
4 85 52 69 5 0 4 0.00 0.0 0 3.1 9 290 M M 1 18 13 330
5 83 63 73 9 0 8 0.01 0.0 0 2.1 9 30 M M 6 1 12 40
6 86 56 71 7 0 6 0.00 0.0 0 1.9 9 200 M M 0 1 13 160
7 83 63 73 9 0 8 0.00 0.0 0 3.9 12 260 M M 4 18 15 240
8 89 69 79 15 0 14 0.54 0.0 0 8.2 32 350 M M 6 13 44 340
9 91 72 82 17 0 17 0.00 0.0 0 8.2 18 290 M M 4 18 24 290
10 75 51 63 -2 2 0 0.06 0.0 0 7.1 24 330 M M 2 3 33 330
11 76 41 59 -6 6 0 0.00 0.0 0 3.0 13 70 M M 0 15 70
12 86 51 69 4 0 4 T 0.0 0 12.4 30 180 M M 4 8 42 190
13 83 63 73 7 0 8 1.33 0.0 M 8.5 37 200 M M 3 138 48 190
14 85 59 72 6 0 7 0.00 0.0 0 4.1 10 330 M M 4 15 330
15 73 52 63 -3 2 0 T 0.0 0 8.4 17 330 M M 4 24 320
16 74 48 61 -5 4 0 0.00 0.0 0 7.7 21 50 M M 0 29 40
17 80 49 65 -1 0 0 0.00 0.0 0 4.5 17 130 M M 0 20 240
18 84 63 74 7 0 9 0.00 0.0 0 5.6 17 290 M M 5 22 290
19 79 57 68 1 0 3 0.36 0.0 0 5.8 21 50 M M 6 13 25 60
20 80 60 70 3 0 5 0.66 0.0 0 7.4 25 340 M M 5 13 37 340
21 83 52 68 0 0 3 0.00 0.0 0 5.5 18 280 M M 0 23 280
22 81 52 67 -1 0 2 0.00 0.0 0 3.5 15 60 M M 0 19 60
23 71 60 66 -2 0 1 2.19 0.0 0 9.5 25 160 M M 6 13 35 140
24 80 62 71 3 0 6 0.00 0.0 0 5.8 14 270 M M 5 1 20 250
25 87 57 72 3 0 7 0.00 0.0 0 7.7 22 220 M M 0 29 180
26 79 58 69 0 0 4 T 0.0 0 10.6 23 280 M M 0 29 310
27 79 50 65 -4 0 0 0.00 0.0 0 6.4 16 330 M M 0 22 330
28 83 50 67 -3 0 2 0.00 0.0 0 2.8 12 190 M M 0 15 220
29 85 56 71 1 0 6 1.61 0.0 0 10.5 29 320 M M 5 13 35 190
30 74 56 65 -5 0 0 0.02 0.0 0 7.7 20 320 M M 3 1 28 290
================================================================================
SM 2418 1659 28 124 6.78 0.0 187.1 M 73
================================================================================
AV 80.6 55.3 6.2 FASTST M M 2 MAX(MPH)
MISC ----> # 37 200 # 48 190
================================================================================
NOTES:
# LAST OF SEVERAL OCCURRENCES
COLUMN 17 PEAK WIND IN M.P.H.
PRELIMINARY LOCAL CLIMATOLOGICAL DATA (WS FORM: F-6) , PAGE 2
STATION: ALBANY
MONTH: APRIL
YEAR: 2020
LATITUDE: 31 31 N
LONGITUDE: 84 11 W
[TEMPERATURE DATA] [PRECIPITATION DATA] SYMBOLS USED IN COLUMN 16
AVERAGE MONTHLY: 68.0 TOTAL FOR MONTH: 6.78 1 = FOG OR MIST
DPTR FM NORMAL: 1.8 DPTR FM NORMAL: 3.14 2 = FOG REDUCING VISIBILITY
HIGHEST: 91 ON 9 GRTST 24HR 2.19 ON 23-23 TO 1/4 MILE OR LESS
LOWEST: 41 ON 11 3 = THUNDER
SNOW, ICE PELLETS, HAIL 4 = ICE PELLETS
TOTAL MONTH: 0.0 INCH 5 = HAIL
GRTST 24HR 0.0 6 = FREEZING RAIN OR DRIZZLE
GRTST DEPTH: 0 7 = DUSTSTORM OR SANDSTORM:
VSBY 1/2 MILE OR LESS
8 = SMOKE OR HAZE
[NO. OF DAYS WITH] [WEATHER - DAYS WITH] 9 = BLOWING SNOW
X = TORNADO
MAX 32 OR BELOW: 0 0.01 INCH OR MORE: 9
MAX 90 OR ABOVE: 1 0.10 INCH OR MORE: 6
MIN 32 OR BELOW: 0 0.50 INCH OR MORE: 5
MIN 0 OR BELOW: 0 1.00 INCH OR MORE: 3
[HDD (BASE 65) ]
TOTAL THIS MO. 28 CLEAR (SCALE 0-3) 15
DPTR FM NORMAL -37 PTCLDY (SCALE 4-7) 15
TOTAL FM JUL 1 1243 CLOUDY (SCALE 8-10) 0
DPTR FM NORMAL -591
[CDD (BASE 65) ]
TOTAL THIS MO. 124
DPTR FM NORMAL 22 [PRESSURE DATA]
TOTAL FM JAN 1 360 HIGHEST SLP 30.28 ON 17
DPTR FM NORMAL 220 LOWEST SLP 29.58 ON 20
[REMARKS]
#FINAL-04-20#