207
CXUS54 KFWD 022217
CF6ACT
PRELIMINARY LOCAL CLIMATOLOGICAL DATA (WS FORM: F-6)
STATION: WACO
MONTH: SEPTEMBER
YEAR: 2020
LATITUDE: 31 37 N
LONGITUDE: 97 13 W
TEMPERATURE IN F: :PCPN: SNOW: WIND :SUNSHINE: SKY :PK WND
================================================================================
1 2 3 4 5 6A 6B 7 8 9 10 11 12 13 14 15 16 17 18
12Z AVG MX 2MIN
DY MAX MIN AVG DEP HDD CDD WTR SNW DPTH SPD SPD DIR MIN PSBL S-S WX SPD DR
================================================================================
1 101 72 87 4 0 22 1.73 0.0 0 16.8 29 360 M M 4 13 41 360
2 78 72 75 -7 0 10 2.05 0.0 0 7.0 22 160 M M 6 138 28 180
3 81 72 77 -5 0 12 1.42 0.0 0 4.6 15 300 M M 6 13 20 290
4 84 72 78 -4 0 13 0.87 0.0 0 3.2 26 160 M M 5 13 35 160
5 87 73 80 -2 0 15 T 0.0 0 5.2 18 60 M M 2 3 24 80
6 92 72 82 1 0 17 0.00 0.0 0 5.1 9 140 M M 3 14 180
7 95 75 85 4 0 20 0.00 0.0 0 10.6 18 160 M M 0 26 170
8 91 75 83 2 0 18 0.04 0.0 0 10.7 30 160 M M 0 1 41 190
9 88 58 73 -7 0 8 0.18 0.0 0 10.0 29 220 M M 8 13 39 230
10 68 57 63 -17 2 0 T 0.0 0 10.4 20 350 M M 9 27 330
11 82 63 73 -7 0 8 0.00 0.0 0 7.3 14 350 M M 7 19 340
12 91 67 79 0 0 14 0.00 0.0 0 4.2 9 70 M M 1 13 360
13 91 70 81 2 0 16 0.00 0.0 0 8.6 17 350 M M 1 23 20
14 90 70 80 1 0 15 0.00 0.0 0 9.4 18 10 M M 4 24 10
15 89 73 81 3 0 16 0.00 0.0 0 7.1 13 10 M M 4 18 10
16 88 72 80 2 0 15 0.02 0.0 0 5.8 22 140 M M 3 27 130
17 88 70 79 1 0 14 0.36 0.0 0 6.6 20 40 M M 3 3 27 30
18 87 67 77 0 0 12 0.00 0.0 0 7.8 17 40 M M 2 22 50
19 82 62 72 -5 0 7 0.00 0.0 0 8.2 17 30 M M 0 18 22 40
20 83 57 70 -7 0 5 T 0.0 0 9.4 20 50 M M 3 27 40
21 76 67 72 -4 0 7 0.61 0.0 0 10.8 17 40 M M 10 18 23 50
22 73 67 70 -6 0 5 0.17 0.0 0 9.5 15 30 M M 10 1 19 20
23 77 67 72 -4 0 7 T 0.0 0 9.2 16 360 M M 10 1 21 30
24 78 59 69 -6 0 4 0.00 0.0 0 5.8 12 340 M M 7 1 15 360
25 84 56 70 -5 0 5 0.00 0.0 0 5.6 12 150 M M 2 12 16 170
26 87 63 75 1 0 10 0.00 0.0 0 10.8 20 200 M M 1 26 210
27 89 73 81 7 0 16 0.00 0.0 0 14.7 21 180 M M 5 38 180
28 79 54 67 -7 0 2 0.00 0.0 0 15.7 30 360 M M 4 39 10
29 82 45 64 -10 1 0 0.00 0.0 0 6.4 17 310 M M 0 23 330
30 88 48 68 -5 0 3 0.00 0.0 0 6.2 14 170 M M 0 17 150
================================================================================
SM 2549 1968 3 316 7.45 0.0 252.7 M 120
================================================================================
AV 85.0 65.6 8.4 FASTST M M 4 MAX(MPH)
MISC ----> # 30 160 # 41 360
================================================================================
NOTES:
# LAST OF SEVERAL OCCURRENCES
COLUMN 17 PEAK WIND IN M.P.H.
PRELIMINARY LOCAL CLIMATOLOGICAL DATA (WS FORM: F-6) , PAGE 2
STATION: WACO
MONTH: SEPTEMBER
YEAR: 2020
LATITUDE: 31 37 N
LONGITUDE: 97 13 W
[TEMPERATURE DATA] [PRECIPITATION DATA] SYMBOLS USED IN COLUMN 16
AVERAGE MONTHLY: 75.3 TOTAL FOR MONTH: 7.45 1 = FOG OR MIST
DPTR FM NORMAL: -2.8 DPTR FM NORMAL: 4.39 2 = FOG REDUCING VISIBILITY
HIGHEST: 101 ON 1 GRTST 24HR 2.05 ON 2- 2 TO 1/4 MILE OR LESS
LOWEST: 45 ON 29 3 = THUNDER
SNOW, ICE PELLETS, HAIL 4 = ICE PELLETS
TOTAL MONTH: 0.0 INCH 5 = HAIL
GRTST 24HR 0.0 6 = FREEZING RAIN OR DRIZZLE
GRTST DEPTH: 0 7 = DUSTSTORM OR SANDSTORM:
VSBY 1/2 MILE OR LESS
8 = SMOKE OR HAZE
[NO. OF DAYS WITH] [WEATHER - DAYS WITH] 9 = BLOWING SNOW
X = TORNADO
MAX 32 OR BELOW: 0 0.01 INCH OR MORE: 10
MAX 90 OR ABOVE: 7 0.10 INCH OR MORE: 8
MIN 32 OR BELOW: 0 0.50 INCH OR MORE: 5
MIN 0 OR BELOW: 0 1.00 INCH OR MORE: 3
[HDD (BASE 65) ]
TOTAL THIS MO. 3 CLEAR (SCALE 0-3) 15
DPTR FM NORMAL -3 PTCLDY (SCALE 4-7) 11
TOTAL FM JUL 1 3 CLOUDY (SCALE 8-10) 4
DPTR FM NORMAL -3
[CDD (BASE 65) ]
TOTAL THIS MO. 316
DPTR FM NORMAL -83 [PRESSURE DATA]
TOTAL FM JAN 1 2700 HIGHEST SLP 30.26 ON 5
DPTR FM NORMAL 106 LOWEST SLP 29.62 ON 27
[REMARKS]
NO EDITS
#FINAL-09-20#