000
CXUS56 KEKA 011230
CF6ACV
PRELIMINARY LOCAL CLIMATOLOGICAL DATA (WS FORM: F-6)
STATION: ARCATA CA
MONTH: JUNE
YEAR: 2023
LATITUDE: 40 58 N
LONGITUDE: 124 6 W
TEMPERATURE IN F: :PCPN: SNOW: WIND :SUNSHINE: SKY :PK WND
================================================================================
1 2 3 4 5 6A 6B 7 8 9 10 11 12 13 14 15 16 17 18
12Z AVG MX 2MIN
DY MAX MIN AVG DEP HDD CDD WTR SNW DPTH SPD SPD DIR MIN PSBL S-S WX SPD DR
================================================================================
1 60 48 54 0 11 0 0.00 M M 7.5 22 300 M M 4 8 28 310
2 59 46 53 -2 12 0 0.00 M M 8.3 21 310 M M 5 30 320
3 61 46 54 -1 11 0 0.00 M M 7.3 22 310 M M 5 18 29 320
4 61 50 56 1 9 0 0.00 M M 5.1 14 320 M M 9 18 19 320
5 62 46 54 -1 11 0 T M M 4.6 12 160 M M 5 18 14 200
6 56 51 54 -1 11 0 T M M 5.2 13 220 M M 10 1 20 190
7 59 53 56 1 9 0 0.00 M M 3.3 9 320 M M 10 1 13 320
8 60 52 56 1 9 0 0.00 M M 3.6 8 320 M M 10 1 13 240
9 57 52 55 0 10 0 0.00 M M 7.7 15 310 M M 10 1 20 300
10 60 51 56 1 9 0 0.00 M M 5.7 13 310 M M 9 18 300
11 60 53 57 2 8 0 0.00 M M 5.8 16 310 M M 9 18 22 300
12 62 52 57 2 8 0 0.00 M M 6.8 16 210 M M 10 1 23 230
13 62 52 57 2 8 0 0.00 M M 5.7 16 310 M M 10 1 20 320
14 67 47 57 2 8 0 0.00 M M 8.1 24 320 M M 5 1 32 330
15 71 43 57 1 8 0 0.00 0.0 M 6.9 23 320 M M 1 18 30 320
16 77 46 62 6 3 0 0.00 M M 6.8 22 330 M M 0 8 28 320
17 60 48 54 -2 11 0 0.00 M M 6.5 20 310 M M 5 128 28 320
18 62 47 55 -1 10 0 0.00 M M 8.4 21 310 M M 3 1 29 320
19 60 45 53 -3 12 0 0.05 M M 4.4 14 290 M M 7 1 18 300
20 61 42 52 -4 13 0 0.00 M M 6.9 17 310 M M 0 22 290
21 59 42 51 -5 14 0 0.00 M M 4.0 9 290 M M 4 15 270
22 60 50 55 -1 10 0 0.00 M M 5.6 13 220 M M 10 1 19 230
23 59 54 57 1 8 0 0.01 M M 3.8 8 240 M M 10 1 10 250
24 57 54 56 0 9 0 0.00 M M 6.2 10 300 M M 10 1 M M
25 60 53 57 1 8 0 0.00 M M 5.4 15 310 M M 10 1 18 300
26 61 53 57 1 8 0 0.00 M M 6.3 13 310 M M 10 1 18 290
27 58 50 54 -2 11 0 0.00 M M 6.5 14 320 M M 10 1 16 290
28 60 53 57 1 8 0 0.03 M M 4.8 13 290 M M 10 1 16 280
29 61 53 57 1 8 0 0.00 M M 4.6 12 320 M M 10 18 16 290
30 61 54 58 2 7 0 0.00 M M 5.8 10 310 M M 10 128 17 310
================================================================================
SM 1833 1486 282 0 0.09 0.0 177.6 M 221
================================================================================
AV 61.1 49.5 5.9 FASTST M M 7 MAX(MPH)
MISC ----> 24 320 32 330
================================================================================
NOTES:
# LAST OF SEVERAL OCCURRENCES
COLUMN 17 PEAK WIND IN M.P.H.
PRELIMINARY LOCAL CLIMATOLOGICAL DATA (WS FORM: F-6) , PAGE 2
STATION: ARCATA CA
MONTH: JUNE
YEAR: 2023
LATITUDE: 40 58 N
LONGITUDE: 124 6 W
[TEMPERATURE DATA] [PRECIPITATION DATA] SYMBOLS USED IN COLUMN 16
AVERAGE MONTHLY: 55.3 TOTAL FOR MONTH: 0.09 1 = FOG OR MIST
DPTR FM NORMAL: -0.2 DPTR FM NORMAL: -0.87 2 = FOG REDUCING VISIBILITY
HIGHEST: 77 ON 16 GRTST 24HR 0.05 ON 19-19 TO 1/4 MILE OR LESS
LOWEST: 42 ON 21,20 3 = THUNDER
SNOW, ICE PELLETS, HAIL 4 = ICE PELLETS
TOTAL MONTH: 0.0 INCH 5 = HAIL
GRTST 24HR 0.0 6 = FREEZING RAIN OR DRIZZLE
GRTST DEPTH: M ON M 7 = DUSTSTORM OR SANDSTORM:
VSBY 1/2 MILE OR LESS
8 = SMOKE OR HAZE
[NO. OF DAYS WITH] [WEATHER - DAYS WITH] 9 = BLOWING SNOW
X = TORNADO
MAX 32 OR BELOW: 0 0.01 INCH OR MORE: 3
MAX 90 OR ABOVE: 0 0.10 INCH OR MORE: 0
MIN 32 OR BELOW: 0 0.50 INCH OR MORE: 0
MIN 0 OR BELOW: 0 1.00 INCH OR MORE: 0
[HDD (BASE 65) ]
TOTAL THIS MO. 282 CLEAR (SCALE 0-3) 3
DPTR FM NORMAL -3 PTCLDY (SCALE 4-7) 9
TOTAL FM JUL 1 4981 CLOUDY (SCALE 8-10) 18
DPTR FM NORMAL 407
[CDD (BASE 65) ]
TOTAL THIS MO. 0
DPTR FM NORMAL 0 [PRESSURE DATA]
TOTAL FM JAN 1 0 HIGHEST SLP 30.24 ON 20
DPTR FM NORMAL 0 LOWEST SLP 29.80 ON 5
[REMARKS]
#FINAL-06-23#