000
CXUS56 KEKA 071143
CF6ACV
PRELIMINARY LOCAL CLIMATOLOGICAL DATA (WS FORM: F-6)
STATION: ARCATA CA
MONTH: JANUARY
YEAR: 2023
LATITUDE: 40 58 N
LONGITUDE: 124 6 W
TEMPERATURE IN F: :PCPN: SNOW: WIND :SUNSHINE: SKY :PK WND
================================================================================
1 2 3 4 5 6A 6B 7 8 9 10 11 12 13 14 15 16 17 18
12Z AVG MX 2MIN
DY MAX MIN AVG DEP HDD CDD WTR SNW DPTH SPD SPD DIR MIN PSBL S-S WX SPD DR
================================================================================
1 53 36 45 -3 20 0 0.00 M M 5.4 15 320 M M 0 18 19 330
2 50 40 45 -3 20 0 0.26 M M 7.5 23 140 M M 6 1 37 130
3 56 38 47 -1 18 0 0.01 M M 7.0 24 140 M M 8 31 120
4 62 51 57 9 8 0 0.63 M M 16.6 38 110 M M 7 1 66 110
5 57 47 52 4 13 0 0.62 M M 11.6 29 150 M M 9 18 43 160
6 60 50 55 7 10 0 0.05 M M 14.6 26 150 M M 8 42 160
7 58 47 53 5 12 0 0.60 M M 16.4 30 100 M M 10 1 59 120
8 59 48 54 6 11 0 0.60 M M 13.7 28 130 M M 6 13 52 130
9 58 40 49 1 16 0 0.03 M M 10.8 33 140 M M 6 1 49 120
10 56 43 50 2 15 0 0.47 M M 13.3 28 170 M M 7 18 47 190
11 60 49 55 7 10 0 0.19 M M 17.4 30 130 M M 9 50 130
12 67 53 60 12 5 0 0.24 M M 14.0 30 120 M M 8 53 110
13 58 52 55 7 10 0 1.03 M M 9.6 18 130 M M 9 1 32 120
14 57 48 53 5 12 0 0.78 M M 14.4 31 170 M M 10 18 56 180
15 54 39 47 -1 18 0 0.26 M M 6.7 20 220 M M 6 18 27 210
16 52 36 44 -4 21 0 0.01 M M 4.0 15 340 M M 3 1 22 350
17 52 34 43 -6 22 0 0.00 M M 3.4 9 110 M M 5 18 13 110
18 50 39 45 -4 20 0 0.56 M M 6.5 16 320 M M 7 1 24 130
19 50 33 42 -7 23 0 0.00 M M 6.0 17 310 M M 1 1 23 330
20 54 30 42 -7 23 0 T M M 4.8 12 310 M M 0 18 15 300
21 54 33 44 -5 21 0 T M M 3.5 10 80 M M 4 18 12 70
22 53 36 45 -4 20 0 0.00 M M 10.1 21 350 M M 0 1 30 360
23 59 33 46 -3 19 0 0.00 0.0 M 4.7 16 320 M M 0 18 22 310
24 60 35 48 -1 17 0 0.00 0.0 M 3.1 9 160 M M 0 18 11 170
25 64 36 50 1 15 0 0.00 0.0 M 3.2 13 330 M M 0 18 18 340
26 63 38 51 2 14 0 0.00 M M 3.9 9 180 M M 0 18 12 270
27 55 37 46 -3 19 0 0.00 M M 5.6 20 310 M M 6 18 26 350
28 51 37 44 -5 21 0 0.03 M M 5.2 18 320 M M 8 1 26 320
29 55 34 45 -4 20 0 0.02 M M 7.2 21 330 M M 2 1 29 320
30 61 29 45 -4 20 0 0.00 M M 5.8 18 320 M M 0 8 22 320
31 57 31 44 -5 21 0 0.00 M M 4.6 9 290 M M 0 18 14 70
================================================================================
SM 1755 1232 514 0 6.39 0.0 260.6 M 145
================================================================================
AV 56.6 39.7 8.4 FASTST M M 5 MAX(MPH)
MISC ----> 38 110 66 110
================================================================================
NOTES:
# LAST OF SEVERAL OCCURRENCES
COLUMN 17 PEAK WIND IN M.P.H.
PRELIMINARY LOCAL CLIMATOLOGICAL DATA (WS FORM: F-6) , PAGE 2
STATION: ARCATA CA
MONTH: JANUARY
YEAR: 2023
LATITUDE: 40 58 N
LONGITUDE: 124 6 W
[TEMPERATURE DATA] [PRECIPITATION DATA] SYMBOLS USED IN COLUMN 16
AVERAGE MONTHLY: 48.2 TOTAL FOR MONTH: 6.39 1 = FOG OR MIST
DPTR FM NORMAL: -0.2 DPTR FM NORMAL: N 2 = FOG REDUCING VISIBILITY
HIGHEST: 67 ON 12 GRTST 24HR 1.13 ON 4- 5 TO 1/4 MILE OR LESS
LOWEST: 29 ON 30 3 = THUNDER
SNOW, ICE PELLETS, HAIL 4 = ICE PELLETS
TOTAL MONTH: 0.0 INCH 5 = HAIL
GRTST 24HR 0.0 6 = FREEZING RAIN OR DRIZZLE
GRTST DEPTH: M ON M 7 = DUSTSTORM OR SANDSTORM:
VSBY 1/2 MILE OR LESS
8 = SMOKE OR HAZE
[NO. OF DAYS WITH] [WEATHER - DAYS WITH] 9 = BLOWING SNOW
X = TORNADO
MAX 32 OR BELOW: 0 0.01 INCH OR MORE: 18
MAX 90 OR ABOVE: 0 0.10 INCH OR MORE: 12
MIN 32 OR BELOW: 3 0.50 INCH OR MORE: 7
MIN 0 OR BELOW: 0 1.00 INCH OR MORE: 1
[HDD (BASE 65) ]
TOTAL THIS MO. 514 CLEAR (SCALE 0-3) 12
DPTR FM NORMAL 1 PTCLDY (SCALE 4-7) 14
TOTAL FM JUL 1 2594 CLOUDY (SCALE 8-10) 5
DPTR FM NORMAL 82
[CDD (BASE 65) ]
TOTAL THIS MO. 0
DPTR FM NORMAL 0 [PRESSURE DATA]
TOTAL FM JAN 1 0 HIGHEST SLP 30.49 ON 21
DPTR FM NORMAL 0 LOWEST SLP 29.29 ON 4
[REMARKS]
#FINAL-01-23#