000
CXUS56 KEKA 011330
CF6ACV
PRELIMINARY LOCAL CLIMATOLOGICAL DATA (WS FORM: F-6)
STATION: ARCATA CA
MONTH: FEBRUARY
YEAR: 2024
LATITUDE: 40 58 N
LONGITUDE: 124 6 W
TEMPERATURE IN F: :PCPN: SNOW: WIND :SUNSHINE: SKY :PK WND
================================================================================
1 2 3 4 5 6A 6B 7 8 9 10 11 12 13 14 15 16 17 18
12Z AVG MX 2MIN
DY MAX MIN AVG DEP HDD CDD WTR SNW DPTH SPD SPD DIR MIN PSBL S-S WX SPD DR
================================================================================
1 56 47 52 3 13 0 0.42 M M 10.0 17 110 M M 8 1 30 110
2 53 42 48 -1 17 0 0.80 M M 7.7 21 240 M M 9 1 27 250
3 54 38 46 -3 19 0 T M M 5.8 14 130 M M 4 19 140
4 56 43 50 1 15 0 0.45 M M 7.3 23 140 M M 8 1 37 120
5 54 46 50 1 15 0 1.50 M M 9.8 32 130 M M 10 1 51 120
6 53 41 47 -2 18 0 0.11 M M 5.4 17 330 M M 7 1 24 330
7 50 34 42 -7 23 0 0.61 M M 5.0 20 340 M M 7 1 31 350
8 53 33 43 -6 22 0 T M M 5.8 17 330 M M 4 18 24 330
9 53 36 45 -4 20 0 0.00 M M 4.0 15 320 M M 8 19 320
10 53 39 46 -3 19 0 0.00 M M 3.3 9 310 M M 6 1 14 310
11 55 43 49 0 16 0 T M M 2.8 9 250 M M 9 18 12 230
12 56 46 51 2 14 0 0.00 M M 3.4 10 300 M M 8 15 280
13 55 43 49 0 16 0 0.02 M M 3.8 9 250 M M 6 1 12 250
14 53 47 50 1 15 0 1.45 M M 9.3 20 170 M M 10 1 33 240
15 57 48 53 4 12 0 0.39 M M 6.4 15 160 M M 9 1 21 150
16 61 48 55 6 10 0 0.01 M M 4.2 14 130 M M 5 1 23 120
17 59 49 54 6 11 0 1.14 M M 7.9 20 140 M M 10 1 31 140
18 57 46 52 4 13 0 0.46 M M 7.0 21 120 M M 6 18 32 140
19 54 48 51 3 14 0 0.61 M M 10.3 28 120 M M 9 1 46 120
20 61 48 55 7 10 0 0.26 M M 11.0 26 170 M M 8 1 36 170
21 57 46 52 4 13 0 0.13 M M 6.1 14 230 M M 9 1 18 230
22 61 39 50 2 15 0 0.00 M M 3.6 14 220 M M 1 1 19 230
23 59 41 50 2 15 0 0.00 M M 3.8 10 160 M M 1 8 13 150
24 63 39 51 3 14 0 0.00 M M 2.5 8 310 M M 0 18 12 80
25 57 37 47 -1 18 0 T M M 2.6 7 330 M M 3 1 11 330
26 53 37 45 -3 20 0 0.07 M M 6.7 24 340 M M 7 1 32 340
27 52 31 42 -7 23 0 0.00 M M 6.4 20 320 M M 0 1 25 320
28 56 36 46 -3 19 0 0.00 M M 6.5 15 180 M M 4 22 170
29 54 42 48 -1 17 0 0.90 M M 13.1 28 210 M M 9 1 39 210
================================================================================
SM 1615 1213 466 0 9.33 M 181.5 M 185
================================================================================
AV 55.7 41.8 6.3 FASTST M M 6 MAX(MPH)
MISC ----> 32 130 51 120
================================================================================
NOTES:
# LAST OF SEVERAL OCCURRENCES
COLUMN 17 PEAK WIND IN M.P.H.
PRELIMINARY LOCAL CLIMATOLOGICAL DATA (WS FORM: F-6) , PAGE 2
STATION: ARCATA CA
MONTH: FEBRUARY
YEAR: 2024
LATITUDE: 40 58 N
LONGITUDE: 124 6 W
[TEMPERATURE DATA] [PRECIPITATION DATA] SYMBOLS USED IN COLUMN 16
AVERAGE MONTHLY: 48.8 TOTAL FOR MONTH: 9.33 1 = FOG OR MIST
DPTR FM NORMAL: 0.2 DPTR FM NORMAL: 2.85 2 = FOG REDUCING VISIBILITY
HIGHEST: 63 ON 24 GRTST 24HR 1.55 ON 5- 6 TO 1/4 MILE OR LESS
LOWEST: 31 ON 27 3 = THUNDER
SNOW, ICE PELLETS, HAIL 4 = ICE PELLETS
TOTAL MONTH: M 5 = HAIL
GRTST 24HR M ON M 6 = FREEZING RAIN OR DRIZZLE
GRTST DEPTH: M ON M 7 = DUSTSTORM OR SANDSTORM:
VSBY 1/2 MILE OR LESS
8 = SMOKE OR HAZE
[NO. OF DAYS WITH] [WEATHER - DAYS WITH] 9 = BLOWING SNOW
X = TORNADO
MAX 32 OR BELOW: 0 0.01 INCH OR MORE: 17
MAX 90 OR ABOVE: 0 0.10 INCH OR MORE: 14
MIN 32 OR BELOW: 1 0.50 INCH OR MORE: 7
MIN 0 OR BELOW: 0 1.00 INCH OR MORE: 3
[HDD (BASE 65) ]
TOTAL THIS MO. 466 CLEAR (SCALE 0-3) 5
DPTR FM NORMAL 7 PTCLDY (SCALE 4-7) 13
TOTAL FM JUL 1 2443 CLOUDY (SCALE 8-10) 11
DPTR FM NORMAL -553
[CDD (BASE 65) ]
TOTAL THIS MO. 0
DPTR FM NORMAL 0 [PRESSURE DATA]
TOTAL FM JAN 1 0 HIGHEST SLP 30.29 ON 27
DPTR FM NORMAL 0 LOWEST SLP 29.16 ON 4
[REMARKS]
#FINAL-02-24#