000
CXUS56 KEKA 032216
CF6ACV
PRELIMINARY LOCAL CLIMATOLOGICAL DATA (WS FORM: F-6)
STATION: ARCATA CA
MONTH: JULY
YEAR: 2022
LATITUDE: 40 58 N
LONGITUDE: 124 6 W
TEMPERATURE IN F: :PCPN: SNOW: WIND :SUNSHINE: SKY :PK WND
================================================================================
1 2 3 4 5 6A 6B 7 8 9 10 11 12 13 14 15 16 17 18
12Z AVG MX 2MIN
DY MAX MIN AVG DEP HDD CDD WTR SNW DPTH SPD SPD DIR MIN PSBL S-S WX SPD DR
================================================================================
1 59 54 57 1 8 0 T M M 4.5 13 310 M M 10 1 15 310
2 61 54 58 2 7 0 T M M 3.3 9 290 M M 10 1 14 310
3 60 53 57 0 8 0 0.08 M M 3.1 10 280 M M 10 2 13 280
4 65 54 60 3 5 0 0.28 M M 3.7 12 310 M M 10 1 18 310
5 63 58 61 4 4 0 0.24 M M 2.3 9 170 M M 10 2 11 170
6 63 57 60 3 5 0 0.00 M M 3.4 8 270 M M 10 2 13 260
7 64 54 59 2 6 0 0.00 M M 5.7 13 320 M M 6 1 17 310
8 61 52 57 0 8 0 0.00 M M 3.9 12 290 M M 10 2 16 300
9 64 55 60 3 5 0 0.00 M M 7.3 21 310 M M 6 1 29 320
10 63 56 60 3 5 0 0.00 M M 4.1 9 250 M M 6 1 15 240
11 72 52 62 5 3 0 0.00 M M 4.0 12 230 M M 0 18 14 220
12 63 55 59 2 6 0 0.00 M M 6.9 13 150 M M 8 28 17 160
13 63 50 57 0 8 0 0.00 M M 6.4 14 310 M M 6 1 18 310
14 60 54 57 0 8 0 0.00 M M 6.7 14 320 M M 10 1 17 310
15 65 47 56 -1 9 0 0.00 M M 7.7 22 310 M M 2 30 320
16 64 52 58 1 7 0 0.00 M M 8.6 20 320 M M 6 18 29 300
17 62 51 57 -1 8 0 0.00 M M 5.4 15 320 M M 6 2 23 310
18 65 47 56 -2 9 0 0.00 M M 4.1 8 260 M M 2 1 12 300
19 60 51 56 -2 9 0 0.00 M M 4.1 9 140 M M 9 2 12 290
20 63 52 58 0 7 0 0.00 M M 3.5 13 310 M M 10 2 18 300
21 64 51 58 0 7 0 0.00 M M 6.2 17 310 M M 7 1 25 320
22 62 52 57 -1 8 0 0.00 M M 5.5 14 310 M M 7 1 19 300
23 62 52 57 -1 8 0 0.00 M M 5.3 12 310 M M 7 18 17 300
24 59 53 56 -2 9 0 0.00 M M 4.5 9 140 M M 10 18 16 300
25 58 52 55 -3 10 0 0.00 M M 4.1 10 240 M M 10 2 14 230
26 63 48 56 -2 9 0 0.00 M M 2.8 8 260 M M 5 1 13 280
27 61 51 56 -2 9 0 0.00 M M 3.3 9 300 M M 8 28 14 300
28 62 54 58 0 7 0 0.00 M M 3.2 12 320 M M 10 18 16 310
29 63 55 59 1 6 0 0.00 M M 5.0 10 220 M M 9 1 16 210
30 65 57 61 3 4 0 0.00 M M 3.7 10 260 M M 10 1 15 280
31 66 57 62 4 3 0 T M M 3.4 9 260 M M 9 1 13 290
================================================================================
SM 1945 1640 215 0 0.60 M 145.7 M 239
================================================================================
AV 62.7 52.9 4.7 FASTST M M 8 MAX(MPH)
MISC ----> 22 310 30 320
================================================================================
NOTES:
# LAST OF SEVERAL OCCURRENCES
COLUMN 17 PEAK WIND IN M.P.H.
PRELIMINARY LOCAL CLIMATOLOGICAL DATA (WS FORM: F-6) , PAGE 2
STATION: ARCATA CA
MONTH: JULY
YEAR: 2022
LATITUDE: 40 58 N
LONGITUDE: 124 6 W
[TEMPERATURE DATA] [PRECIPITATION DATA] SYMBOLS USED IN COLUMN 16
AVERAGE MONTHLY: 57.8 TOTAL FOR MONTH: 0.60 1 = FOG OR MIST
DPTR FM NORMAL: 0.4 DPTR FM NORMAL: 0.41 2 = FOG REDUCING VISIBILITY
HIGHEST: 72 ON 11 GRTST 24HR 0.32 ON 3- 4 TO 1/4 MILE OR LESS
LOWEST: 47 ON 15,18 3 = THUNDER
SNOW, ICE PELLETS, HAIL 4 = ICE PELLETS
TOTAL MONTH: M 5 = HAIL
GRTST 24HR M ON M 6 = FREEZING RAIN OR DRIZZLE
GRTST DEPTH: M ON M 7 = DUSTSTORM OR SANDSTORM:
VSBY 1/2 MILE OR LESS
8 = SMOKE OR HAZE
[NO. OF DAYS WITH] [WEATHER - DAYS WITH] 9 = BLOWING SNOW
X = TORNADO
MAX 32 OR BELOW: 0 0.01 INCH OR MORE: 3
MAX 90 OR ABOVE: 0 0.10 INCH OR MORE: 2
MIN 32 OR BELOW: 0 0.50 INCH OR MORE: 0
MIN 0 OR BELOW: 0 1.00 INCH OR MORE: 0
[HDD (BASE 65) ]
TOTAL THIS MO. 215 CLEAR (SCALE 0-3) 3
DPTR FM NORMAL -22 PTCLDY (SCALE 4-7) 12
TOTAL FM JUL 1 215 CLOUDY (SCALE 8-10) 16
DPTR FM NORMAL -20
[CDD (BASE 65) ]
TOTAL THIS MO. 0
DPTR FM NORMAL 0 [PRESSURE DATA]
TOTAL FM JAN 1 0 HIGHEST SLP 30.27 ON 9
DPTR FM NORMAL 0 LOWEST SLP 29.86 ON 12
[REMARKS]
#FINAL-07-22#