000
CXUS56 KEKA 030136
CF6ACV
PRELIMINARY LOCAL CLIMATOLOGICAL DATA (WS FORM: F-6)
STATION: ARCATA CA
MONTH: NOVEMBER
YEAR: 2021
LATITUDE: 40 58 N
LONGITUDE: 124 6 W
TEMPERATURE IN F: :PCPN: SNOW: WIND :SUNSHINE: SKY :PK WND
================================================================================
1 2 3 4 5 6A 6B 7 8 9 10 11 12 13 14 15 16 17 18
12Z AVG MX 2MIN
DY MAX MIN AVG DEP HDD CDD WTR SNW DPTH SPD SPD DIR MIN PSBL S-S WX SPD DR
================================================================================
1 61 53 57 5 8 0 1.13 M M 4.3 16 220 M M 10 1 23 120
2 65 48 57 5 8 0 0.00 M M 3.4 9 250 M M 0 13 250
3 73 47 60 8 5 0 0.32 M M 10.9 25 170 M M 8 18 37 160
4 60 49 55 3 10 0 0.46 M M 8.5 23 200 M M 8 18 34 190
5 56 50 53 1 12 0 0.35 M M 7.2 15 120 M M 7 1 22 120
6 58 44 51 -1 14 0 0.30 M M 4.6 9 330 M M 6 18 16 10
7 57 41 49 -3 16 0 0.00 M M 5.4 9 130 M M 1 1 15 130
8 58 38 48 -3 17 0 0.17 M M 9.6 33 120 M M 5 1 51 130
9 58 48 53 2 12 0 0.41 M M 5.1 24 320 M M 9 18 32 310
10 61 49 55 4 10 0 0.02 M M 3.4 8 150 M M 10 18 12 160
11 64 53 59 8 6 0 0.01 M M 2.4 9 260 M M 6 2 11 250
12 63 50 57 6 8 0 0.00 M M 2.2 10 300 M M 4 2 24 220
13 61 49 55 4 10 0 0.00 M M 2.0 8 300 M M 4 2 11 310
14 61 46 54 3 11 0 0.00 M M 3.0 8 100 M M M 2 9 90
15 63 46 55 5 10 0 0.48 M M 4.5 21 330 M M 5 1 28 340
16 57 38 48 -2 17 0 0.00 M M 6.1 17 330 M M 3 1 22 330
17 62 36 49 -1 16 0 0.00 M M 3.6 8 250 M M 0 18 10 220
18 59 45 52 2 13 0 0.05 M M 6.2 16 130 M M 8 1 25 130
19 57 41 49 -1 16 0 0.07 M M 6.7 18 330 M M 6 1 24 340
20 62 38 50 0 15 0 0.00 M M 2.6 13 320 M M 0 18 17 40
21 64 38 51 1 14 0 0.00 M M 3.8 10 320 M M 0 13 90
22 63 37 50 0 15 0 0.01 M M 3.9 16 310 M M 1 1 21 340
23 56 40 48 -2 17 0 0.01 M M 6.5 21 330 M M 5 1 27 330
24 56 33 45 -4 20 0 0.00 M M 3.2 9 290 M M 0 18 11 290
25 60 36 48 -1 17 0 0.00 M M 3.5 9 340 M M 0 18 10 330
26 62 37 50 1 15 0 0.00 M M 2.9 9 90 M M 2 8 11 280
27 62 47 55 6 10 0 T M M 2.4 12 310 M M 5 28 14 310
28 54 46 50 1 15 0 0.00 M M 1.6 9 320 M M 9 2 11 320
29 52 44 48 -1 17 0 0.00 M M 1.7 11 290 M M 10 2 M M
30 58 44 51 2 14 0 0.00 M M 2.6 13 320 M M 0 28 16 310
================================================================================
SM 1803 1311 388 0 3.79 M 133.8 M 132
================================================================================
AV 60.1 43.7 4.5 FASTST M M 5 MAX(MPH)
MISC ----> 33 120 51 130
================================================================================
NOTES:
# LAST OF SEVERAL OCCURRENCES
COLUMN 17 PEAK WIND IN M.P.H.
PRELIMINARY LOCAL CLIMATOLOGICAL DATA (WS FORM: F-6) , PAGE 2
STATION: ARCATA CA
MONTH: NOVEMBER
YEAR: 2021
LATITUDE: 40 58 N
LONGITUDE: 124 6 W
[TEMPERATURE DATA] [PRECIPITATION DATA] SYMBOLS USED IN COLUMN 16
AVERAGE MONTHLY: 51.9 TOTAL FOR MONTH: 3.79 1 = FOG OR MIST
DPTR FM NORMAL: 1.4 DPTR FM NORMAL: -1.92 2 = FOG REDUCING VISIBILITY
HIGHEST: 73 ON 3 GRTST 24HR 1.13 ON 31- 1 TO 1/4 MILE OR LESS
LOWEST: 33 ON 24 3 = THUNDER
SNOW, ICE PELLETS, HAIL 4 = ICE PELLETS
TOTAL MONTH: M 5 = HAIL
GRTST 24HR M ON M 6 = FREEZING RAIN OR DRIZZLE
GRTST DEPTH: M ON M 7 = DUSTSTORM OR SANDSTORM:
VSBY 1/2 MILE OR LESS
8 = SMOKE OR HAZE
[NO. OF DAYS WITH] [WEATHER - DAYS WITH] 9 = BLOWING SNOW
X = TORNADO
MAX 32 OR BELOW: 0 0.01 INCH OR MORE: 14
MAX 90 OR ABOVE: 0 0.10 INCH OR MORE: 8
MIN 32 OR BELOW: 0 0.50 INCH OR MORE: 1
MIN 0 OR BELOW: 0 1.00 INCH OR MORE: 1
[HDD (BASE 65) ]
TOTAL THIS MO. 388 CLEAR (SCALE 0-3) 11
DPTR FM NORMAL -47 PTCLDY (SCALE 4-7) 12
TOTAL FM JUL 1 1484 CLOUDY (SCALE 8-10) 7
DPTR FM NORMAL 8
[CDD (BASE 65) ]
TOTAL THIS MO. 0
DPTR FM NORMAL 0 [PRESSURE DATA]
TOTAL FM JAN 1 1 HIGHEST SLP 30.41 ON 25
DPTR FM NORMAL -3 LOWEST SLP 29.60 ON 8
[REMARKS]
#FINAL-11-21#