879
CXUS56 KEKA 011330
CF6ACV
PRELIMINARY LOCAL CLIMATOLOGICAL DATA (WS FORM: F-6)
STATION: ARCATA CA
MONTH: FEBRUARY
YEAR: 2021
LATITUDE: 40 58 N
LONGITUDE: 124 6 W
TEMPERATURE IN F: :PCPN: SNOW: WIND :SUNSHINE: SKY :PK WND
================================================================================
1 2 3 4 5 6A 6B 7 8 9 10 11 12 13 14 15 16 17 18
12Z AVG MX 2MIN
DY MAX MIN AVG DEP HDD CDD WTR SNW DPTH SPD SPD DIR MIN PSBL S-S WX SPD DR
================================================================================
1 58 49 54 7 11 0 0.72 M M 9.4 23 230 M M 9 1 34 150
2 52 42 47 0 18 0 0.38 M M 5.7 17 220 M M 6 1 25 210
3 52 34 43 -4 22 0 0.35 M M 8.8 23 240 M M 5 1 31 230
4 54 31 43 -4 22 0 0.00 M M 4.7 16 340 M M 0 18 20 350
5 55 33 44 -3 21 0 0.00 M M 5.1 20 360 M M 3 1 29 10
6 52 40 46 -1 19 0 0.00 M M 5.7 21 330 M M 5 1 25 330
7 51 37 44 -3 21 0 0.00 M M 5.0 16 330 M M 4 1 20 330
8 48 38 43 -4 22 0 0.00 M M 4.3 10 320 M M 7 1 13 340
9 51 36 44 -3 21 0 T M M 2.1 8 310 M M 4 1 11 290
10 52 35 44 -3 21 0 0.00 M M 2.8 8 310 M M 1 1 10 310
11 53 41 47 0 18 0 0.84 M M 5.5 18 230 M M 7 1 23 130
12 51 44 48 1 17 0 0.60 M M 7.5 15 200 M M 10 1 21 200
13 52 41 47 0 18 0 0.61 M M 7.3 22 310 M M 8 1 31 300
14 51 42 47 0 18 0 0.73 M M 8.8 18 130 M M 10 1 26 120
15 52 45 49 2 16 0 0.50 M M 6.9 20 320 M M 10 28 23 320
16 51 38 45 -2 20 0 0.05 M M 5.7 18 330 M M 4 28 22 320
17 52 30 41 -6 24 0 0.00 M M 5.2 16 330 M M 0 18 19 320
18 50 40 45 -2 20 0 0.74 M M 5.6 18 130 M M 9 2 27 140
19 53 43 48 1 17 0 0.41 M M 7.1 17 260 M M 9 18 25 250
20 52 37 45 -2 20 0 0.20 M M 9.8 24 320 M M 6 18 33 270
21 52 33 43 -4 22 0 0.00 M M 4.6 18 330 M M 3 1 22 330
22 54 34 44 -3 21 0 0.00 M M 7.4 23 330 M M 3 1 29 330
23 53 36 45 -2 20 0 0.00 M M 7.6 23 360 M M 3 18 30 10
24 52 30 41 -6 24 0 0.00 M M 6.4 23 340 M M 0 18 29 330
25 53 31 42 -5 23 0 T M M 8.4 21 330 M M 2 18 27 320
26 51 37 44 -4 21 0 0.02 M M 6.6 21 340 M M 7 18 26 340
27 52 35 44 -4 21 0 0.00 M M 8.6 23 330 M M 3 18 29 320
28 50 31 41 -7 24 0 0.00 M M 4.7 18 330 M M 0 18 24 330
================================================================================
SM 1459 1043 562 0 6.15 M 177.3 M 138
================================================================================
AV 52.1 37.3 6.3 FASTST M M 5 MAX(MPH)
MISC ----> 24 320 34 150
================================================================================
NOTES:
# LAST OF SEVERAL OCCURRENCES
COLUMN 17 PEAK WIND IN M.P.H.
PRELIMINARY LOCAL CLIMATOLOGICAL DATA (WS FORM: F-6) , PAGE 2
STATION: ARCATA CA
MONTH: FEBRUARY
YEAR: 2021
LATITUDE: 40 58 N
LONGITUDE: 124 6 W
[TEMPERATURE DATA] [PRECIPITATION DATA] SYMBOLS USED IN COLUMN 16
AVERAGE MONTHLY: 44.7 TOTAL FOR MONTH: 6.15 1 = FOG OR MIST
DPTR FM NORMAL: -2.5 DPTR FM NORMAL: -0.40 2 = FOG REDUCING VISIBILITY
HIGHEST: 58 ON 1 GRTST 24HR 1.17 ON 12-13 TO 1/4 MILE OR LESS
LOWEST: 30 ON 24,17 3 = THUNDER
SNOW, ICE PELLETS, HAIL 4 = ICE PELLETS
TOTAL MONTH: M 5 = HAIL
GRTST 24HR M ON M 6 = FREEZING RAIN OR DRIZZLE
GRTST DEPTH: M ON M 7 = DUSTSTORM OR SANDSTORM:
VSBY 1/2 MILE OR LESS
8 = SMOKE OR HAZE
[NO. OF DAYS WITH] [WEATHER - DAYS WITH] 9 = BLOWING SNOW
X = TORNADO
MAX 32 OR BELOW: 0 0.01 INCH OR MORE: 13
MAX 90 OR ABOVE: 0 0.10 INCH OR MORE: 11
MIN 32 OR BELOW: 5 0.50 INCH OR MORE: 7
MIN 0 OR BELOW: 0 1.00 INCH OR MORE: 0
[HDD (BASE 65) ]
TOTAL THIS MO. 562 CLEAR (SCALE 0-3) 8
DPTR FM NORMAL 65 PTCLDY (SCALE 4-7) 13
TOTAL FM JUL 1 2986 CLOUDY (SCALE 8-10) 7
DPTR FM NORMAL -325
[CDD (BASE 65) ]
TOTAL THIS MO. 0
DPTR FM NORMAL 0 [PRESSURE DATA]
TOTAL FM JAN 1 0 HIGHEST SLP 30.64 ON 21
DPTR FM NORMAL 0 LOWEST SLP 29.74 ON 1
[REMARKS]
#FINAL-02-21#