000
CXUS56 KEKA 040339
CF6ACV
PRELIMINARY LOCAL CLIMATOLOGICAL DATA (WS FORM: F-6)
STATION: ARCATA CA
MONTH: JUNE
YEAR: 2020
LATITUDE: 40 58 N
LONGITUDE: 124 6 W
TEMPERATURE IN F: :PCPN: SNOW: WIND :SUNSHINE: SKY :PK WND
================================================================================
1 2 3 4 5 6A 6B 7 8 9 10 11 12 13 14 15 16 17 18
12Z AVG MX 2MIN
DY MAX MIN AVG DEP HDD CDD WTR SNW DPTH SPD SPD DIR MIN PSBL S-S WX SPD DR
================================================================================
1 59 49 54 1 11 0 0.00 0.0 0 6.3 17 330 M M 3 24 320
2 60 46 53 0 12 0 0.00 0.0 0 5.7 18 340 M M 1 1 23 330
3 62 46 54 1 11 0 0.00 0.0 0 7.2 18 340 M M 1 29 290
4 58 46 52 -1 13 0 0.00 0.0 0 6.7 16 330 M M 6 1 22 350
5 57 48 53 0 12 0 0.03 0.0 0 4.3 9 330 M M 10 1 16 210
6 59 49 54 1 11 0 0.11 M 0 4.0 14 230 M M 8 1 17 240
7 58 43 51 -3 14 0 0.17 M 0 6.1 15 330 M M 2 1 20 310
8 60 39 50 -4 15 0 0.00 0.0 0 6.5 21 330 M M 0 25 330
9 65 42 54 0 11 0 0.00 0.0 0 4.2 10 320 M M 0 12 320
10 67 47 57 3 8 0 0.00 0.0 0 5.9 20 330 M M 0 1 25 320
11 63 51 57 3 8 0 0.00 0.0 0 7.4 17 350 M M 5 1 22 350
12 61 49 55 1 10 0 0.04 M 0 8.1 18 310 M M 8 1 23 320
13 60 49 55 1 10 0 0.00 0.0 0 4.4 10 270 M M 6 14 290
14 64 50 57 3 8 0 0.00 0.0 0 3.7 13 320 M M 7 17 320
15 60 49 55 1 10 0 0.17 0.0 0 4.8 13 340 M M 10 1 16 340
16 61 50 56 2 9 0 0.01 0.0 0 7.3 20 330 M M 6 1 25 330
17 69 43 56 2 9 0 0.00 0.0 0 9.0 25 340 M M 0 18 31 340
18 63 45 54 0 11 0 0.00 0.0 0 4.5 10 280 M M 2 1 13 260
19 59 47 53 -1 12 0 0.00 0.0 0 3.9 9 180 M M 4 1 12 320
20 61 51 56 2 9 0 0.00 0.0 0 4.9 17 330 M M 7 2 22 320
21 59 50 55 1 10 0 0.00 0.0 0 9.6 21 330 M M 7 1 27 10
22 61 51 56 2 9 0 0.00 0.0 0 4.5 9 180 M M 5 12 12 300
23 61 49 55 1 10 0 0.00 0.0 0 5.1 14 320 M M 3 1 16 320
24 69 51 60 6 5 0 0.00 0.0 0 6.1 22 320 M M 8 128 34 260
25 66 54 60 5 5 0 0.00 0.0 0 4.5 12 330 M M 7 128 13 330
26 70 56 63 8 2 0 0.00 0.0 0 3.7 10 290 M M 5 128 17 30
27 67 56 62 7 3 0 0.00 0.0 0 8.0 23 320 M M 7 8 38 350
28 70 53 62 7 3 0 0.00 0.0 0 11.0 28 10 M M 3 8 48 10
29 72 48 60 5 5 0 0.00 0.0 0 8.7 21 320 M M 0 8 31 290
30 68 54 61 6 4 0 0.00 0.0 0 9.2 24 330 M M 5 8 30 340
================================================================================
SM 1889 1461 270 0 0.53 0.0 185.3 M 136
================================================================================
AV 63.0 48.7 6.2 FASTST M M 5 MAX(MPH)
MISC ----> # 28 10 # 48 10
================================================================================
NOTES:
# LAST OF SEVERAL OCCURRENCES
COLUMN 17 PEAK WIND IN M.P.H.
PRELIMINARY LOCAL CLIMATOLOGICAL DATA (WS FORM: F-6) , PAGE 2
STATION: ARCATA CA
MONTH: JUNE
YEAR: 2020
LATITUDE: 40 58 N
LONGITUDE: 124 6 W
[TEMPERATURE DATA] [PRECIPITATION DATA] SYMBOLS USED IN COLUMN 16
AVERAGE MONTHLY: 55.8 TOTAL FOR MONTH: 0.53 1 = FOG OR MIST
DPTR FM NORMAL: 1.8 DPTR FM NORMAL: -0.81 2 = FOG REDUCING VISIBILITY
HIGHEST: 72 ON 29 GRTST 24HR 0.28 ON 6-7 TO 1/4 MILE OR LESS
LOWEST: 39 ON 8 3 = THUNDER
SNOW, ICE PELLETS, HAIL 4 = ICE PELLETS
TOTAL MONTH: 0.0 INCH 5 = HAIL
GRTST 24HR 0.0 6 = FREEZING RAIN OR DRIZZLE
GRTST DEPTH: 0 7 = DUSTSTORM OR SANDSTORM:
VSBY 1/2 MILE OR LESS
8 = SMOKE OR HAZE
[NO. OF DAYS WITH] [WEATHER - DAYS WITH] 9 = BLOWING SNOW
X = TORNADO
MAX 32 OR BELOW: 0 0.01 INCH OR MORE: 6
MAX 90 OR ABOVE: 0 0.10 INCH OR MORE: 3
MIN 32 OR BELOW: 0 0.50 INCH OR MORE: 0
MIN 0 OR BELOW: 0 1.00 INCH OR MORE: 0
[HDD (BASE 65) ]
TOTAL THIS MO. 270 CLEAR (SCALE 0-3) 12
DPTR FM NORMAL -60 PTCLDY (SCALE 4-7) 15
TOTAL FM JUL 1 4350 CLOUDY (SCALE 8-10) 3
DPTR FM NORMAL -715
[CDD (BASE 65) ]
TOTAL THIS MO. 0
DPTR FM NORMAL 0 [PRESSURE DATA]
TOTAL FM JAN 1 0 HIGHEST SLP 30.33 ON 8
DPTR FM NORMAL 0 LOWEST SLP 29.83 ON 5
[REMARKS]
#FINAL-06-20#