000
CXUS54 KLZK 011130
CF6ADF
PRELIMINARY LOCAL CLIMATOLOGICAL DATA (WS FORM: F-6)
STATION: Arkadelphia Airport
MONTH: MAY
YEAR: 2020
LATITUDE: 34 9 N
LONGITUDE: 93 4 W
TEMPERATURE IN F: :PCPN: SNOW: WIND :SUNSHINE: SKY :PK WND
================================================================================
1 2 3 4 5 6A 6B 7 8 9 10 11 12 13 14 15 16 17 18
12Z AVG MX 2MIN
DY MAX MIN AVG DEP HDD CDD WTR SNW DPTH SPD SPD DIR MIN PSBL S-S WX SPD DR
================================================================================
1 83 49 66 0 0 1 0.00 M M 3.4 12 180 M M 0 21 190
2 85 55 70 4 0 5 0.00 M M 5.2 15 200 M M 1 17 190
3 86 60 73 7 0 8 0.00 M M 4.1 12 240 M M 5 18 17 210
4 86 67 77 10 0 12 0.00 M M 3.0 12 200 M M 5 8 21 200
5 77 53 65 -2 0 0 0.01 M M 5.9 16 360 M M 2 22 20
6 77 47 62 -5 3 0 0.00 M M 5.4 18 10 M M 0 22 10
7 72 46 59 -9 6 0 T M M 3.2 10 30 M M 3 M M
8 72 50 61 -7 4 0 1.03 M M 6.6 18 10 M M 6 3 27 20
9 69 47 58 -10 7 0 0.00 M M 3.7 7 99 M M 0 M M
10 77 43 60 -8 5 0 0.00 M M 3.0 9 320 M M 2 M M
11 70 48 59 -10 6 0 0.00 M M 4.3 10 60 M M 5 17 30
12 62 52 57 -12 8 0 0.30 M M 4.4 7 20 M M 9 M M
13 84 54 69 0 0 4 0.00 M M 4.8 12 180 M M 5 18 17 180
14 85 61 73 3 0 8 0.02 M M 4.2 10 170 M M 5 M M
15 83 65 74 4 0 9 0.87 M M 3.2 9 170 M M 7 38 16 170
16 M M M M M M 2.18 M M 4.5 8 30 M M 8 3 M M
17 80 63 72 2 0 7 0.11 M M 4.3 9 310 M M 5 1 M M
18 83 56 70 -1 0 5 0.00 M M 5.5 14 320 M M 0 20 310
19 76 56 66 -5 0 1 0.00 M M 2.0 7 50 M M 3 M M
20 80 54 67 -4 0 2 0.00 M M 2.0 6 20 M M 3 M M
21 80 60 70 -1 0 5 0.02 M M 2.0 6 99 M M 7 3 M M
22 87 64 76 4 0 11 0.00 M M 3.1 10 170 M M 5 M M
23 81 64 73 1 0 8 0.24 M M 3.8 12 190 M M 3 13 M M
24 86 66 76 4 0 11 0.02 M M 1.8 7 160 M M 4 138 M M
25 88 66 77 5 0 12 0.01 M M 4.0 12 140 M M 5 13 21 140
26 78 66 72 -1 0 7 0.02 M M 5.0 9 200 M M 6 20 200
27 80 63 72 -1 0 7 0.00 M M 4.0 15 210 M M 2 M M
28 80 62 71 -2 0 6 M M M 3.5 18 220 M M 7 3 24 220
29 83 60 72 -2 0 7 M M M 4.0 16 10 M M 1 20 360
30 83 57 70 -4 0 5 M M M 3.6 9 10 M M 0 M M
31 83 55 69 -5 0 4 M M M 3.2 8 30 M M 0 M M
================================================================================
SM 2396 1709 39 145 4.83 M 120.7 M 114
================================================================================
AV 79.9 57.0 3.9 FASTST M M 4 MAX(MPH)
MISC ----> # 18 10 # 27 20
================================================================================
NOTES:
# LAST OF SEVERAL OCCURRENCES
COLUMN 17 PEAK WIND IN M.P.H.
PRELIMINARY LOCAL CLIMATOLOGICAL DATA (WS FORM: F-6) , PAGE 2
STATION: Arkadelphia Airport
MONTH: MAY
YEAR: 2020
LATITUDE: 34 9 N
LONGITUDE: 93 4 W
[TEMPERATURE DATA] [PRECIPITATION DATA] SYMBOLS USED IN COLUMN 16
AVERAGE MONTHLY: 68.4 TOTAL FOR MONTH: 4.83 1 = FOG OR MIST
DPTR FM NORMAL: -1.6 DPTR FM NORMAL: -1.59 2 = FOG REDUCING VISIBILITY
HIGHEST: 88 ON 25 GRTST 24HR 2.18 ON 16-16 TO 1/4 MILE OR LESS
LOWEST: 43 ON 10 3 = THUNDER
SNOW, ICE PELLETS, HAIL 4 = ICE PELLETS
TOTAL MONTH: M 5 = HAIL
GRTST 24HR M ON M 6 = FREEZING RAIN OR DRIZZLE
GRTST DEPTH: M ON M 7 = DUSTSTORM OR SANDSTORM:
VSBY 1/2 MILE OR LESS
8 = SMOKE OR HAZE
[NO. OF DAYS WITH] [WEATHER - DAYS WITH] 9 = BLOWING SNOW
X = TORNADO
MAX 32 OR BELOW: 0 0.01 INCH OR MORE: 12
MAX 90 OR ABOVE: 0 0.10 INCH OR MORE: 6
MIN 32 OR BELOW: 0 0.50 INCH OR MORE: 3
MIN 0 OR BELOW: 0 1.00 INCH OR MORE: 2
[HDD (BASE 65) ]
TOTAL THIS MO. 39 CLEAR (SCALE 0-3) 14
DPTR FM NORMAL 17 PTCLDY (SCALE 4-7) 16
TOTAL FM JUL 1 2724 CLOUDY (SCALE 8-10) 1
DPTR FM NORMAL -303
[CDD (BASE 65) ]
TOTAL THIS MO. 145
DPTR FM NORMAL -32 [PRESSURE DATA]
TOTAL FM JAN 1 207 HIGHEST SLP M ON M
DPTR FM NORMAL -30 LOWEST SLP M ON M
[REMARKS]
#FINAL-05-20#