000
CXUS54 KFWD 010730
CF6AFW
PRELIMINARY LOCAL CLIMATOLOGICAL DATA (WS FORM: F-6)
STATION: FORT WORTH ALLIANCE
MONTH: APRIL
YEAR: 2023
LATITUDE: 32 58 N
LONGITUDE: 97 19 W
TEMPERATURE IN F: :PCPN: SNOW: WIND :SUNSHINE: SKY :PK WND
================================================================================
1 2 3 4 5 6A 6B 7 8 9 10 11 12 13 14 15 16 17 18
12Z AVG MX 2MIN
DY MAX MIN AVG DEP HDD CDD WTR SNW DPTH SPD SPD DIR MIN PSBL S-S WX SPD DR
================================================================================
1 73 52 63 0 2 0 0.00 M M 7.1 20 360 M M 6 28 340
2 78 55 67 4 0 2 0.01 M M 10.5 44 300 M M 7 13 61 330
3 92 62 77 14 0 12 0.00 M M 16.2 29 180 M M 2 1 37 170
4 79 71 75 11 0 10 0.00 M M 18.6 28 170 M M 9 1 38 140
5 76 48 62 -2 3 0 0.00 M M 15.3 28 320 M M 8 8 36 320
6 60 44 52 -12 13 0 0.00 M M 11.8 22 40 M M 9 27 50
7 62 49 56 -8 9 0 0.00 M M 9.4 16 40 M M 10 23 40
8 72 56 64 0 1 0 0.00 M M 3.9 12 70 M M 7 16 60
9 72 50 61 -3 4 0 0.00 M M 4.4 15 130 M M 6 22 120
10 76 58 67 2 0 2 0.00 M M 6.4 16 140 M M 6 23 130
11 75 54 65 0 0 0 0.00 M M 6.5 14 130 M M 1 21 120
12 77 53 65 0 0 0 0.00 M M 6.9 20 160 M M 3 8 24 160
13 78 55 67 2 0 2 0.00 M M 10.8 16 170 M M 3 24 180
14 79 59 69 3 0 4 0.00 M M 16.6 26 160 M M 6 34 190
15 77 55 66 0 0 1 0.00 M M 15.2 28 340 M M 3 36 330
16 72 44 58 -8 7 0 0.00 M M 7.5 18 340 M M 0 8 29 30
17 81 49 65 -1 0 0 0.00 M M 12.3 25 160 M M 3 8 33 160
18 74 58 66 0 0 1 0.00 M M 18.0 28 150 M M 5 35 160
19 86 65 76 10 0 11 0.00 M M 22.0 35 170 M M 7 41 170
20 80 63 72 5 0 7 0.00 M M 15.2 32 180 M M 7 38 43 170
21 76 53 65 -2 0 0 0.00 M M 9.6 26 10 M M 2 33 10
22 75 50 63 -4 2 0 T M M 11.1 24 30 M M 8 32 40
23 57 47 52 -15 13 0 0.17 M M 10.4 22 10 M M 9 1 29 20
24 71 45 58 -10 7 0 0.00 M M 8.8 18 150 M M 8 24 130
25 72 58 65 -3 0 0 T M M 10.8 17 140 M M 10 27 120
26 65 53 59 -9 6 0 0.27 M M 9.9 31 340 M M 10 13 40 350
27 68 56 62 -6 3 0 0.00 M M 9.2 21 290 M M 7 1 29 300
28 74 52 63 -5 2 0 T M M 13.6 26 330 M M 7 35 360
29 72 51 62 -7 3 0 0.00 0.0 M 14.9 28 330 M M 5 41 300
30 82 52 67 -2 0 2 0.00 M M 10.1 20 50 M M 1 26 40
================================================================================
SM 2231 1617 75 54 0.45 0.0 343.0 M 175
================================================================================
AV 74.4 53.9 11.4 FASTST M M 6 MAX(MPH)
MISC ----> 44 300 61 330
================================================================================
NOTES:
# LAST OF SEVERAL OCCURRENCES
COLUMN 17 PEAK WIND IN M.P.H.
PRELIMINARY LOCAL CLIMATOLOGICAL DATA (WS FORM: F-6) , PAGE 2
STATION: FORT WORTH ALLIANCE
MONTH: APRIL
YEAR: 2023
LATITUDE: 32 58 N
LONGITUDE: 97 19 W
[TEMPERATURE DATA] [PRECIPITATION DATA] SYMBOLS USED IN COLUMN 16
AVERAGE MONTHLY: 64.1 TOTAL FOR MONTH: 0.45 1 = FOG OR MIST
DPTR FM NORMAL: -1.7 DPTR FM NORMAL: -3.53 2 = FOG REDUCING VISIBILITY
HIGHEST: 92 ON 3 GRTST 24HR 0.27 ON 26-26 TO 1/4 MILE OR LESS
LOWEST: 44 ON 16, 6 3 = THUNDER
SNOW, ICE PELLETS, HAIL 4 = ICE PELLETS
TOTAL MONTH: 0.0 INCH 5 = HAIL
GRTST 24HR 0.0 6 = FREEZING RAIN OR DRIZZLE
GRTST DEPTH: M ON M 7 = DUSTSTORM OR SANDSTORM:
VSBY 1/2 MILE OR LESS
8 = SMOKE OR HAZE
[NO. OF DAYS WITH] [WEATHER - DAYS WITH] 9 = BLOWING SNOW
X = TORNADO
MAX 32 OR BELOW: 0 0.01 INCH OR MORE: 3
MAX 90 OR ABOVE: 1 0.10 INCH OR MORE: 2
MIN 32 OR BELOW: 0 0.50 INCH OR MORE: 0
MIN 0 OR BELOW: 0 1.00 INCH OR MORE: 0
[HDD (BASE 65) ]
TOTAL THIS MO. 75 CLEAR (SCALE 0-3) 8
DPTR FM NORMAL -11 PTCLDY (SCALE 4-7) 14
TOTAL FM JUL 1 2028 CLOUDY (SCALE 8-10) 8
DPTR FM NORMAL -174
[CDD (BASE 65) ]
TOTAL THIS MO. 54
DPTR FM NORMAL -56 [PRESSURE DATA]
TOTAL FM JAN 1 130 HIGHEST SLP M ON M
DPTR FM NORMAL -34 LOWEST SLP 29.45 ON 4
[REMARKS]
#FINAL-04-23#