000
CXUS52 KFFC 011010
CF6AHN
PRELIMINARY LOCAL CLIMATOLOGICAL DATA (WS FORM: F-6)
STATION: ATHENS
MONTH: MAY
YEAR: 2021
LATITUDE: 33 57 N
LONGITUDE: 83 19 W
TEMPERATURE IN F: :PCPN: SNOW: WIND :SUNSHINE: SKY :PK WND
================================================================================
1 2 3 4 5 6A 6B 7 8 9 10 11 12 13 14 15 16 17 18
12Z AVG MX 2MIN
DY MAX MIN AVG DEP HDD CDD WTR SNW DPTH SPD SPD DIR MIN PSBL S-S WX SPD DR
================================================================================
1 80 53 67 1 0 2 0.00 0.0 M 3.5 16 100 M M 0 24 100
2 82 55 69 2 0 4 0.00 0.0 M 3.5 10 140 M M 2 17 140
3 72 66 69 2 0 4 1.70 0.0 M 3.8 22 60 M M 8 13 36 260
4 80 64 72 5 0 7 0.66 0.0 M 3.1 23 330 M M 8 123 40 360
5 79 61 70 3 0 5 0.00 0.0 M 6.9 14 270 M M 5 23 310
6 77 50 64 -4 1 0 0.00 0.0 M 5.1 13 300 M M 1 23 300
7 71 50 61 -7 4 0 0.00 0.0 M 7.9 21 310 M M 0 35 300
8 76 45 61 -7 4 0 0.00 0.0 M 3.8 17 300 M M 1 30 290
9 85 51 68 0 0 3 0.00 0.0 M 4.0 14 200 M M 0 25 240
10 79 63 71 2 0 6 0.47 0.0 M 5.7 14 300 M M 5 1 26 300
11 81 62 72 3 0 7 0.00 0.0 M 2.0 7 50 M M 8 10 250
12 69 49 59 -10 6 0 1.06 M M 9.4 23 60 M M 10 18 35 60
13 72 46 59 -11 6 0 0.00 0.0 M 4.6 13 80 M M 1 20 60
14 77 45 61 -9 4 0 0.00 0.0 M 2.5 12 110 M M 1 16 70
15 79 49 64 -6 1 0 0.00 0.0 M 1.6 8 330 M M 2 12 330
16 83 51 67 -3 0 2 0.00 0.0 M 1.6 9 240 M M 1 15 210
17 83 55 69 -2 0 4 0.00 0.0 M 2.4 8 160 M M 2 12 100
18 79 61 70 -1 0 5 0.00 0.0 M 7.2 16 80 M M 2 23 100
19 84 61 73 2 0 8 0.00 0.0 M 7.8 18 80 M M 2 24 120
20 84 59 72 0 0 7 0.00 0.0 M 5.8 16 90 M M 1 24 150
21 87 56 72 0 0 7 0.00 0.0 M 5.0 15 90 M M 0 22 100
22 87 58 73 1 0 8 0.00 0.0 M 1.7 9 80 M M 0 13 90
23 92 59 76 4 0 11 0.00 0.0 M 1.5 7 360 M M 1 12 140
24 95 64 80 7 0 15 0.00 0.0 M 2.1 8 140 M M 0 8 14 130
25 95 68 82 9 0 17 0.00 0.0 M 1.3 9 170 M M 0 18 15 150
26 93 67 80 7 0 15 0.00 0.0 M 4.0 13 290 M M 1 18 22 290
27 92 63 78 5 0 13 0.00 0.0 M 3.5 9 240 M M 2 19 290
28 92 69 81 7 0 16 0.16 0.0 M 4.4 14 360 M M 4 13 26 210
29 78 60 69 -5 0 4 0.00 0.0 M 7.5 16 310 M M 4 26 320
30 78 57 68 -6 0 3 0.00 0.0 M 3.7 10 70 M M 4 16 290
31 81 55 68 -6 0 3 0.00 0.0 M 4.1 9 70 M M 6 12 110
================================================================================
SM 2542 1772 26 176 4.05 0.0 131.0 M 82
================================================================================
AV 82.0 57.2 4.2 FASTST M M 3 MAX(MPH)
MISC ----> # 23 330 40 360
================================================================================
NOTES:
# LAST OF SEVERAL OCCURRENCES
COLUMN 17 PEAK WIND IN M.P.H.
PRELIMINARY LOCAL CLIMATOLOGICAL DATA (WS FORM: F-6) , PAGE 2
STATION: ATHENS
MONTH: MAY
YEAR: 2021
LATITUDE: 33 57 N
LONGITUDE: 83 19 W
[TEMPERATURE DATA] [PRECIPITATION DATA] SYMBOLS USED IN COLUMN 16
AVERAGE MONTHLY: 69.6 TOTAL FOR MONTH: 4.05 1 = FOG OR MIST
DPTR FM NORMAL: -0.9 DPTR FM NORMAL: 0.77 2 = FOG REDUCING VISIBILITY
HIGHEST: 95 ON 25,24 GRTST 24HR 1.70 ON 3- 3 TO 1/4 MILE OR LESS
LOWEST: 45 ON 14, 8 3 = THUNDER
SNOW, ICE PELLETS, HAIL 4 = ICE PELLETS
TOTAL MONTH: 0.0 INCH 5 = HAIL
GRTST 24HR 0.0 6 = FREEZING RAIN OR DRIZZLE
GRTST DEPTH: M ON M 7 = DUSTSTORM OR SANDSTORM:
VSBY 1/2 MILE OR LESS
8 = SMOKE OR HAZE
[NO. OF DAYS WITH] [WEATHER - DAYS WITH] 9 = BLOWING SNOW
X = TORNADO
MAX 32 OR BELOW: 0 0.01 INCH OR MORE: 5
MAX 90 OR ABOVE: 6 0.10 INCH OR MORE: 5
MIN 32 OR BELOW: 0 0.50 INCH OR MORE: 3
MIN 0 OR BELOW: 0 1.00 INCH OR MORE: 2
[HDD (BASE 65) ]
TOTAL THIS MO. 26 CLEAR (SCALE 0-3) 21
DPTR FM NORMAL 0 PTCLDY (SCALE 4-7) 9
TOTAL FM JUL 1 2198 CLOUDY (SCALE 8-10) 1
DPTR FM NORMAL -469
[CDD (BASE 65) ]
TOTAL THIS MO. 176
DPTR FM NORMAL -19 [PRESSURE DATA]
TOTAL FM JAN 1 248 HIGHEST SLP 30.45 ON 21
DPTR FM NORMAL -15 LOWEST SLP 29.73 ON 5
[REMARKS]
#FINAL-05-21#